000
CDUS43 KIWX 140534
CLISBN


CLIMATE REPORT
NATIONAL WEATHER SERVICE NORTHERN INDIANA
1233 AM EST SUN DEC 14 2014


...................................

...THE SOUTH BEND CLIMATE SUMMARY FOR DECEMBER 13 2014...

CLIMATE NORMAL PERIOD 1981 TO 2010
CLIMATE RECORD PERIOD 1893 TO 2014


WEATHER ITEM   OBSERVED TIME   RECORD YEAR NORMAL DEPARTURE LAST
                VALUE   (LST)  VALUE       VALUE  FROM      YEAR
                                                  NORMAL
..................................................................
TEMPERATURE (F)
 YESTERDAY
  MAXIMUM         49    353 PM  66    1975  36     13       31
  MINIMUM         33    153 AM  -8    1903  23     10       12
  AVERAGE         41                        29     12       22

PRECIPITATION (IN)
  YESTERDAY        0.00          1.73 1901   0.08  -0.08     0.04
  MONTH TO DATE    0.19                      1.16  -0.97     0.36
  SINCE DEC 1      0.19                      1.16  -0.97     0.36
  SINCE JAN 1     40.16                     36.55   3.61    38.38

SNOWFALL (IN)
  YESTERDAY        0.0           5.1  1942   0.5   -0.5       T
  MONTH TO DATE    T                         6.0   -6.0      1.9
  SINCE DEC 1      T                         6.0   -6.0      1.9
  SINCE JUL 1     19.3                      11.2    8.1     11.1
  SNOW DEPTH      MM

DEGREE DAYS
 HEATING
  YESTERDAY       24                        36    -12       43
  MONTH TO DATE  432                       437     -5      494
  SINCE DEC 1    432                       437     -5      494
  SINCE JUL 1   1874                      1706    168     1783

 COOLING
  YESTERDAY        0                         0      0        0
  MONTH TO DATE    0                         0      0        0
  SINCE DEC 1      0                         0      0        0
  SINCE JAN 1    771                       773     -2      828
..................................................................


WIND (MPH)
  HIGHEST WIND SPEED    15   HIGHEST WIND DIRECTION     W (270)
  HIGHEST GUST SPEED    18   HIGHEST GUST DIRECTION     W (260)
  AVERAGE WIND SPEED     7.8


SKY COVER
  AVERAGE SKY COVER 0.9


WEATHER CONDITIONS
 THE FOLLOWING WEATHER WAS RECORDED YESTERDAY.
  FOG
  HAZE


RELATIVE HUMIDITY (PERCENT)
 HIGHEST   100           400 AM
 LOWEST     76           200 PM
 AVERAGE    88

..........................................................


THE SOUTH BEND CLIMATE NORMALS FOR TODAY
                         NORMAL    RECORD    YEAR
 MAXIMUM TEMPERATURE (F)   35        67      1975
 MINIMUM TEMPERATURE (F)   23       -10      1903


SUNRISE AND SUNSET
DECEMBER 14 2014......SUNRISE   805 AM EST   SUNSET   515 PM EST
DECEMBER 15 2014......SUNRISE   805 AM EST   SUNSET   516 PM EST


-  INDICATES NEGATIVE NUMBERS.
R  INDICATES RECORD WAS SET OR TIED.
MM INDICATES DATA IS MISSING.
T  INDICATES TRACE AMOUNT.




$$
