000
CDUS43 KIWX 170524
CLISBN


CLIMATE REPORT
NATIONAL WEATHER SERVICE NORTHERN INDIANA
124 AM EDT THU AUG 17 2017


...................................

...THE SOUTH BEND CLIMATE SUMMARY FOR AUGUST 16 2017...

CLIMATE NORMAL PERIOD 1981 TO 2010
CLIMATE RECORD PERIOD 1893 TO 2017


WEATHER ITEM   OBSERVED TIME   RECORD YEAR NORMAL DEPARTURE LAST
                VALUE   (LST)  VALUE       VALUE  FROM      YEAR
                                                  NORMAL
..................................................................
TEMPERATURE (F)
 YESTERDAY
  MAXIMUM         88    427 PM  98    1988  81      7       82
  MINIMUM         60    541 AM  44    1929  62     -2       69
  AVERAGE         74                        72      2       76

PRECIPITATION (IN)
  YESTERDAY        0.00          1.80 1978   0.13  -0.13     0.80
  MONTH TO DATE    1.27                      1.99  -0.72    10.67
  SINCE JUN 1      7.44                      9.78  -2.34    17.16
  SINCE JAN 1     26.67                     23.50   3.17    32.27

DEGREE DAYS
 HEATING
  YESTERDAY        0                         0      0        0
  MONTH TO DATE    6                         0      6        0
  SINCE JUN 1     32                        49    -17       43
  SINCE JUL 1      7                         5      2        8

 COOLING
  YESTERDAY        9                         7      2       11
  MONTH TO DATE   62                       114    -52      177
  SINCE JUN 1    455                       532    -77      623
  SINCE JAN 1    495                       588    -93      692
..................................................................


WIND (MPH)
  HIGHEST WIND SPEED    15   HIGHEST WIND DIRECTION     S (170)
  HIGHEST GUST SPEED    20   HIGHEST GUST DIRECTION     S (190)
  AVERAGE WIND SPEED     6.4


SKY COVER
  AVERAGE SKY COVER 0.3


WEATHER CONDITIONS
 THE FOLLOWING WEATHER WAS RECORDED YESTERDAY.
  FOG


RELATIVE HUMIDITY (PERCENT)
 HIGHEST   100          1200 AM
 LOWEST     50           500 PM
 AVERAGE    75

..........................................................


THE SOUTH BEND CLIMATE NORMALS FOR TODAY
                         NORMAL    RECORD    YEAR
 MAXIMUM TEMPERATURE (F)   81        96      1988
                                             1908
 MINIMUM TEMPERATURE (F)   62        47      1981


SUNRISE AND SUNSET
AUGUST 17 2017........SUNRISE   656 AM EDT   SUNSET   842 PM EDT
AUGUST 18 2017........SUNRISE   657 AM EDT   SUNSET   840 PM EDT


-  INDICATES NEGATIVE NUMBERS.
R  INDICATES RECORD WAS SET OR TIED.
MM INDICATES DATA IS MISSING.
T  INDICATES TRACE AMOUNT.




$$
