000
CDUS43 KIWX 240522
CLISBN


CLIMATE REPORT
NATIONAL WEATHER SERVICE NORTHERN INDIANA
122 AM EDT SAT SEP 24 2016


...................................

...THE SOUTH BEND CLIMATE SUMMARY FOR SEPTEMBER 23 2016...

CLIMATE NORMAL PERIOD 1981 TO 2010
CLIMATE RECORD PERIOD 1893 TO 2016


WEATHER ITEM   OBSERVED TIME   RECORD YEAR NORMAL DEPARTURE LAST
                VALUE   (LST)  VALUE       VALUE  FROM      YEAR
                                                  NORMAL
..................................................................
TEMPERATURE (F)
 YESTERDAY
  MAXIMUM         78    347 PM  95    1922  71      7       79
  MINIMUM         63    642 AM  30    1896  51     12       51
  AVERAGE         71                        61     10       65

PRECIPITATION (IN)
  YESTERDAY        0.01          1.27 1946   0.12  -0.11     0.00
  MONTH TO DATE    3.06                      2.72   0.34     4.05
  SINCE SEP 1      3.06                      2.72   0.34     4.05
  SINCE JAN 1     37.47                     27.99   9.48    28.32

SNOWFALL (IN)
  YESTERDAY        0.0           0.0  2002   0.0    0.0      0.0
                                      2001
  MONTH TO DATE    0.0                       0.0    0.0      0.0
  SINCE SEP 1      0.0                       0.0    0.0      0.0
  SINCE JUL 1      0.0                       0.0    0.0      0.0
  SNOW DEPTH       0

DEGREE DAYS
 HEATING
  YESTERDAY        0                         6     -6        0
  MONTH TO DATE    4                        66    -62       51
  SINCE SEP 1      4                        66    -62       51
  SINCE JUL 1     12                        84    -72       76

 COOLING
  YESTERDAY        6                         1      5        0
  MONTH TO DATE  115                        73     42      124
  SINCE SEP 1    115                        73     42      124
  SINCE JAN 1    924                       755    169      769
..................................................................


WIND (MPH)
  HIGHEST WIND SPEED    13   HIGHEST WIND DIRECTION    NE (40)
  HIGHEST GUST SPEED    17   HIGHEST GUST DIRECTION    NE (30)
  AVERAGE WIND SPEED     4.5


SKY COVER
  AVERAGE SKY COVER 0.4


WEATHER CONDITIONS
 THE FOLLOWING WEATHER WAS RECORDED YESTERDAY.
  LIGHT RAIN
  FOG


RELATIVE HUMIDITY (PERCENT)
 HIGHEST    93           400 AM
 LOWEST     73          1100 AM
 AVERAGE    83

..........................................................


THE SOUTH BEND CLIMATE NORMALS FOR TODAY
                         NORMAL    RECORD    YEAR
 MAXIMUM TEMPERATURE (F)   71        94      1922
 MINIMUM TEMPERATURE (F)   50        30      1928


SUNRISE AND SUNSET
SEPTEMBER 24 2016.....SUNRISE   735 AM EDT   SUNSET   738 PM EDT
SEPTEMBER 25 2016.....SUNRISE   736 AM EDT   SUNSET   736 PM EDT


-  INDICATES NEGATIVE NUMBERS.
R  INDICATES RECORD WAS SET OR TIED.
MM INDICATES DATA IS MISSING.
T  INDICATES TRACE AMOUNT.




$$
