000
CDUS43 KIWX 010522
CLISBN


CLIMATE REPORT
NATIONAL WEATHER SERVICE NORTHERN INDIANA
1221 AM EST THU DEC 1 2016


...................................

...THE SOUTH BEND CLIMATE SUMMARY FOR NOVEMBER 30 2016...

CLIMATE NORMAL PERIOD 1981 TO 2010
CLIMATE RECORD PERIOD 1893 TO 2016


WEATHER ITEM   OBSERVED TIME   RECORD YEAR NORMAL DEPARTURE LAST
                VALUE   (LST)  VALUE       VALUE  FROM      YEAR
                                                  NORMAL
..................................................................
TEMPERATURE (F)
 YESTERDAY
  MAXIMUM         47   1209 AM  68    1933  41      6       48
  MINIMUM         34    850 PM  -4    1929  28      6       30
  AVERAGE         41                        34      7       39

PRECIPITATION (IN)
  YESTERDAY        T             1.45 1908   0.11  -0.11     0.00
  MONTH TO DATE    2.98                      3.27  -0.29     2.38
  SINCE SEP 1     10.20                     10.12   0.08     7.91
  SINCE JAN 1     44.61                     35.39   9.22    32.18

SNOWFALL (IN)
  YESTERDAY        0.0           5.0  1963   0.3   -0.3      0.0
  MONTH TO DATE    0.5                       4.8   -4.3      9.1
  SINCE SEP 1      0.5                       5.2   -4.7      9.1
  SINCE JUL 1      0.5                       5.2   -4.7      9.1
  SNOW DEPTH       0

DEGREE DAYS
 HEATING
  YESTERDAY       24                        31     -7       26
  MONTH TO DATE  569                       728   -159      608
  SINCE SEP 1    893                      1251   -358     1042
  SINCE JUL 1    901                      1269   -368     1067

 COOLING
  YESTERDAY        0                         0      0        0
  MONTH TO DATE    1                         0      1        0
  SINCE SEP 1    141                        91     50      139
  SINCE JAN 1    950                       773    177      784
..................................................................


WIND (MPH)
  HIGHEST WIND SPEED    21   HIGHEST WIND DIRECTION     W (250)
  HIGHEST GUST SPEED    25   HIGHEST GUST DIRECTION     W (250)
  AVERAGE WIND SPEED    11.0


SKY COVER
  AVERAGE SKY COVER 0.5


WEATHER CONDITIONS
 THE FOLLOWING WEATHER WAS RECORDED YESTERDAY.
  LIGHT RAIN
  FOG


RELATIVE HUMIDITY (PERCENT)
 HIGHEST   100           500 AM
 LOWEST     58          1200 PM
 AVERAGE    79

..........................................................


THE SOUTH BEND CLIMATE NORMALS FOR TODAY
                         NORMAL    RECORD    YEAR
 MAXIMUM TEMPERATURE (F)   40        67      1970
 MINIMUM TEMPERATURE (F)   27         3      1893


SUNRISE AND SUNSET
DECEMBER  1 2016......SUNRISE   753 AM EST   SUNSET   516 PM EST
DECEMBER  2 2016......SUNRISE   754 AM EST   SUNSET   515 PM EST


-  INDICATES NEGATIVE NUMBERS.
R  INDICATES RECORD WAS SET OR TIED.
MM INDICATES DATA IS MISSING.
T  INDICATES TRACE AMOUNT.




$$
