000
CDUS43 KIWX 160540
CLISBN


CLIMATE REPORT
NATIONAL WEATHER SERVICE NORTHERN INDIANA
139 AM EDT TUE SEP 16 2014


...................................

...THE SOUTH BEND CLIMATE SUMMARY FOR SEPTEMBER 15 2014...

CLIMATE NORMAL PERIOD 1981 TO 2010
CLIMATE RECORD PERIOD 1893 TO 2014


WEATHER ITEM   OBSERVED TIME   RECORD YEAR NORMAL DEPARTURE LAST
                VALUE   (LST)  VALUE       VALUE  FROM      YEAR
                                                  NORMAL
..................................................................
TEMPERATURE (F)
 YESTERDAY
  MAXIMUM         60    229 PM  96    1897  75    -15       64
  MINIMUM         46    333 AM  38    1953  54     -8       49
  AVERAGE         53                        64    -11       57

PRECIPITATION (IN)
  YESTERDAY        0.07          2.27 1912   0.12  -0.05     0.02
  MONTH TO DATE    2.35                      1.76   0.59     0.28
  SINCE SEP 1      2.35                      1.76   0.59     0.28
  SINCE JAN 1     30.56                     27.03   3.53    27.20

DEGREE DAYS
 HEATING
  YESTERDAY       12                         3      9        8
  MONTH TO DATE   57                        29     28       27
  SINCE SEP 1     57                        29     28       27
  SINCE JUL 1     85                        47     38       56

 COOLING
  YESTERDAY        0                         3     -3        0
  MONTH TO DATE   64                        58      6      103
  SINCE SEP 1     64                        58      6      103
  SINCE JAN 1    757                       740     17      783
..................................................................


WIND (MPH)
  HIGHEST WIND SPEED    14   HIGHEST WIND DIRECTION    SW (220)
  HIGHEST GUST SPEED    18   HIGHEST GUST DIRECTION    SW (220)
  AVERAGE WIND SPEED     4.9


SKY COVER
  AVERAGE SKY COVER 0.6


WEATHER CONDITIONS
 THE FOLLOWING WEATHER WAS RECORDED YESTERDAY.
  LIGHT RAIN
  FOG


RELATIVE HUMIDITY (PERCENT)
 HIGHEST    93           200 AM
 LOWEST     69           200 PM
 AVERAGE    81

..........................................................


THE SOUTH BEND CLIMATE NORMALS FOR TODAY
                         NORMAL    RECORD    YEAR
 MAXIMUM TEMPERATURE (F)   74        93      1927
 MINIMUM TEMPERATURE (F)   54        34      1916


SUNRISE AND SUNSET
SEPTEMBER 16 2014.....SUNRISE   726 AM EDT   SUNSET   753 PM EDT
SEPTEMBER 17 2014.....SUNRISE   727 AM EDT   SUNSET   751 PM EDT


-  INDICATES NEGATIVE NUMBERS.
R  INDICATES RECORD WAS SET OR TIED.
MM INDICATES DATA IS MISSING.
T  INDICATES TRACE AMOUNT.




$$
