000
CDUS43 KIWX 030020
CLISBN


CLIMATE REPORT
NATIONAL WEATHER SERVICE NORTHERN INDIANA
820 PM EDT TUE SEP 2 2014


...................................

...THE SOUTH BEND CLIMATE SUMMARY FOR SEPTEMBER 2 2014...
VALID AS OF 0800 PM LOCAL TIME.

CLIMATE NORMAL PERIOD 1981 TO 2010
CLIMATE RECORD PERIOD 1893 TO 2014


WEATHER ITEM   OBSERVED TIME   RECORD YEAR NORMAL DEPARTURE LAST
                VALUE   (LST)  VALUE       VALUE  FROM      YEAR
                                                  NORMAL
..................................................................
TEMPERATURE (F)
 TODAY
  MAXIMUM         82    349 PM  99    1929  79      3       79
                                      1913
  MINIMUM         69    639 AM  41    1909  59     10       60
  AVERAGE         76                        69      7       70

PRECIPITATION (IN)
  TODAY            T             2.48 1993   0.12  -0.12     0.05
  MONTH TO DATE    0.03                      0.24  -0.21     0.05
  SINCE SEP 1      0.03                      0.24  -0.21     0.05
  SINCE JAN 1     28.24                     25.51   2.73    26.97

DEGREE DAYS
 HEATING
  TODAY            0                         1     -1        0
  MONTH TO DATE    0                         2     -2        0
  SINCE SEP 1      0                         2     -2        0
  SINCE JUL 1     28                        20      8       29

 COOLING
  TODAY           11                         5      6        5
  MONTH TO DATE   24                        10     14       16
  SINCE SEP 1     24                        10     14       16
  SINCE JAN 1    717                       692     25      696
..................................................................


WIND (MPH)
  RESULTANT WIND SPEED   6   RESULTANT WIND DIRECTION   W (250)
  HIGHEST WIND SPEED    15   HIGHEST WIND DIRECTION    NW (310)
  HIGHEST GUST SPEED    19   HIGHEST GUST DIRECTION    NW (320)
  AVERAGE WIND SPEED     8.6


SKY COVER
  POSSIBLE SUNSHINE  MM
  AVERAGE SKY COVER 0.5


WEATHER CONDITIONS
 THE FOLLOWING WEATHER WAS RECORDED TODAY.
  LIGHT RAIN


RELATIVE HUMIDITY (PERCENT)
 HIGHEST    90           400 AM
 LOWEST     39           400 PM
 AVERAGE    65

..........................................................


THE SOUTH BEND CLIMATE NORMALS FOR TOMORROW
                         NORMAL    RECORD    YEAR
 MAXIMUM TEMPERATURE (F)   79        96      1913
 MINIMUM TEMPERATURE (F)   59        39      1908


SUNRISE AND SUNSET
SEPTEMBER  2 2014.....SUNRISE   712 AM EDT   SUNSET   817 PM EDT
SEPTEMBER  3 2014.....SUNRISE   713 AM EDT   SUNSET   815 PM EDT


-  INDICATES NEGATIVE NUMBERS.
R  INDICATES RECORD WAS SET OR TIED.
MM INDICATES DATA IS MISSING.
T  INDICATES TRACE AMOUNT.




$$
