000
CDUS43 KIWX 302050
CLISBN


CLIMATE REPORT
NATIONAL WEATHER SERVICE NORTHERN INDIANA
450 PM EDT SUN APR 30 2017


...................................

...THE SOUTH BEND CLIMATE SUMMARY FOR APRIL 30 2017...
VALID TODAY AS OF 0400 PM LOCAL TIME.

CLIMATE NORMAL PERIOD 1981 TO 2010
CLIMATE RECORD PERIOD 1893 TO 2017


WEATHER ITEM   OBSERVED TIME   RECORD YEAR NORMAL DEPARTURE LAST
                VALUE   (LST)  VALUE       VALUE  FROM      YEAR
                                                  NORMAL
..................................................................
TEMPERATURE (F)
 TODAY
  MAXIMUM         68    208 PM  91    1942  65      3       48
  MINIMUM         43    525 AM  26    1931  44     -1       44
  AVERAGE         56                        54      2       46

PRECIPITATION (IN)
  TODAY            0.43          1.97 1907   0.11   0.32     0.63
  MONTH TO DATE    2.93                      3.23  -0.30     4.67
  SINCE MAR 1      7.16                      5.65   1.51     8.84
  SINCE JAN 1     14.15                      9.89   4.26    12.62

SNOWFALL (IN)
  TODAY           MM             0.5  1963   0.0   MM        0.0
  MONTH TO DATE    0.6                       1.4   -0.8      4.1
  SINCE MAR 1      8.5                       8.5    0.0     10.9
  SINCE JUL 1     42.2                      66.6  -24.4     70.2

DEGREE DAYS
 HEATING
  TODAY            9                        11     -2       19
  MONTH TO DATE  390                       489    -99      524
  SINCE MAR 1   1252                      1342    -90     1214
  SINCE JUL 1   5229                      6031   -802     5344

 COOLING
  TODAY            0                         0      0        0
  MONTH TO DATE   11                         9      2        4
  SINCE MAR 1     11                        10      1        4
  SINCE JAN 1     11                        10      1        4
..................................................................


WIND (MPH)
  HIGHEST WIND SPEED    21   HIGHEST WIND DIRECTION    SE (120)
  HIGHEST GUST SPEED    27   HIGHEST GUST DIRECTION     S (200)
  AVERAGE WIND SPEED    12.7


SKY COVER
  POSSIBLE SUNSHINE  MM
  AVERAGE SKY COVER 0.8


WEATHER CONDITIONS
 THE FOLLOWING WEATHER WAS RECORDED TODAY.
  HEAVY RAIN
  RAIN
  LIGHT RAIN
  FOG


RELATIVE HUMIDITY (PERCENT)
 HIGHEST   100           500 AM
 LOWEST     81           200 PM
 AVERAGE    91

..........................................................


THE SOUTH BEND CLIMATE NORMALS FOR TOMORROW
                         NORMAL    RECORD    YEAR
 MAXIMUM TEMPERATURE (F)   65        88      1942
 MINIMUM TEMPERATURE (F)   44        26      1943


SUNRISE AND SUNSET
APRIL 30 2017.........SUNRISE   643 AM EDT   SUNSET   843 PM EDT
MAY  1 2017...........SUNRISE   642 AM EDT   SUNSET   844 PM EDT


-  INDICATES NEGATIVE NUMBERS.
R  INDICATES RECORD WAS SET OR TIED.
MM INDICATES DATA IS MISSING.
T  INDICATES TRACE AMOUNT.




$$
