000
CDUS43 KIWX 290020
CLISBN


CLIMATE REPORT
NATIONAL WEATHER SERVICE NORTHERN INDIANA
820 PM EDT FRI AUG 28 2015


...................................

...THE SOUTH BEND CLIMATE SUMMARY FOR AUGUST 28 2015...
VALID AS OF 0800 PM LOCAL TIME.

CLIMATE NORMAL PERIOD 1981 TO 2010
CLIMATE RECORD PERIOD 1893 TO 2015


WEATHER ITEM   OBSERVED TIME   RECORD YEAR NORMAL DEPARTURE LAST
                VALUE   (LST)  VALUE       VALUE  FROM      YEAR
                                                  NORMAL
..................................................................
TEMPERATURE (F)
 TODAY
  MAXIMUM         77    151 PM  96    1973  80     -3       80
  MINIMUM         54    630 AM  42    1986  60     -6       58
  AVERAGE         66                        70     -4       69

PRECIPITATION (IN)
  TODAY            T             2.14 1977   0.12  -0.12     0.00
  MONTH TO DATE    2.12                      3.39  -1.27     1.68
  SINCE JUN 1     10.98                     11.18  -0.20    12.61
  SINCE JAN 1     24.07                     24.90  -0.83    27.69

SNOWFALL (IN)
  TODAY            0.0           0.0  2002   0.0    0.0      0.0
                                      2001
  MONTH TO DATE    0.0                       0.0    0.0      0.0
  SINCE JUN 1      0.0                       0.0    0.0      0.0
  SINCE JUL 1      0.0                       0.0    0.0      0.0
  SNOW DEPTH       0

DEGREE DAYS
 HEATING
  TODAY            0                         1     -1        0
  MONTH TO DATE   15                         5     10       10
  SINCE JUN 1     44                        54    -10       45
  SINCE JUL 1     25                        10     15       28

 COOLING
  TODAY            1                         6     -5        4
  MONTH TO DATE  181                       190     -9      218
  SINCE JUN 1    546                       608    -62      574
  SINCE JAN 1    632                       664    -32      659
..................................................................


WIND (MPH)
  RESULTANT WIND SPEED   3   RESULTANT WIND DIRECTION   S (190)
  HIGHEST WIND SPEED    12   HIGHEST WIND DIRECTION     W (250)
  HIGHEST GUST SPEED    15   HIGHEST GUST DIRECTION    SW (220)
  AVERAGE WIND SPEED     5.0


SKY COVER
  POSSIBLE SUNSHINE  MM
  AVERAGE SKY COVER 0.0


WEATHER CONDITIONS
 THE FOLLOWING WEATHER WAS RECORDED TODAY.
  LIGHT RAIN
  FOG


RELATIVE HUMIDITY (PERCENT)
 HIGHEST    93           100 AM
 LOWEST     58           200 PM
 AVERAGE    76

..........................................................


THE SOUTH BEND CLIMATE NORMALS FOR TOMORROW
                         NORMAL    RECORD    YEAR
 MAXIMUM TEMPERATURE (F)   80        95      1953
                                             1925
 MINIMUM TEMPERATURE (F)   60        40      1965


SUNRISE AND SUNSET
AUGUST 28 2015........SUNRISE   707 AM EDT   SUNSET   825 PM EDT
AUGUST 29 2015........SUNRISE   708 AM EDT   SUNSET   824 PM EDT


-  INDICATES NEGATIVE NUMBERS.
R  INDICATES RECORD WAS SET OR TIED.
MM INDICATES DATA IS MISSING.
T  INDICATES TRACE AMOUNT.




$$
