000
CDUS43 KIWX 300028
CLISBN


CLIMATE REPORT
NATIONAL WEATHER SERVICE NORTHERN INDIANA
727 PM EST TUE NOV 29 2016


...................................

...THE SOUTH BEND CLIMATE SUMMARY FOR NOVEMBER 29 2016...
VALID AS OF 0700 PM LOCAL TIME.

CLIMATE NORMAL PERIOD 1981 TO 2010
CLIMATE RECORD PERIOD 1893 TO 2016


WEATHER ITEM   OBSERVED TIME   RECORD YEAR NORMAL DEPARTURE LAST
                VALUE   (LST)  VALUE       VALUE  FROM      YEAR
                                                  NORMAL
..................................................................
TEMPERATURE (F)
 TODAY
  MAXIMUM         57    331 PM  74    1905  41     16       39
  MINIMUM         44    804 AM   4    1929  28     16       24
  AVERAGE         51                        35     16       32

PRECIPITATION (IN)
  TODAY            0.07          1.54 1919   0.10  -0.03     0.00
  MONTH TO DATE    2.98                      3.16  -0.18     2.38
  SINCE SEP 1     10.20                     10.01   0.19     7.91
  SINCE JAN 1     44.61                     35.28   9.33    32.18

SNOWFALL (IN)
  TODAY            0.0           5.9  1942   0.3   -0.3      0.0
  MONTH TO DATE    0.5                       4.5   -4.0      9.1
  SINCE SEP 1      0.5                       4.9   -4.4      9.1
  SINCE JUL 1      0.5                       4.9   -4.4      9.1
  SNOW DEPTH       0

DEGREE DAYS
 HEATING
  TODAY          MMM                        30    MMM       33
  MONTH TO DATE  MMM                       697    MMM      582
  SINCE SEP 1    MMM                      1220    MMM     1016
  SINCE JUL 1    MMM                      1238   M MM     1041

 COOLING
  TODAY          MMM                         0    MMM        0
  MONTH TO DATE  MMM                         0    MMM        0
  SINCE SEP 1    MMM                        91    MMM      139
  SINCE JAN 1    MMM                       773    MMM      784
..................................................................


WIND (MPH)
  RESULTANT WIND SPEED  14   RESULTANT WIND DIRECTION   S (200)
  HIGHEST WIND SPEED    28   HIGHEST WIND DIRECTION    SW (220)
  HIGHEST GUST SPEED    35   HIGHEST GUST DIRECTION     S (200)
  AVERAGE WIND SPEED    14.6


SKY COVER
  POSSIBLE SUNSHINE  MM
  AVERAGE SKY COVER 0.4


WEATHER CONDITIONS
 THE FOLLOWING WEATHER WAS RECORDED TODAY.
  LIGHT RAIN
  FOG


RELATIVE HUMIDITY (PERCENT)
 HIGHEST    96          1200 AM
 LOWEST     57           200 PM
 AVERAGE    77

..........................................................


THE SOUTH BEND CLIMATE NORMALS FOR TOMORROW
                         NORMAL    RECORD    YEAR
 MAXIMUM TEMPERATURE (F)   41        68      1933
 MINIMUM TEMPERATURE (F)   28        -4      1929


SUNRISE AND SUNSET
NOVEMBER 29 2016......SUNRISE   751 AM EST   SUNSET   516 PM EST
NOVEMBER 30 2016......SUNRISE   752 AM EST   SUNSET   516 PM EST


-  INDICATES NEGATIVE NUMBERS.
R  INDICATES RECORD WAS SET OR TIED.
MM INDICATES DATA IS MISSING.
T  INDICATES TRACE AMOUNT.




$$
