000
CDUS43 KIWX 300524
CLISBN


CLIMATE REPORT
NATIONAL WEATHER SERVICE NORTHERN INDIANA
123 AM EDT THU JUL 30 2015


...................................

...THE SOUTH BEND CLIMATE SUMMARY FOR JULY 29 2015...

CLIMATE NORMAL PERIOD 1981 TO 2010
CLIMATE RECORD PERIOD 1893 TO 2015


WEATHER ITEM   OBSERVED TIME   RECORD YEAR NORMAL DEPARTURE LAST
                VALUE   (LST)  VALUE       VALUE  FROM      YEAR
                                                  NORMAL
..................................................................
TEMPERATURE (F)
 YESTERDAY
  MAXIMUM         85    520 PM 102    1916  82      3       76
  MINIMUM         67   1156 PM  46    1928  63      4       50
  AVERAGE         76                        72      4       63

PRECIPITATION (IN)
  YESTERDAY        0.00          2.25 1906   0.13  -0.13     0.00
  MONTH TO DATE    4.79                      3.74   1.05     1.75
  SINCE JUN 1      8.86                      7.53   1.33    10.89
  SINCE JAN 1     21.95                     21.25   0.70    25.97

SNOWFALL (IN)
  YESTERDAY        0.0           0.0  2002   0.0    0.0      0.0
                                      2001
  MONTH TO DATE    0.0                       0.0    0.0      0.0
  SINCE JUN 1      0.0                       0.0    0.0      0.0
  SINCE JUL 1      0.0                       0.0    0.0      0.0
  SNOW DEPTH       0

DEGREE DAYS
 HEATING
  YESTERDAY        0                         0      0        2
  MONTH TO DATE   10                         0     10       18
  SINCE JUN 1     29                        44    -15       35
  SINCE JUL 1     10                         0     10       18

 COOLING
  YESTERDAY       11                         8      3        0
  MONTH TO DATE  189                       232    -43      133
  SINCE JUN 1    346                       397    -51      349
  SINCE JAN 1    432                       453    -21      434
..................................................................


WIND (MPH)
  HIGHEST WIND SPEED    18   HIGHEST WIND DIRECTION    NW (310)
  HIGHEST GUST SPEED    22   HIGHEST GUST DIRECTION    NW (300)
  AVERAGE WIND SPEED     7.2


SKY COVER
  AVERAGE SKY COVER 0.2


WEATHER CONDITIONS
 THE FOLLOWING WEATHER WAS RECORDED YESTERDAY.
  NO SIGNIFICANT WEATHER WAS OBSERVED.


RELATIVE HUMIDITY (PERCENT)
 HIGHEST    87           500 AM
 LOWEST     43           400 PM
 AVERAGE    65

..........................................................


THE SOUTH BEND CLIMATE NORMALS FOR TODAY
                         NORMAL    RECORD    YEAR
 MAXIMUM TEMPERATURE (F)   82       102      1999
 MINIMUM TEMPERATURE (F)   63        45      1936


SUNRISE AND SUNSET
JULY 30 2015..........SUNRISE   637 AM EDT   SUNSET   906 PM EDT
JULY 31 2015..........SUNRISE   638 AM EDT   SUNSET   904 PM EDT


-  INDICATES NEGATIVE NUMBERS.
R  INDICATES RECORD WAS SET OR TIED.
MM INDICATES DATA IS MISSING.
T  INDICATES TRACE AMOUNT.




$$
