000
CDUS43 KIWX 210525
CLISBN


CLIMATE REPORT
NATIONAL WEATHER SERVICE NORTHERN INDIANA
125 AM EDT SUN MAY 21 2017


...................................

...THE SOUTH BEND CLIMATE SUMMARY FOR MAY 20 2017...

CLIMATE NORMAL PERIOD 1981 TO 2010
CLIMATE RECORD PERIOD 1893 TO 2017


WEATHER ITEM   OBSERVED TIME   RECORD YEAR NORMAL DEPARTURE LAST
                VALUE   (LST)  VALUE       VALUE  FROM      YEAR
                                                  NORMAL
..................................................................
TEMPERATURE (F)
 YESTERDAY
  MAXIMUM         64    551 PM  93    1934  71     -7       69
  MINIMUM         49    628 AM  30    1895  50     -1       44
  AVERAGE         57                        60     -3       57

PRECIPITATION (IN)
  YESTERDAY        0.85          1.51 1933   0.13   0.72     0.00
  MONTH TO DATE    3.96                      2.40   1.56     2.39
  SINCE MAR 1     11.28                      8.05   3.23    11.23
  SINCE JAN 1     18.27                     12.29   5.98    15.01

SNOWFALL (IN)
  YESTERDAY        0.0           0.0  2002   0.0    0.0      0.0
                                      2001
  MONTH TO DATE    0.0                       0.0    0.0      0.0
  SINCE MAR 1      8.5                       8.5    0.0     10.9
  SINCE JUL 1     42.2                      66.6  -24.4     70.2
  SNOW DEPTH       0

DEGREE DAYS
 HEATING
  YESTERDAY        8                         6      2        8
  MONTH TO DATE  229                       170     59      247
  SINCE MAR 1   1481                      1512    -31     1461
  SINCE JUL 1   5458                      6201   -743     5591

 COOLING
  YESTERDAY        0                         2     -2        0
  MONTH TO DATE   25                        22      3        0
  SINCE MAR 1     36                        32      4        4
  SINCE JAN 1     36                        32      4        4
..................................................................


WIND (MPH)
  HIGHEST WIND SPEED    25   HIGHEST WIND DIRECTION    SE (120)
  HIGHEST GUST SPEED    30   HIGHEST GUST DIRECTION     E (100)
  AVERAGE WIND SPEED    12.2


SKY COVER
  AVERAGE SKY COVER 1.0


WEATHER CONDITIONS
 THE FOLLOWING WEATHER WAS RECORDED YESTERDAY.
  THUNDERSTORM
  HEAVY RAIN
  RAIN
  LIGHT RAIN
  FOG
  HAZE


RELATIVE HUMIDITY (PERCENT)
 HIGHEST   100           100 PM
 LOWEST     72           900 AM
 AVERAGE    86

..........................................................


THE SOUTH BEND CLIMATE NORMALS FOR TODAY
                         NORMAL    RECORD    YEAR
 MAXIMUM TEMPERATURE (F)   72        93      1934
 MINIMUM TEMPERATURE (F)   50        30      2002
                                             1895


SUNRISE AND SUNSET
MAY 21 2017...........SUNRISE   620 AM EDT   SUNSET   904 PM EDT
MAY 22 2017...........SUNRISE   619 AM EDT   SUNSET   905 PM EDT


-  INDICATES NEGATIVE NUMBERS.
R  INDICATES RECORD WAS SET OR TIED.
MM INDICATES DATA IS MISSING.
T  INDICATES TRACE AMOUNT.




$$
