000
CDUS43 KIWX 150525
CLISBN


CLIMATE REPORT
NATIONAL WEATHER SERVICE NORTHERN INDIANA
123 AM EDT FRI SEP 15 2017


...................................

...THE SOUTH BEND CLIMATE SUMMARY FOR SEPTEMBER 14 2017...

CLIMATE NORMAL PERIOD 1981 TO 2010
CLIMATE RECORD PERIOD 1893 TO 2017


WEATHER ITEM   OBSERVED TIME   RECORD YEAR NORMAL DEPARTURE LAST
                VALUE   (LST)  VALUE       VALUE  FROM      YEAR
                                                  NORMAL
..................................................................
TEMPERATURE (F)
 YESTERDAY
  MAXIMUM         77    439 PM  98    1897  75      2       72
  MINIMUM         53    333 AM  36    1899  55     -2       60
  AVERAGE         65                        65      0       66

PRECIPITATION (IN)
  YESTERDAY        0.00          4.07 2008   0.11  -0.11      T
  MONTH TO DATE    1.11                      1.64  -0.53     1.16
  SINCE SEP 1      1.11                      1.64  -0.53     1.16
  SINCE JAN 1     28.70                     26.91   1.79    35.57

DEGREE DAYS
 HEATING
  YESTERDAY        0                         3     -3        0
  MONTH TO DATE   67                        26     41        4
  SINCE SEP 1     67                        26     41        4
  SINCE JUL 1     88                        44     44       12

 COOLING
  YESTERDAY        0                         3     -3        1
  MONTH TO DATE    7                        55    -48       70
  SINCE SEP 1      7                        55    -48       70
  SINCE JAN 1    559                       737   -178      879
..................................................................


WIND (MPH)
  HIGHEST WIND SPEED     9   HIGHEST WIND DIRECTION    SW (240)
  HIGHEST GUST SPEED    12   HIGHEST GUST DIRECTION     S (200)
  AVERAGE WIND SPEED     2.3


SKY COVER
  AVERAGE SKY COVER 0.6


WEATHER CONDITIONS
 THE FOLLOWING WEATHER WAS RECORDED YESTERDAY.
  FOG
  FOG W/VISIBILITY <= 1/4 MILE


RELATIVE HUMIDITY (PERCENT)
 HIGHEST   100          1200 AM
 LOWEST     56           300 PM
 AVERAGE    78

..........................................................


THE SOUTH BEND CLIMATE NORMALS FOR TODAY
                         NORMAL    RECORD    YEAR
 MAXIMUM TEMPERATURE (F)   75        96      1897
 MINIMUM TEMPERATURE (F)   54        38      1953


SUNRISE AND SUNSET
SEPTEMBER 15 2017.....SUNRISE   726 AM EDT   SUNSET   754 PM EDT
SEPTEMBER 16 2017.....SUNRISE   727 AM EDT   SUNSET   752 PM EDT


-  INDICATES NEGATIVE NUMBERS.
R  INDICATES RECORD WAS SET OR TIED.
MM INDICATES DATA IS MISSING.
T  INDICATES TRACE AMOUNT.




$$
