000
CDUS43 KIWX 260524
CLISBN


CLIMATE REPORT
NATIONAL WEATHER SERVICE NORTHERN INDIANA
123 AM EDT TUE AUG 26 2014


...................................

...THE SOUTH BEND CLIMATE SUMMARY FOR AUGUST 25 2014...

CLIMATE NORMAL PERIOD 1981 TO 2010
CLIMATE RECORD PERIOD 1893 TO 2014


WEATHER ITEM   OBSERVED TIME   RECORD YEAR NORMAL DEPARTURE LAST
                VALUE   (LST)  VALUE       VALUE  FROM      YEAR
                                                  NORMAL
..................................................................
TEMPERATURE (F)
 YESTERDAY
  MAXIMUM         91    231 PM  97    1948  80     11       87
  MINIMUM         71   1159 PM  42    1956  61     10       60
  AVERAGE         81                        70     11       74

PRECIPITATION (IN)
  YESTERDAY        0.22          3.40 1905   0.12   0.10     0.00
  MONTH TO DATE    1.62                      3.04  -1.42     2.99
  SINCE JUN 1     12.55                     10.83   1.72     9.58
  SINCE JAN 1     27.63                     24.55   3.08    26.88

DEGREE DAYS
 HEATING
  YESTERDAY        0                         1     -1        0
  MONTH TO DATE   10                         2      8       15
  SINCE JUN 1     45                        51     -6       66
  SINCE JUL 1     28                         7     21       29

 COOLING
  YESTERDAY       16                         6     10        9
  MONTH TO DATE  199                       172     27      114
  SINCE JUN 1    555                       590    -35      508
  SINCE JAN 1    640                       646     -6      604
..................................................................


WIND (MPH)
  HIGHEST WIND SPEED    23   HIGHEST WIND DIRECTION    NW (330)
  HIGHEST GUST SPEED    29   HIGHEST GUST DIRECTION    NW (320)
  AVERAGE WIND SPEED     6.3


SKY COVER
  AVERAGE SKY COVER 0.3


WEATHER CONDITIONS
 THE FOLLOWING WEATHER WAS RECORDED YESTERDAY.
  THUNDERSTORM
  HEAVY RAIN
  LIGHT RAIN
  FOG
  HAZE


RELATIVE HUMIDITY (PERCENT)
 HIGHEST    93           600 AM
 LOWEST     59           200 PM
 AVERAGE    76

..........................................................


THE SOUTH BEND CLIMATE NORMALS FOR TODAY
                         NORMAL    RECORD    YEAR
 MAXIMUM TEMPERATURE (F)   80        97      1948
 MINIMUM TEMPERATURE (F)   61        43      1945


SUNRISE AND SUNSET
AUGUST 26 2014........SUNRISE   705 AM EDT   SUNSET   828 PM EDT
AUGUST 27 2014........SUNRISE   706 AM EDT   SUNSET   827 PM EDT


-  INDICATES NEGATIVE NUMBERS.
R  INDICATES RECORD WAS SET OR TIED.
MM INDICATES DATA IS MISSING.
T  INDICATES TRACE AMOUNT.




$$
