000
CDUS43 KIWX 090022
CLISBN


CLIMATE REPORT
NATIONAL WEATHER SERVICE NORTHERN INDIANA
822 PM EDT TUE APR 8 2014


...................................

...THE SOUTH BEND CLIMATE SUMMARY FOR APRIL 8 2014...
VALID AS OF 0800 PM LOCAL TIME.

CLIMATE NORMAL PERIOD 1981 TO 2010
CLIMATE RECORD PERIOD 1893 TO 2014


WEATHER ITEM   OBSERVED TIME   RECORD YEAR NORMAL DEPARTURE LAST
                VALUE   (LST)  VALUE       VALUE  FROM      YEAR
                                                  NORMAL
..................................................................
TEMPERATURE (F)
 TODAY
  MAXIMUM         55    338 PM  79    1931  57     -2       68
  MINIMUM         32    538 AM  11    1972  36     -4       42
  AVERAGE         44                        46     -2       55

PRECIPITATION (IN)
  TODAY            T             1.30 1929   0.11  -0.11     0.13
  MONTH TO DATE    1.26                      0.80   0.46     0.15
  SINCE MAR 1      2.95                      3.22  -0.27     1.41
  SINCE JAN 1      8.89                      7.46   1.43     8.90

DEGREE DAYS
 HEATING
  TODAY           21                        19      2       10
  MONTH TO DATE  173                       162     11      188
  SINCE MAR 1   1249                      1017    232     1202
  SINCE JUL 1   6432                      5706    726     5599

 COOLING
  TODAY            0                         0      0        0
  MONTH TO DATE    0                         0      0        0
  SINCE MAR 1      0                         1     -1        0
  SINCE JAN 1      0                         1     -1        0
..................................................................


WIND (MPH)
  RESULTANT WIND SPEED   8   RESULTANT WIND DIRECTION  NW (320)
  HIGHEST WIND SPEED    20   HIGHEST WIND DIRECTION     N (350)
  HIGHEST GUST SPEED    23   HIGHEST GUST DIRECTION     N (350)
  AVERAGE WIND SPEED     9.3


SKY COVER
  POSSIBLE SUNSHINE  MM
  AVERAGE SKY COVER 0.4


WEATHER CONDITIONS
 THE FOLLOWING WEATHER WAS RECORDED TODAY.
  FOG
  HAZE


RELATIVE HUMIDITY (PERCENT)
 HIGHEST    89           700 AM
 LOWEST     43           200 PM
 AVERAGE    66

..........................................................


THE SOUTH BEND CLIMATE NORMALS FOR TOMORROW
                         NORMAL    RECORD    YEAR
 MAXIMUM TEMPERATURE (F)   57        78      1931
 MINIMUM TEMPERATURE (F)   36        14      1985


SUNRISE AND SUNSET
APRIL  8 2014.........SUNRISE   717 AM EDT   SUNSET   818 PM EDT
APRIL  9 2014.........SUNRISE   715 AM EDT   SUNSET   819 PM EDT


-  INDICATES NEGATIVE NUMBERS.
R  INDICATES RECORD WAS SET OR TIED.
MM INDICATES DATA IS MISSING.
T  INDICATES TRACE AMOUNT.




$$
