000
CDUS43 KIWX 180523
CLISBN


CLIMATE REPORT
NATIONAL WEATHER SERVICE NORTHERN INDIANA
122 AM EDT THU SEP 18 2014


...................................

...THE SOUTH BEND CLIMATE SUMMARY FOR SEPTEMBER 17 2014...

CLIMATE NORMAL PERIOD 1981 TO 2010
CLIMATE RECORD PERIOD 1893 TO 2014


WEATHER ITEM   OBSERVED TIME   RECORD YEAR NORMAL DEPARTURE LAST
                VALUE   (LST)  VALUE       VALUE  FROM      YEAR
                                                  NORMAL
..................................................................
TEMPERATURE (F)
 YESTERDAY
  MAXIMUM         69    353 PM  94    1927  74     -5       71
  MINIMUM         42    512 AM  35    1959  53    -11       46
  AVERAGE         56                        63     -7       59

PRECIPITATION (IN)
  YESTERDAY        0.00          1.38 1982   0.12  -0.12     0.00
  MONTH TO DATE    2.35                      1.99   0.36     0.28
  SINCE SEP 1      2.35                      1.99   0.36     0.28
  SINCE JAN 1     30.56                     27.26   3.30    27.20

DEGREE DAYS
 HEATING
  YESTERDAY        9                         4      5        6
  MONTH TO DATE   75                        37     38       38
  SINCE SEP 1     75                        37     38       38
  SINCE JUL 1    103                        55     48       67

 COOLING
  YESTERDAY        0                         2     -2        0
  MONTH TO DATE   64                        62      2      103
  SINCE SEP 1     64                        62      2      103
  SINCE JAN 1    757                       744     13      783
..................................................................


WIND (MPH)
  HIGHEST WIND SPEED    14   HIGHEST WIND DIRECTION     S (200)
  HIGHEST GUST SPEED    18   HIGHEST GUST DIRECTION    SW (210)
  AVERAGE WIND SPEED     3.2


SKY COVER
  AVERAGE SKY COVER 0.1


WEATHER CONDITIONS
 THE FOLLOWING WEATHER WAS RECORDED YESTERDAY.
  FOG


RELATIVE HUMIDITY (PERCENT)
 HIGHEST    89           200 AM
 LOWEST     42           300 PM
 AVERAGE    66

..........................................................


THE SOUTH BEND CLIMATE NORMALS FOR TODAY
                         NORMAL    RECORD    YEAR
 MAXIMUM TEMPERATURE (F)   73        94      1906
                                             1895
 MINIMUM TEMPERATURE (F)   53        35      1900


SUNRISE AND SUNSET
SEPTEMBER 18 2014.....SUNRISE   729 AM EDT   SUNSET   749 PM EDT
SEPTEMBER 19 2014.....SUNRISE   730 AM EDT   SUNSET   748 PM EDT


-  INDICATES NEGATIVE NUMBERS.
R  INDICATES RECORD WAS SET OR TIED.
MM INDICATES DATA IS MISSING.
T  INDICATES TRACE AMOUNT.




$$
