000
CDUS43 KIWX 280528
CLISBN


CLIMATE REPORT
NATIONAL WEATHER SERVICE NORTHERN INDIANA
128 AM EDT TUE JUL 28 2015


...................................

...THE SOUTH BEND CLIMATE SUMMARY FOR JULY 27 2015...

CLIMATE NORMAL PERIOD 1981 TO 2010
CLIMATE RECORD PERIOD 1893 TO 2015


WEATHER ITEM   OBSERVED TIME   RECORD YEAR NORMAL DEPARTURE LAST
                VALUE   (LST)  VALUE       VALUE  FROM      YEAR
                                                  NORMAL
..................................................................
TEMPERATURE (F)
 YESTERDAY
  MAXIMUM         89    408 PM 100    1916  82      7       88
  MINIMUM         67    607 AM  46    1937  63      4       63
  AVERAGE         78                        73      5       76

PRECIPITATION (IN)
  YESTERDAY        0.00          2.51 2006   0.13  -0.13      T
  MONTH TO DATE    4.79                      3.48   1.31     1.75
  SINCE JUN 1      8.86                      7.27   1.59    10.89
  SINCE JAN 1     21.95                     20.99   0.96    25.97

SNOWFALL (IN)
  YESTERDAY        0.0           0.0  2002   0.0    0.0      0.0
                                      2001
  MONTH TO DATE    0.0                       0.0    0.0      0.0
  SINCE JUN 1      0.0                       0.0    0.0      0.0
  SINCE JUL 1      0.0                       0.0    0.0      0.0
  SNOW DEPTH       0

DEGREE DAYS
 HEATING
  YESTERDAY        0                         0      0        0
  MONTH TO DATE   10                         0     10       10
  SINCE JUN 1     29                        44    -15       27
  SINCE JUL 1     10                         0     10       10

 COOLING
  YESTERDAY       13                         8      5       11
  MONTH TO DATE  165                       216    -51      133
  SINCE JUN 1    322                       381    -59      349
  SINCE JAN 1    408                       437    -29      434
..................................................................


WIND (MPH)
  HIGHEST WIND SPEED    17   HIGHEST WIND DIRECTION    SE (140)
  HIGHEST GUST SPEED    22   HIGHEST GUST DIRECTION    SE (120)
  AVERAGE WIND SPEED     5.7


SKY COVER
  AVERAGE SKY COVER 0.1


WEATHER CONDITIONS
 THE FOLLOWING WEATHER WAS RECORDED YESTERDAY.
  NO SIGNIFICANT WEATHER WAS OBSERVED.


RELATIVE HUMIDITY (PERCENT)
 HIGHEST    84           400 AM
 LOWEST     36           200 PM
 AVERAGE    60

..........................................................


THE SOUTH BEND CLIMATE NORMALS FOR TODAY
                         NORMAL    RECORD    YEAR
 MAXIMUM TEMPERATURE (F)   82       100      1983
 MINIMUM TEMPERATURE (F)   63        47      1925


SUNRISE AND SUNSET
JULY 28 2015..........SUNRISE   635 AM EDT   SUNSET   908 PM EDT
JULY 29 2015..........SUNRISE   636 AM EDT   SUNSET   907 PM EDT


-  INDICATES NEGATIVE NUMBERS.
R  INDICATES RECORD WAS SET OR TIED.
MM INDICATES DATA IS MISSING.
T  INDICATES TRACE AMOUNT.




$$
