000
CDUS43 KIWX 240526
CLISBN


CLIMATE REPORT
NATIONAL WEATHER SERVICE NORTHERN INDIANA
1225 AM EST SAT JAN 24 2015


...................................

...THE SOUTH BEND CLIMATE SUMMARY FOR JANUARY 23 2015...

CLIMATE NORMAL PERIOD 1981 TO 2010
CLIMATE RECORD PERIOD 1893 TO 2015


WEATHER ITEM   OBSERVED TIME   RECORD YEAR NORMAL DEPARTURE LAST
                VALUE   (LST)  VALUE       VALUE  FROM      YEAR
                                                  NORMAL
..................................................................
TEMPERATURE (F)
 YESTERDAY
  MAXIMUM         31    459 PM  59    1909  31      0       14
  MINIMUM         26   1042 PM -19    1936  17      9        2
  AVERAGE         29                        24      5        8

PRECIPITATION (IN)
  YESTERDAY        0.00          0.60 1953   0.07  -0.07     0.16
  MONTH TO DATE    1.74                      1.78  -0.04     2.56
  SINCE DEC 1      3.21                      4.39  -1.18     4.89
  SINCE JAN 1      1.74                      1.78  -0.04     2.56

SNOWFALL (IN)
  YESTERDAY        0.0           7.4  1987   0.7   -0.7      6.8
  MONTH TO DATE   20.4                      15.1    5.3     32.2
  SINCE DEC 1     20.6                      32.4  -11.8     50.7
  SINCE JUL 1     39.9                      37.6    2.3     59.9
  SNOW DEPTH       1

DEGREE DAYS
 HEATING
  YESTERDAY       36                        41     -5       57
  MONTH TO DATE  996                       935     61      990
  SINCE DEC 1   1974                      2057    -83     2187
  SINCE JUL 1   3416                      3326     90     3476

 COOLING
  YESTERDAY        0                         0      0        0
  MONTH TO DATE    0                         0      0        0
  SINCE DEC 1      0                         0      0        0
  SINCE JAN 1      0                         0      0        0
..................................................................


WIND (MPH)
  HIGHEST WIND SPEED    17   HIGHEST WIND DIRECTION     W (250)
  HIGHEST GUST SPEED    20   HIGHEST GUST DIRECTION    SW (240)
  AVERAGE WIND SPEED    10.9


SKY COVER
  AVERAGE SKY COVER 0.9


WEATHER CONDITIONS
 THE FOLLOWING WEATHER WAS RECORDED YESTERDAY.
  NO SIGNIFICANT WEATHER WAS OBSERVED.


RELATIVE HUMIDITY (PERCENT)
 HIGHEST    81          1000 PM
 LOWEST     72           100 AM
 AVERAGE    77

..........................................................


THE SOUTH BEND CLIMATE NORMALS FOR TODAY
                         NORMAL    RECORD    YEAR
 MAXIMUM TEMPERATURE (F)   31        66      1909
 MINIMUM TEMPERATURE (F)   17       -17      1936


SUNRISE AND SUNSET
JANUARY 24 2015.......SUNRISE   805 AM EST   SUNSET   550 PM EST
JANUARY 25 2015.......SUNRISE   804 AM EST   SUNSET   552 PM EST


-  INDICATES NEGATIVE NUMBERS.
R  INDICATES RECORD WAS SET OR TIED.
MM INDICATES DATA IS MISSING.
T  INDICATES TRACE AMOUNT.




$$
