000
CDUS43 KIWX 010523
CLISBN


CLIMATE REPORT
NATIONAL WEATHER SERVICE NORTHERN INDIANA
122 AM EDT SUN MAY 1 2016


...................................

...THE SOUTH BEND CLIMATE SUMMARY FOR APRIL 30 2016...

CLIMATE NORMAL PERIOD 1981 TO 2010
CLIMATE RECORD PERIOD 1893 TO 2016


WEATHER ITEM   OBSERVED TIME   RECORD YEAR NORMAL DEPARTURE LAST
                VALUE   (LST)  VALUE       VALUE  FROM      YEAR
                                                  NORMAL
..................................................................
TEMPERATURE (F)
 YESTERDAY
  MAXIMUM         48    954 PM  91    1942  65    -17       53
  MINIMUM         44    121 AM  26    1931  44      0       39
  AVERAGE         46                        54     -8       46

PRECIPITATION (IN)
  YESTERDAY        0.63          1.97 1907   0.11   0.52      T
  MONTH TO DATE    4.67                      3.23   1.44     2.40
  SINCE MAR 1      8.84                      5.65   3.19     3.18
  SINCE JAN 1     12.62                      9.89   2.73     7.08

SNOWFALL (IN)
  YESTERDAY        0.0           0.5  1963   0.0    0.0      0.0
  MONTH TO DATE    4.1                       1.4    2.7       T
  SINCE MAR 1     10.9                       8.5    2.4      6.1
  SINCE JUL 1     70.2                      66.6    3.6     83.9
  SNOW DEPTH       0

DEGREE DAYS
 HEATING
  YESTERDAY       19                        11      8       19
  MONTH TO DATE  524                       489     35      433
  SINCE MAR 1   1214                      1342   -128     1375
  SINCE JUL 1   5344                      6031   -687     6472

 COOLING
  YESTERDAY        0                         0      0        0
  MONTH TO DATE    4                         9     -5        2
  SINCE MAR 1      4                        10     -6        2
  SINCE JAN 1      4                        10     -6        2
..................................................................


WIND (MPH)
  HIGHEST WIND SPEED    18   HIGHEST WIND DIRECTION     E (100)
  HIGHEST GUST SPEED    25   HIGHEST GUST DIRECTION     E (100)
  AVERAGE WIND SPEED    11.1


SKY COVER
  AVERAGE SKY COVER 0.6


WEATHER CONDITIONS
 THE FOLLOWING WEATHER WAS RECORDED YESTERDAY.
  RAIN
  LIGHT RAIN
  FOG
  HAZE


RELATIVE HUMIDITY (PERCENT)
 HIGHEST   100           700 PM
 LOWEST     60           900 AM
 AVERAGE    80

..........................................................


THE SOUTH BEND CLIMATE NORMALS FOR TODAY
                         NORMAL    RECORD    YEAR
 MAXIMUM TEMPERATURE (F)   65        88      1942
 MINIMUM TEMPERATURE (F)   44        26      1943


SUNRISE AND SUNSET
MAY  1 2016...........SUNRISE   641 AM EDT   SUNSET   844 PM EDT
MAY  2 2016...........SUNRISE   640 AM EDT   SUNSET   845 PM EDT


-  INDICATES NEGATIVE NUMBERS.
R  INDICATES RECORD WAS SET OR TIED.
MM INDICATES DATA IS MISSING.
T  INDICATES TRACE AMOUNT.




$$
