000
CDUS43 KIWX 222020
CLISBN


CLIMATE REPORT
NATIONAL WEATHER SERVICE NORTHERN INDIANA
420 PM EDT MON MAY 22 2017


...................................

...THE SOUTH BEND CLIMATE SUMMARY FOR MAY 22 2017...
VALID TODAY AS OF 0400 PM LOCAL TIME.

CLIMATE NORMAL PERIOD 1981 TO 2010
CLIMATE RECORD PERIOD 1893 TO 2017


WEATHER ITEM   OBSERVED TIME   RECORD YEAR NORMAL DEPARTURE LAST
                VALUE   (LST)  VALUE       VALUE  FROM      YEAR
                                                  NORMAL
..................................................................
TEMPERATURE (F)
 TODAY
  MAXIMUM         70    227 PM  92    1925  72     -2       76
  MINIMUM         48    611 AM  32    1997  51     -3       45
  AVERAGE         59                        61     -2       61

PRECIPITATION (IN)
  TODAY            0.00          2.79 1982   0.12  -0.12     0.00
  MONTH TO DATE    3.97                      2.65   1.32     2.39
  SINCE MAR 1     11.29                      8.30   2.99    11.23
  SINCE JAN 1     18.28                     12.54   5.74    15.01

DEGREE DAYS
 HEATING
  TODAY            6                         6      0        4
  MONTH TO DATE  240                       182     58      257
  SINCE MAR 1   1492                      1524    -32     1471
  SINCE JUL 1   5469                      6213   -744     5601

 COOLING
  TODAY            0                         2     -2        0
  MONTH TO DATE   25                        26     -1        0
  SINCE MAR 1     36                        36      0        4
  SINCE JAN 1     36                        36      0        4
..................................................................


WIND (MPH)
  HIGHEST WIND SPEED    20   HIGHEST WIND DIRECTION    SW (240)
  HIGHEST GUST SPEED    26   HIGHEST GUST DIRECTION    SW (220)
  AVERAGE WIND SPEED    12.2


SKY COVER
  POSSIBLE SUNSHINE  MM
  AVERAGE SKY COVER 0.4


WEATHER CONDITIONS
 THE FOLLOWING WEATHER WAS RECORDED TODAY.
  NO SIGNIFICANT WEATHER WAS OBSERVED.


RELATIVE HUMIDITY (PERCENT)
 HIGHEST    86           500 AM
 LOWEST     45           200 PM
 AVERAGE    66

..........................................................


THE SOUTH BEND CLIMATE NORMALS FOR TOMORROW
                         NORMAL    RECORD    YEAR
 MAXIMUM TEMPERATURE (F)   72        92      1921
 MINIMUM TEMPERATURE (F)   51        31      1963


SUNRISE AND SUNSET
MAY 22 2017...........SUNRISE   619 AM EDT   SUNSET   905 PM EDT
MAY 23 2017...........SUNRISE   618 AM EDT   SUNSET   906 PM EDT


-  INDICATES NEGATIVE NUMBERS.
R  INDICATES RECORD WAS SET OR TIED.
MM INDICATES DATA IS MISSING.
T  INDICATES TRACE AMOUNT.




$$
