000
CDUS43 KIWX 090522
CLISBN


CLIMATE REPORT
NATIONAL WEATHER SERVICE NORTHERN INDIANA
122 AM EDT WED JUL 9 2014


...................................

...THE SOUTH BEND CLIMATE SUMMARY FOR JULY 8 2014...

CLIMATE NORMAL PERIOD 1981 TO 2010
CLIMATE RECORD PERIOD 1893 TO 2014


WEATHER ITEM   OBSERVED TIME   RECORD YEAR NORMAL DEPARTURE LAST
                VALUE   (LST)  VALUE       VALUE  FROM      YEAR
                                                  NORMAL
..................................................................
TEMPERATURE (F)
 YESTERDAY
  MAXIMUM         81        MM 106    1936  83     -2       82
  MINIMUM         66        MM  47    1984  63      3       71
  AVERAGE         74                        73      1       77

PRECIPITATION (IN)
  YESTERDAY        0.11          2.17 1951   0.13  -0.02     0.18
  MONTH TO DATE    0.51                      0.97  -0.46     0.88
  SINCE JUN 1      9.65                      4.76   4.89     4.31
  SINCE JAN 1     24.73                     18.48   6.25    21.61

DEGREE DAYS
 HEATING
  YESTERDAY        0                         0      0        0
  MONTH TO DATE    2                         0      2        3
  SINCE JUN 1     19                        44    -25       40
  SINCE JUL 1      2                         0      2        3

 COOLING
  YESTERDAY        9                         8      1       12
  MONTH TO DATE   44                        64    -20       47
  SINCE JUN 1    260                       229     31      212
  SINCE JAN 1    345                       285     60      308
..................................................................


WIND (MPH)
  HIGHEST WIND SPEED    20   HIGHEST WIND DIRECTION     W (280)
  HIGHEST GUST SPEED    31   HIGHEST GUST DIRECTION    NW (300)
  AVERAGE WIND SPEED    11.1


SKY COVER
  AVERAGE SKY COVER 0.4


WEATHER CONDITIONS
 THE FOLLOWING WEATHER WAS RECORDED YESTERDAY.
  RAIN
  LIGHT RAIN
  FOG
  HAZE


RELATIVE HUMIDITY (PERCENT)
 HIGHEST    82           600 AM
 LOWEST     45           400 PM
 AVERAGE    64

..........................................................


THE SOUTH BEND CLIMATE NORMALS FOR TODAY
                         NORMAL    RECORD    YEAR
 MAXIMUM TEMPERATURE (F)   83       102      1936
 MINIMUM TEMPERATURE (F)   63        49      1899


SUNRISE AND SUNSET
JULY  9 2014..........SUNRISE   619 AM EDT   SUNSET   921 PM EDT
JULY 10 2014..........SUNRISE   620 AM EDT   SUNSET   921 PM EDT


-  INDICATES NEGATIVE NUMBERS.
R  INDICATES RECORD WAS SET OR TIED.
MM INDICATES DATA IS MISSING.
T  INDICATES TRACE AMOUNT.




$$
