000
CDUS43 KIWX 250529
CLISBN


CLIMATE REPORT
NATIONAL WEATHER SERVICE NORTHERN INDIANA
1227 AM EST THU DEC 25 2014


...................................

...THE SOUTH BEND CLIMATE SUMMARY FOR DECEMBER 24 2014...

CLIMATE NORMAL PERIOD 1981 TO 2010
CLIMATE RECORD PERIOD 1893 TO 2014


WEATHER ITEM   OBSERVED TIME   RECORD YEAR NORMAL DEPARTURE LAST
                VALUE   (LST)  VALUE       VALUE  FROM      YEAR
                                                  NORMAL
..................................................................
TEMPERATURE (F)
 YESTERDAY
  MAXIMUM         44        MM  60    1982  33     11       18
                                      1893
  MINIMUM         34        MM -15    1983  20     14        3
  AVERAGE         39                        26     13       11

PRECIPITATION (IN)
  YESTERDAY        0.67          2.99 1965   0.08   0.59      T
  MONTH TO DATE    1.42                      2.05  -0.63     2.01
  SINCE DEC 1      1.42                      2.05  -0.63     2.01
  SINCE JAN 1     41.39                     37.44   3.95    40.03

SNOWFALL (IN)
  YESTERDAY        T             9.5  1985   0.6   -0.6     MM
  MONTH TO DATE    T                        12.8  -12.8      6.7
  SINCE DEC 1      T                        12.8  -12.8      6.7
  SINCE JUL 1     19.3                      18.0    1.3     15.9
  SNOW DEPTH       0

DEGREE DAYS
 HEATING
  YESTERDAY       26                        38    -12       54
  MONTH TO DATE  736                       847   -111      929
  SINCE DEC 1    736                       847   -111      929
  SINCE JUL 1   2178                      2116     62     2218

 COOLING
  YESTERDAY        0                         0      0        0
  MONTH TO DATE    0                         0      0        0
  SINCE DEC 1      0                         0      0        0
  SINCE JAN 1    771                       773     -2      828
..................................................................


WIND (MPH)
  HIGHEST WIND SPEED    16   HIGHEST WIND DIRECTION    NW (310)
  HIGHEST GUST SPEED    21   HIGHEST GUST DIRECTION    NW (310)
  AVERAGE WIND SPEED     9.4


SKY COVER
  AVERAGE SKY COVER 1.0


WEATHER CONDITIONS
 THE FOLLOWING WEATHER WAS RECORDED YESTERDAY.
  RAIN
  LIGHT RAIN
  LIGHT SNOW
  FOG


RELATIVE HUMIDITY (PERCENT)
 HIGHEST    92           800 AM
 LOWEST     83           100 AM
 AVERAGE    88

..........................................................


THE SOUTH BEND CLIMATE NORMALS FOR TODAY
                         NORMAL    RECORD    YEAR
 MAXIMUM TEMPERATURE (F)   33        65      1982
 MINIMUM TEMPERATURE (F)   20       -13      1924


SUNRISE AND SUNSET
DECEMBER 25 2014......SUNRISE   811 AM EST   SUNSET   520 PM EST
DECEMBER 26 2014......SUNRISE   811 AM EST   SUNSET   521 PM EST


-  INDICATES NEGATIVE NUMBERS.
R  INDICATES RECORD WAS SET OR TIED.
MM INDICATES DATA IS MISSING.
T  INDICATES TRACE AMOUNT.




$$
