000
CDUS43 KIWX 280532
CLISBN


CLIMATE REPORT
NATIONAL WEATHER SERVICE NORTHERN INDIANA
1232 AM EST WED JAN 28 2015


...................................

...THE SOUTH BEND CLIMATE SUMMARY FOR JANUARY 27 2015...

CLIMATE NORMAL PERIOD 1981 TO 2010
CLIMATE RECORD PERIOD 1893 TO 2015


WEATHER ITEM   OBSERVED TIME   RECORD YEAR NORMAL DEPARTURE LAST
                VALUE   (LST)  VALUE       VALUE  FROM      YEAR
                                                  NORMAL
..................................................................
TEMPERATURE (F)
 YESTERDAY
  MAXIMUM         30    416 PM  60    1916  31     -1       19
  MINIMUM         15   1154 PM  -9    1963  18     -3       -8
                                      1936
                                      1907
  AVERAGE         23                        24     -1        6

PRECIPITATION (IN)
  YESTERDAY        0.00          0.62 1967   0.06  -0.06     0.01
  MONTH TO DATE    1.83                      2.03  -0.20     3.05
  SINCE DEC 1      3.30                      4.64  -1.34     5.38
  SINCE JAN 1      1.83                      2.03  -0.20     3.05

SNOWFALL (IN)
  YESTERDAY        0.0           9.7  2004   0.7   -0.7      1.5
  MONTH TO DATE   21.3                      17.9    3.4     45.9
  SINCE DEC 1     21.5                      35.2  -13.7     64.4
  SINCE JUL 1     40.8                      40.4    0.4     73.6
  SNOW DEPTH       2

DEGREE DAYS
 HEATING
  YESTERDAY       42                        41      1       59
  MONTH TO DATE 1156                      1099     57     1197
  SINCE DEC 1   2134                      2221    -87     2394
  SINCE JUL 1   3576                      3490     86     3683

 COOLING
  YESTERDAY        0                         0      0        0
  MONTH TO DATE    0                         0      0        0
  SINCE DEC 1      0                         0      0        0
  SINCE JAN 1      0                         0      0        0
..................................................................


WIND (MPH)
  HIGHEST WIND SPEED    12   HIGHEST WIND DIRECTION     N (20)
  HIGHEST GUST SPEED    16   HIGHEST GUST DIRECTION     N (20)
  AVERAGE WIND SPEED     4.5


SKY COVER
  AVERAGE SKY COVER 0.4


WEATHER CONDITIONS
 THE FOLLOWING WEATHER WAS RECORDED YESTERDAY.
  NO SIGNIFICANT WEATHER WAS OBSERVED.


RELATIVE HUMIDITY (PERCENT)
 HIGHEST    74          1000 PM
 LOWEST     36           300 PM
 AVERAGE    55

..........................................................


THE SOUTH BEND CLIMATE NORMALS FOR TODAY
                         NORMAL    RECORD    YEAR
 MAXIMUM TEMPERATURE (F)   31        58      2002
 MINIMUM TEMPERATURE (F)   18       -16      1963


SUNRISE AND SUNSET
JANUARY 28 2015.......SUNRISE   801 AM EST   SUNSET   555 PM EST
JANUARY 29 2015.......SUNRISE   800 AM EST   SUNSET   557 PM EST


-  INDICATES NEGATIVE NUMBERS.
R  INDICATES RECORD WAS SET OR TIED.
MM INDICATES DATA IS MISSING.
T  INDICATES TRACE AMOUNT.




$$
