000
CDUS43 KIWX 160033
CLISBN


CLIMATE REPORT
NATIONAL WEATHER SERVICE NORTHERN INDIANA
832 PM EDT SUN OCT 15 2017


...................................

...THE SOUTH BEND CLIMATE SUMMARY FOR OCTOBER 15 2017...
VALID AS OF 0800 PM LOCAL TIME.

CLIMATE NORMAL PERIOD 1981 TO 2010
CLIMATE RECORD PERIOD 1893 TO 2017


WEATHER ITEM   OBSERVED TIME   RECORD YEAR NORMAL DEPARTURE LAST
                VALUE   (LST)  VALUE       VALUE  FROM      YEAR
                                                  NORMAL
..................................................................
TEMPERATURE (F)
 TODAY
  MAXIMUM         67    538 AM  89    1897  62      5       72
  MINIMUM         51    659 PM  25    1909  43      8       48
  AVERAGE         59                        52      7       60

PRECIPITATION (IN)
  TODAY            0.33          1.16 1967   0.11   0.22     0.00
  MONTH TO DATE    6.82                      1.65   5.17     1.70
  SINCE SEP 1      8.86                      5.18   3.68     5.44
  SINCE JAN 1     36.45                     30.45   6.00    39.85

DEGREE DAYS
 HEATING
  TODAY            6                        13     -7        5
  MONTH TO DATE   41                       160   -119       96
  SINCE SEP 1    132                       276   -144      126
  SINCE JUL 1    153                       294   -141      134

 COOLING
  TODAY            0                         0      0        0
  MONTH TO DATE   21                         8     13       10
  SINCE SEP 1    139                        90     49      133
  SINCE JAN 1    691                       772    -81      942
..................................................................


WIND (MPH)
  RESULTANT WIND SPEED  12   RESULTANT WIND DIRECTION   W (280)
  HIGHEST WIND SPEED    29   HIGHEST WIND DIRECTION     W (280)
  HIGHEST GUST SPEED    35   HIGHEST GUST DIRECTION     W (280)
  AVERAGE WIND SPEED    15.9


SKY COVER
  POSSIBLE SUNSHINE  MM
  AVERAGE SKY COVER 0.7


WEATHER CONDITIONS
 THE FOLLOWING WEATHER WAS RECORDED TODAY.
  THUNDERSTORM
  HEAVY RAIN
  RAIN
  LIGHT RAIN
  FOG


RELATIVE HUMIDITY (PERCENT)
 HIGHEST   100           800 AM
 LOWEST     77           600 PM
 AVERAGE    89

..........................................................


THE SOUTH BEND CLIMATE NORMALS FOR TOMORROW
                         NORMAL    RECORD    YEAR
 MAXIMUM TEMPERATURE (F)   62        85      1963
 MINIMUM TEMPERATURE (F)   42        28      1944


SUNRISE AND SUNSET
OCTOBER 15 2017.......SUNRISE   758 AM EDT   SUNSET   704 PM EDT
OCTOBER 16 2017.......SUNRISE   759 AM EDT   SUNSET   702 PM EDT


-  INDICATES NEGATIVE NUMBERS.
R  INDICATES RECORD WAS SET OR TIED.
MM INDICATES DATA IS MISSING.
T  INDICATES TRACE AMOUNT.




$$
