000
CDUS43 KIWX 060051
CLISBN


CLIMATE REPORT
NATIONAL WEATHER SERVICE NORTHERN INDIANA
750 PM EST MON DEC 5 2016


...................................

...THE SOUTH BEND CLIMATE SUMMARY FOR DECEMBER 5 2016...
VALID TODAY AS OF 0700 PM LOCAL TIME.

CLIMATE NORMAL PERIOD 1981 TO 2010
CLIMATE RECORD PERIOD 1893 TO 2016


WEATHER ITEM   OBSERVED TIME   RECORD YEAR NORMAL DEPARTURE LAST
                VALUE   (LST)  VALUE       VALUE  FROM      YEAR
                                                  NORMAL
..................................................................
TEMPERATURE (F)
 TODAY
  MAXIMUM         33    105 AM  70    2001  38     -5       39
  MINIMUM         31   1020 AM   4    1899  26      5       28
  AVERAGE         32                        32      0       34

PRECIPITATION (IN)
  TODAY            0.00          1.12 1999   0.09  -0.09     0.00
  MONTH TO DATE    0.45                      0.46  -0.01     0.13
  SINCE DEC 1      0.45                      0.46  -0.01     0.13
  SINCE JAN 1     45.06                     35.85   9.21    32.31

SNOWFALL (IN)
  TODAY            0.0           5.7  1985   0.5   -0.5      0.0
  MONTH TO DATE    1.5                       2.0   -0.5      0.1
  SINCE DEC 1      1.5                       2.0   -0.5      0.1
  SINCE JUL 1      2.0                       7.2   -5.2      9.2

DEGREE DAYS
 HEATING
  TODAY           33                        33      0       31
  MONTH TO DATE  153                       161     -8      149
  SINCE DEC 1    153                       161     -8      149
  SINCE JUL 1   1054                      1430   -376     1216

 COOLING
  TODAY            0                         0      0        0
  MONTH TO DATE    0                         0      0        0
  SINCE DEC 1      0                         0      0        0
  SINCE JAN 1    950                       773    177      784
..................................................................


WIND (MPH)
  HIGHEST WIND SPEED    14   HIGHEST WIND DIRECTION    SW (240)
  HIGHEST GUST SPEED    MM   HIGHEST GUST DIRECTION    MM
  AVERAGE WIND SPEED    10.0


SKY COVER
  POSSIBLE SUNSHINE  MM
  AVERAGE SKY COVER 1.0


WEATHER CONDITIONS
 THE FOLLOWING WEATHER WAS RECORDED TODAY.
  FOG


RELATIVE HUMIDITY (PERCENT)
 HIGHEST   100          1200 AM
 LOWEST     85          1200 PM
 AVERAGE    93

..........................................................


THE SOUTH BEND CLIMATE NORMALS FOR TOMORROW
                         NORMAL    RECORD    YEAR
 MAXIMUM TEMPERATURE (F)   38        65      1998
 MINIMUM TEMPERATURE (F)   25         1      1977


SUNRISE AND SUNSET
DECEMBER  5 2016......SUNRISE   757 AM EST   SUNSET   515 PM EST
DECEMBER  6 2016......SUNRISE   758 AM EST   SUNSET   515 PM EST


-  INDICATES NEGATIVE NUMBERS.
R  INDICATES RECORD WAS SET OR TIED.
MM INDICATES DATA IS MISSING.
T  INDICATES TRACE AMOUNT.




$$
