000
CDUS43 KIWX 170521
CLISBN


CLIMATE REPORT
NATIONAL WEATHER SERVICE NORTHERN INDIANA
121 AM EDT SUN AUG 17 2014


...................................

...THE SOUTH BEND CLIMATE SUMMARY FOR AUGUST 16 2014...

CLIMATE NORMAL PERIOD 1981 TO 2010
CLIMATE RECORD PERIOD 1893 TO 2014


WEATHER ITEM   OBSERVED TIME   RECORD YEAR NORMAL DEPARTURE LAST
                VALUE   (LST)  VALUE       VALUE  FROM      YEAR
                                                  NORMAL
..................................................................
TEMPERATURE (F)
 YESTERDAY
  MAXIMUM         83    322 PM  98    1988  81      2       79
  MINIMUM         56    632 AM  44    1929  62     -6       50
  AVERAGE         70                        72     -2       65

PRECIPITATION (IN)
  YESTERDAY        0.00          1.80 1978   0.13  -0.13     0.00
  MONTH TO DATE    0.87                      1.99  -1.12     2.64
  SINCE JUN 1     11.80                      9.78   2.02     9.23
  SINCE JAN 1     26.88                     23.50   3.38    26.53

DEGREE DAYS
 HEATING
  YESTERDAY        0                         0      0        0
  MONTH TO DATE   10                         0     10       15
  SINCE JUN 1     45                        49     -4       66
  SINCE JUL 1     28                         5     23       29

 COOLING
  YESTERDAY        5                         7     -2        0
  MONTH TO DATE   90                       114    -24       57
  SINCE JUN 1    446                       532    -86      451
  SINCE JAN 1    531                       588    -57      547
..................................................................


WIND (MPH)
  HIGHEST WIND SPEED    14   HIGHEST WIND DIRECTION    NW (310)
  HIGHEST GUST SPEED    18   HIGHEST GUST DIRECTION     W (260)
  AVERAGE WIND SPEED     7.2


SKY COVER
  AVERAGE SKY COVER 0.6


WEATHER CONDITIONS
 THE FOLLOWING WEATHER WAS RECORDED YESTERDAY.
  NO SIGNIFICANT WEATHER WAS OBSERVED.


RELATIVE HUMIDITY (PERCENT)
 HIGHEST    79           900 PM
 LOWEST     55           300 PM
 AVERAGE    67

..........................................................


THE SOUTH BEND CLIMATE NORMALS FOR TODAY
                         NORMAL    RECORD    YEAR
 MAXIMUM TEMPERATURE (F)   81        96      1988
                                             1908
 MINIMUM TEMPERATURE (F)   62        47      1981


SUNRISE AND SUNSET
AUGUST 17 2014........SUNRISE   656 AM EDT   SUNSET   842 PM EDT
AUGUST 18 2014........SUNRISE   657 AM EDT   SUNSET   841 PM EDT


-  INDICATES NEGATIVE NUMBERS.
R  INDICATES RECORD WAS SET OR TIED.
MM INDICATES DATA IS MISSING.
T  INDICATES TRACE AMOUNT.




$$
