000
CDUS43 KIWX 180527
CLISBN


CLIMATE REPORT
NATIONAL WEATHER SERVICE NORTHERN INDIANA
125 AM EDT SUN JUN 18 2017


...................................

...THE SOUTH BEND CLIMATE SUMMARY FOR JUNE 17 2017...

CLIMATE NORMAL PERIOD 1981 TO 2010
CLIMATE RECORD PERIOD 1893 TO 2017


WEATHER ITEM   OBSERVED TIME   RECORD YEAR NORMAL DEPARTURE LAST
                VALUE   (LST)  VALUE       VALUE  FROM      YEAR
                                                  NORMAL
..................................................................
TEMPERATURE (F)
 YESTERDAY
  MAXIMUM         87    232 PM  97    1994  80      7       86
  MINIMUM         70    335 AM  42    1980  60     10       55
                                      1903
  AVERAGE         79                        70      9       71

PRECIPITATION (IN)
  YESTERDAY        0.03          1.54 2014   0.13  -0.10     0.00
  MONTH TO DATE    1.10                      2.22  -1.12     0.44
  SINCE JUN 1      1.10                      2.22  -1.12     0.44
  SINCE JAN 1     20.33                     15.94   4.39    15.55

DEGREE DAYS
 HEATING
  YESTERDAY        0                         1     -1        0
  MONTH TO DATE   13                        34    -21       24
  SINCE JUN 1     13                        34    -21       24
  SINCE JUL 1   5515                      6288   -773     5629

 COOLING
  YESTERDAY       14                         6      8        6
  MONTH TO DATE  123                        72     51       85
  SINCE JUN 1    123                        72     51       85
  SINCE JAN 1    163                       128     35      154
..................................................................


WIND (MPH)
  HIGHEST WIND SPEED    21   HIGHEST WIND DIRECTION     S (200)
  HIGHEST GUST SPEED    28   HIGHEST GUST DIRECTION     S (190)
  AVERAGE WIND SPEED    10.7


SKY COVER
  AVERAGE SKY COVER 0.3


WEATHER CONDITIONS
 THE FOLLOWING WEATHER WAS RECORDED YESTERDAY.
  LIGHT RAIN


RELATIVE HUMIDITY (PERCENT)
 HIGHEST    90           500 AM
 LOWEST     55           200 PM
 AVERAGE    73

..........................................................


THE SOUTH BEND CLIMATE NORMALS FOR TODAY
                         NORMAL    RECORD    YEAR
 MAXIMUM TEMPERATURE (F)   80        98      1994
 MINIMUM TEMPERATURE (F)   60        41      1909


SUNRISE AND SUNSET
JUNE 18 2017..........SUNRISE   610 AM EDT   SUNSET   923 PM EDT
JUNE 19 2017..........SUNRISE   611 AM EDT   SUNSET   923 PM EDT


-  INDICATES NEGATIVE NUMBERS.
R  INDICATES RECORD WAS SET OR TIED.
MM INDICATES DATA IS MISSING.
T  INDICATES TRACE AMOUNT.




$$
