178
CDUS43 KIWX 080038
CLISBN


CLIMATE REPORT
NATIONAL WEATHER SERVICE NORTHERN INDIANA
738 PM EST THU DEC 7 2017


...................................

...THE SOUTH BEND CLIMATE SUMMARY FOR DECEMBER 7 2017...
VALID AS OF 0700 PM LOCAL TIME.

CLIMATE NORMAL PERIOD 1981 TO 2010
CLIMATE RECORD PERIOD 1893 TO 2017


WEATHER ITEM   OBSERVED TIME   RECORD YEAR NORMAL DEPARTURE LAST
                VALUE   (LST)  VALUE       VALUE  FROM      YEAR
                                                  NORMAL
..................................................................
TEMPERATURE (F)
 TODAY
  MAXIMUM         27    302 AM  61    1946  38    -11       31
  MINIMUM         20    631 PM   0    2005  25     -5       25
  AVERAGE         24                        31     -7       28

PRECIPITATION (IN)
  TODAY            0.04          2.14 1966   0.09  -0.05     0.00
  MONTH TO DATE    0.13                      0.64  -0.51     0.45
  SINCE DEC 1      0.13                      0.64  -0.51     0.45
  SINCE JAN 1     42.29                     36.03   6.26    45.06

SNOWFALL (IN)
  TODAY            1.8           3.6  1968   0.5    1.3      0.0
  MONTH TO DATE    1.8                       2.9   -1.1      1.5
  SINCE DEC 1      1.8                       2.9   -1.1      1.5
  SINCE JUL 1      1.8                       8.1   -6.3      2.0
  SNOW DEPTH       1

DEGREE DAYS
 HEATING
  TODAY           41                        34      7       37
  MONTH TO DATE  190                       228    -38      221
  SINCE DEC 1    190                       228    -38      221
  SINCE JUL 1   1373                      1497   -124     1122

 COOLING
  TODAY            0                         0      0        0
  MONTH TO DATE    0                         0      0        0
  SINCE DEC 1      0                         0      0        0
  SINCE JAN 1    692                       773    -81      950
..................................................................


WIND (MPH)
  RESULTANT WIND SPEED  10   RESULTANT WIND DIRECTION   W (250)
  HIGHEST WIND SPEED    18   HIGHEST WIND DIRECTION     W (260)
  HIGHEST GUST SPEED    23   HIGHEST GUST DIRECTION     W (270)
  AVERAGE WIND SPEED    11.2


SKY COVER
  POSSIBLE SUNSHINE  MM
  AVERAGE SKY COVER 1.0


WEATHER CONDITIONS
 THE FOLLOWING WEATHER WAS RECORDED TODAY.
  SNOW
  LIGHT SNOW
  FOG
  FOG W/VISIBILITY <= 1/4 MILE


RELATIVE HUMIDITY (PERCENT)
 HIGHEST   100           800 AM
 LOWEST     63          1200 AM
 AVERAGE    82

..........................................................


THE SOUTH BEND CLIMATE NORMALS FOR TOMORROW
                         NORMAL    RECORD    YEAR
 MAXIMUM TEMPERATURE (F)   37        65      1966
 MINIMUM TEMPERATURE (F)   25        -4      1927
                                             1909


SUNRISE AND SUNSET
DECEMBER  7 2017......SUNRISE   759 AM EST   SUNSET   515 PM EST
DECEMBER  8 2017......SUNRISE   800 AM EST   SUNSET   515 PM EST


-  INDICATES NEGATIVE NUMBERS.
R  INDICATES RECORD WAS SET OR TIED.
MM INDICATES DATA IS MISSING.
T  INDICATES TRACE AMOUNT.




$$
