000
CDUS43 KIWX 150522
CLISBN


CLIMATE REPORT
NATIONAL WEATHER SERVICE NORTHERN INDIANA
122 AM EDT WED MAR 15 2017


...................................

...THE SOUTH BEND CLIMATE SUMMARY FOR MARCH 14 2017...

CLIMATE NORMAL PERIOD 1981 TO 2010
CLIMATE RECORD PERIOD 1893 TO 2017


WEATHER ITEM   OBSERVED TIME   RECORD YEAR NORMAL DEPARTURE LAST
                VALUE   (LST)  VALUE       VALUE  FROM      YEAR
                                                  NORMAL
..................................................................
TEMPERATURE (F)
 YESTERDAY
  MAXIMUM         24    359 PM  81    2012  46    -22       54
  MINIMUM         13    700 AM   5    1896  28    -15       40
  AVERAGE         19                        37    -18       47

PRECIPITATION (IN)
  YESTERDAY        T             2.07 1944   0.07  -0.07      T
  MONTH TO DATE    1.05                      1.06  -0.01     1.76
  SINCE MAR 1      1.05                      1.06  -0.01     1.76
  SINCE JAN 1      8.04                      5.30   2.74     5.54

SNOWFALL (IN)
  YESTERDAY        T             6.9  1988   0.3   -0.3      0.0
  MONTH TO DATE    4.6                       4.4    0.2      6.8
  SINCE MAR 1      4.6                       4.4    0.2      6.8
  SINCE JUL 1     38.3                      62.5  -24.2     66.1
  SNOW DEPTH       2

DEGREE DAYS
 HEATING
  YESTERDAY       46                        28     18       18
  MONTH TO DATE  447                       430     17      334
  SINCE MAR 1    447                       430     17      334
  SINCE JUL 1   4424                      5119   -695     4464

 COOLING
  YESTERDAY        0                         0      0        0
  MONTH TO DATE    0                         0      0        0
  SINCE MAR 1      0                         0      0        0
  SINCE JAN 1      0                         0      0        0
..................................................................


WIND (MPH)
  HIGHEST WIND SPEED    28   HIGHEST WIND DIRECTION     N (350)
  HIGHEST GUST SPEED    35   HIGHEST GUST DIRECTION    NW (330)
  AVERAGE WIND SPEED    12.2


SKY COVER
  AVERAGE SKY COVER 0.5


WEATHER CONDITIONS
 THE FOLLOWING WEATHER WAS RECORDED YESTERDAY.
  LIGHT SNOW
  HAZE


RELATIVE HUMIDITY (PERCENT)
 HIGHEST    96           600 AM
 LOWEST     50           400 PM
 AVERAGE    73

..........................................................


THE SOUTH BEND CLIMATE NORMALS FOR TODAY
                         NORMAL    RECORD    YEAR
 MAXIMUM TEMPERATURE (F)   46        81      2012
 MINIMUM TEMPERATURE (F)   28         2      1932


SUNRISE AND SUNSET
MARCH 15 2017.........SUNRISE   757 AM EDT   SUNSET   752 PM EDT
MARCH 16 2017.........SUNRISE   755 AM EDT   SUNSET   753 PM EDT


-  INDICATES NEGATIVE NUMBERS.
R  INDICATES RECORD WAS SET OR TIED.
MM INDICATES DATA IS MISSING.
T  INDICATES TRACE AMOUNT.




$$
