000
CDUS43 KIWX 230020
CLISBN


CLIMATE REPORT
NATIONAL WEATHER SERVICE NORTHERN INDIANA
820 PM EDT FRI AUG 22 2014


...................................

...THE SOUTH BEND CLIMATE SUMMARY FOR AUGUST 22 2014...
VALID AS OF 0800 PM LOCAL TIME.

CLIMATE NORMAL PERIOD 1981 TO 2010
CLIMATE RECORD PERIOD 1893 TO 2014


WEATHER ITEM   OBSERVED TIME   RECORD YEAR NORMAL DEPARTURE LAST
                VALUE   (LST)  VALUE       VALUE  FROM      YEAR
                                                  NORMAL
..................................................................
TEMPERATURE (F)
 TODAY
  MAXIMUM         85    557 PM 100    1936  81      4       78
  MINIMUM         72    759 AM  45    1923  61     11       66
                                      1907
  AVERAGE         79                        71      8       72

PRECIPITATION (IN)
  TODAY            0.01          1.59 1913   0.12  -0.11     0.35
  MONTH TO DATE    1.40                      2.70  -1.30     2.99
  SINCE JUN 1     12.33                     10.49   1.84     9.58
  SINCE JAN 1     27.41                     24.21   3.20    26.88

DEGREE DAYS
 HEATING
  TODAY            0                         0      0        0
  MONTH TO DATE   10                         0     10       15
  SINCE JUN 1     45                        49     -4       66
  SINCE JUL 1     28                         5     23       29

 COOLING
  TODAY           14                         6      8        7
  MONTH TO DATE  156                       154      2       96
  SINCE JUN 1    512                       572    -60      490
  SINCE JAN 1    597                       628    -31      586
..................................................................


WIND (MPH)
  RESULTANT WIND SPEED   4   RESULTANT WIND DIRECTION  SW (240)
  HIGHEST WIND SPEED    14   HIGHEST WIND DIRECTION    SW (230)
  HIGHEST GUST SPEED    17   HIGHEST GUST DIRECTION     S (200)
  AVERAGE WIND SPEED     5.9


SKY COVER
  POSSIBLE SUNSHINE  MM
  AVERAGE SKY COVER 0.5


WEATHER CONDITIONS
 THE FOLLOWING WEATHER WAS RECORDED TODAY.
  LIGHT RAIN


RELATIVE HUMIDITY (PERCENT)
 HIGHEST    93          1200 AM
 LOWEST     65           500 PM
 AVERAGE    79

..........................................................


THE SOUTH BEND CLIMATE NORMALS FOR TOMORROW
                         NORMAL    RECORD    YEAR
 MAXIMUM TEMPERATURE (F)   81        95      1959
                                             1947
                                             1914
 MINIMUM TEMPERATURE (F)   61        44      1920


SUNRISE AND SUNSET
AUGUST 22 2014........SUNRISE   701 AM EDT   SUNSET   835 PM EDT
AUGUST 23 2014........SUNRISE   702 AM EDT   SUNSET   833 PM EDT


-  INDICATES NEGATIVE NUMBERS.
R  INDICATES RECORD WAS SET OR TIED.
MM INDICATES DATA IS MISSING.
T  INDICATES TRACE AMOUNT.




$$
