000
CDUS43 KIWX 170525
CLISBN


CLIMATE REPORT
NATIONAL WEATHER SERVICE NORTHERN INDIANA
124 AM EDT WED SEP 17 2014


...................................

...THE SOUTH BEND CLIMATE SUMMARY FOR SEPTEMBER 16 2014...

CLIMATE NORMAL PERIOD 1981 TO 2010
CLIMATE RECORD PERIOD 1893 TO 2014


WEATHER ITEM   OBSERVED TIME   RECORD YEAR NORMAL DEPARTURE LAST
                VALUE   (LST)  VALUE       VALUE  FROM      YEAR
                                                  NORMAL
..................................................................
TEMPERATURE (F)
 YESTERDAY
  MAXIMUM         67    238 PM  93    1927  74     -7       69
  MINIMUM         44    650 AM  34    1916  54    -10       50
  AVERAGE         56                        64     -8       60

PRECIPITATION (IN)
  YESTERDAY        0.00          1.49 1980   0.11  -0.11     0.00
                                      1931
  MONTH TO DATE    2.35                      1.87   0.48     0.28
  SINCE SEP 1      2.35                      1.87   0.48     0.28
  SINCE JAN 1     30.56                     27.14   3.42    27.20

DEGREE DAYS
 HEATING
  YESTERDAY        9                         4      5        5
  MONTH TO DATE   66                        33     33       32
  SINCE SEP 1     66                        33     33       32
  SINCE JUL 1     94                        51     43       61

 COOLING
  YESTERDAY        0                         2     -2        0
  MONTH TO DATE   64                        60      4      103
  SINCE SEP 1     64                        60      4      103
  SINCE JAN 1    757                       742     15      783
..................................................................


WIND (MPH)
  HIGHEST WIND SPEED    13   HIGHEST WIND DIRECTION    NW (320)
  HIGHEST GUST SPEED    16   HIGHEST GUST DIRECTION    NW (310)
  AVERAGE WIND SPEED     3.8


SKY COVER
  AVERAGE SKY COVER 0.4


WEATHER CONDITIONS
 THE FOLLOWING WEATHER WAS RECORDED YESTERDAY.
  FOG
  FOG W/VISIBILITY <= 1/4 MILE


RELATIVE HUMIDITY (PERCENT)
 HIGHEST    96           100 AM
 LOWEST     52           300 PM
 AVERAGE    74

..........................................................


THE SOUTH BEND CLIMATE NORMALS FOR TODAY
                         NORMAL    RECORD    YEAR
 MAXIMUM TEMPERATURE (F)   74        94      1927
 MINIMUM TEMPERATURE (F)   53        35      1959


SUNRISE AND SUNSET
SEPTEMBER 17 2014.....SUNRISE   727 AM EDT   SUNSET   751 PM EDT
SEPTEMBER 18 2014.....SUNRISE   729 AM EDT   SUNSET   749 PM EDT


-  INDICATES NEGATIVE NUMBERS.
R  INDICATES RECORD WAS SET OR TIED.
MM INDICATES DATA IS MISSING.
T  INDICATES TRACE AMOUNT.




$$
