000
CDUS43 KIWX 240025
CLISBN


CLIMATE REPORT
NATIONAL WEATHER SERVICE NORTHERN INDIANA
824 PM EDT MON MAR 23 2015


...................................

...THE SOUTH BEND CLIMATE SUMMARY FOR MARCH 23 2015...
VALID AS OF 0800 PM LOCAL TIME.

CLIMATE NORMAL PERIOD 1981 TO 2010
CLIMATE RECORD PERIOD 1893 TO 2015


WEATHER ITEM   OBSERVED TIME   RECORD YEAR NORMAL DEPARTURE LAST
                VALUE   (LST)  VALUE       VALUE  FROM      YEAR
                                                  NORMAL
..................................................................
TEMPERATURE (F)
 TODAY
  MAXIMUM         33    519 AM  78    1907  50    -17       30
  MINIMUM         27   1138 AM   9    1940  31     -4       17
                                      1916
  AVERAGE         30                        40    -10       24

PRECIPITATION (IN)
  TODAY            0.36          1.15 1913   0.08   0.28     0.00
  MONTH TO DATE    0.50                      1.76  -1.26     1.47
  SINCE MAR 1      0.50                      1.76  -1.26     1.47
  SINCE JAN 1      4.40                      6.00  -1.60     7.41

SNOWFALL (IN)
  TODAY            4.7 R         3.4  1965   0.1    4.6      0.0
  MONTH TO DATE    6.1                       6.1    0.0     10.7
  SINCE MAR 1      6.1                       6.1    0.0     10.7
  SINCE JUL 1     83.9                      64.2   19.7    104.7
  SNOW DEPTH       0

DEGREE DAYS
 HEATING
  TODAY           35                        25     10       41
  MONTH TO DATE  699                       669     30      841
  SINCE MAR 1    699                       669     30      841
  SINCE JUL 1   5796                      5358    438     6024

 COOLING
  TODAY            0                         0      0        0
  MONTH TO DATE    0                         0      0        0
  SINCE MAR 1      0                         0      0        0
  SINCE JAN 1      0                         0      0        0
..................................................................


WIND (MPH)
  RESULTANT WIND SPEED   7   RESULTANT WIND DIRECTION   E (80)
  HIGHEST WIND SPEED    16   HIGHEST WIND DIRECTION     E (100)
  HIGHEST GUST SPEED    21   HIGHEST GUST DIRECTION    SE (120)
  AVERAGE WIND SPEED     7.7


SKY COVER
  POSSIBLE SUNSHINE  MM
  AVERAGE SKY COVER 1.0


WEATHER CONDITIONS
 THE FOLLOWING WEATHER WAS RECORDED TODAY.
  HEAVY SNOW
  SNOW
  LIGHT SNOW
  FOG
  FOG W/VISIBILITY <= 1/4 MILE
  HAZE


RELATIVE HUMIDITY (PERCENT)
 HIGHEST    92          1100 AM
 LOWEST     43           500 AM
 AVERAGE    68

..........................................................


THE SOUTH BEND CLIMATE NORMALS FOR TOMORROW
                         NORMAL    RECORD    YEAR
 MAXIMUM TEMPERATURE (F)   50        82      1907
 MINIMUM TEMPERATURE (F)   31         7      1974


SUNRISE AND SUNSET
MARCH 23 2015.........SUNRISE   744 AM EDT   SUNSET   801 PM EDT
MARCH 24 2015.........SUNRISE   742 AM EDT   SUNSET   802 PM EDT


-  INDICATES NEGATIVE NUMBERS.
R  INDICATES RECORD WAS SET OR TIED.
MM INDICATES DATA IS MISSING.
T  INDICATES TRACE AMOUNT.




$$
