000
CDUS43 KIWX 110527
CLISBN


CLIMATE REPORT
NATIONAL WEATHER SERVICE NORTHERN INDIANA
124 AM EDT WED OCT 11 2017


...................................

...THE SOUTH BEND CLIMATE SUMMARY FOR OCTOBER 10 2017...

CLIMATE NORMAL PERIOD 1981 TO 2010
CLIMATE RECORD PERIOD 1893 TO 2017


WEATHER ITEM   OBSERVED TIME   RECORD YEAR NORMAL DEPARTURE LAST
                VALUE   (LST)  VALUE       VALUE  FROM      YEAR
                                                  NORMAL
..................................................................
TEMPERATURE (F)
 YESTERDAY
  MAXIMUM         74    203 PM  85    1913  64     10       68
                                      1905
  MINIMUM         54    416 AM  26    1925  44     10       43
  AVERAGE         64                        54     10       56

PRECIPITATION (IN)
  YESTERDAY        0.37          2.76 1954   0.11   0.26     0.00
  MONTH TO DATE    1.04                      1.11  -0.07     1.01
  SINCE SEP 1      3.08                      4.64  -1.56     4.75
  SINCE JAN 1     30.67                     29.91   0.76    39.16

SNOWFALL (IN)
  YESTERDAY        0.0           T    1979   0.0    0.0      0.0
                                      1964
  MONTH TO DATE    0.0                       0.0    0.0      0.0
  SINCE SEP 1      0.0                       T      0.0      0.0
  SINCE JUL 1      0.0                       T      0.0      0.0
  SNOW DEPTH       0

DEGREE DAYS
 HEATING
  YESTERDAY        1                        11    -10        9
  MONTH TO DATE   11                        98    -87       54
  SINCE SEP 1    102                       214   -112       84
  SINCE JUL 1    123                       232   -109       92

 COOLING
  YESTERDAY        0                         0      0        0
  MONTH TO DATE   21                         8     13       10
  SINCE SEP 1    139                        90     49      133
  SINCE JAN 1    691                       772    -81      942
..................................................................


WIND (MPH)
  HIGHEST WIND SPEED    14   HIGHEST WIND DIRECTION    NE (40)
  HIGHEST GUST SPEED    18   HIGHEST GUST DIRECTION    NE (30)
  AVERAGE WIND SPEED     6.1


SKY COVER
  AVERAGE SKY COVER 0.6


WEATHER CONDITIONS
 THE FOLLOWING WEATHER WAS RECORDED YESTERDAY.
  HEAVY RAIN
  RAIN
  LIGHT RAIN
  FOG


RELATIVE HUMIDITY (PERCENT)
 HIGHEST   100           100 AM
 LOWEST     68           300 PM
 AVERAGE    84

..........................................................


THE SOUTH BEND CLIMATE NORMALS FOR TODAY
                         NORMAL    RECORD    YEAR
 MAXIMUM TEMPERATURE (F)   64        87      1928
 MINIMUM TEMPERATURE (F)   44        12      1906


SUNRISE AND SUNSET
OCTOBER 11 2017.......SUNRISE   753 AM EDT   SUNSET   710 PM EDT
OCTOBER 12 2017.......SUNRISE   754 AM EDT   SUNSET   708 PM EDT


-  INDICATES NEGATIVE NUMBERS.
R  INDICATES RECORD WAS SET OR TIED.
MM INDICATES DATA IS MISSING.
T  INDICATES TRACE AMOUNT.




$$
