000
CDUS43 KIWX 210548
CLISBN


CLIMATE REPORT
NATIONAL WEATHER SERVICE NORTHERN INDIANA
145 AM EDT FRI APR 21 2017


...................................

...THE SOUTH BEND CLIMATE SUMMARY FOR APRIL 20 2017...

CLIMATE NORMAL PERIOD 1981 TO 2010
CLIMATE RECORD PERIOD 1893 TO 2017


WEATHER ITEM   OBSERVED TIME   RECORD YEAR NORMAL DEPARTURE LAST
                VALUE   (LST)  VALUE       VALUE  FROM      YEAR
                                                  NORMAL
..................................................................
TEMPERATURE (F)
 YESTERDAY
  MAXIMUM         76    236 PM  83    1987  61     15       73
  MINIMUM         51   1159 PM  15    1897  40     11       51
  AVERAGE         64                        51     13       62

PRECIPITATION (IN)
  YESTERDAY        0.53          1.58 1966   0.11   0.42     0.06
  MONTH TO DATE    2.02                      2.12  -0.10     2.29
  SINCE MAR 1      6.25                      4.54   1.71     6.46
  SINCE JAN 1     13.24                      8.78   4.46    10.24

SNOWFALL (IN)
  YESTERDAY        0.0           0.9  1953   0.1   -0.1      0.0
  MONTH TO DATE    0.6                       1.3   -0.7      4.1
  SINCE MAR 1      8.5                       8.4    0.1     10.9
  SINCE JUL 1     42.2                      66.5  -24.3     70.2
  SNOW DEPTH       0

DEGREE DAYS
 HEATING
  YESTERDAY        1                        15    -14        3
  MONTH TO DATE  275                       361    -86      402
  SINCE MAR 1   1137                      1216    -79     1092
  SINCE JUL 1   5114                      5905   -791     5222

 COOLING
  YESTERDAY        0                         0      0        0
  MONTH TO DATE    4                         0      4        0
  SINCE MAR 1      4                         1      3        0
  SINCE JAN 1      4                         1      3        0
..................................................................


WIND (MPH)
  HIGHEST WIND SPEED    28   HIGHEST WIND DIRECTION    NW (300)
  HIGHEST GUST SPEED    35   HIGHEST GUST DIRECTION     W (270)
  AVERAGE WIND SPEED    13.6


SKY COVER
  AVERAGE SKY COVER 0.5


WEATHER CONDITIONS
 THE FOLLOWING WEATHER WAS RECORDED YESTERDAY.
  THUNDERSTORM
  HEAVY RAIN
  LIGHT RAIN
  FOG


RELATIVE HUMIDITY (PERCENT)
 HIGHEST   100          1200 AM
 LOWEST     59           500 PM
 AVERAGE    80

..........................................................


THE SOUTH BEND CLIMATE NORMALS FOR TODAY
                         NORMAL    RECORD    YEAR
 MAXIMUM TEMPERATURE (F)   62        84      1985
 MINIMUM TEMPERATURE (F)   41        22      1904


SUNRISE AND SUNSET
APRIL 21 2017.........SUNRISE   656 AM EDT   SUNSET   833 PM EDT
APRIL 22 2017.........SUNRISE   654 AM EDT   SUNSET   834 PM EDT


-  INDICATES NEGATIVE NUMBERS.
R  INDICATES RECORD WAS SET OR TIED.
MM INDICATES DATA IS MISSING.
T  INDICATES TRACE AMOUNT.




$$
