000
CDUS43 KIWX 090526
CLISBN


CLIMATE REPORT
NATIONAL WEATHER SERVICE NORTHERN INDIANA
124 AM EDT WED AUG 9 2017


...................................

...THE SOUTH BEND CLIMATE SUMMARY FOR AUGUST 8 2017...

CLIMATE NORMAL PERIOD 1981 TO 2010
CLIMATE RECORD PERIOD 1893 TO 2017


WEATHER ITEM   OBSERVED TIME   RECORD YEAR NORMAL DEPARTURE LAST
                VALUE   (LST)  VALUE       VALUE  FROM      YEAR
                                                  NORMAL
..................................................................
TEMPERATURE (F)
 YESTERDAY
  MAXIMUM         79    417 PM 101    1934  82     -3       86
  MINIMUM         51    609 AM  45    1904  63    -12       64
  AVERAGE         65                        72     -7       75

PRECIPITATION (IN)
  YESTERDAY        0.00          2.03 1968   0.12  -0.12     0.00
  MONTH TO DATE    1.06                      1.00   0.06     0.00
  SINCE JUN 1      7.23                      8.79  -1.56     6.49
  SINCE JAN 1     26.46                     22.51   3.95    21.60

DEGREE DAYS
 HEATING
  YESTERDAY        0                         0      0        0
  MONTH TO DATE    5                         0      5        0
  SINCE JUN 1     31                        49    -18       43
  SINCE JUL 1      6                         5      1        8

 COOLING
  YESTERDAY        0                         7     -7       10
  MONTH TO DATE   25                        58    -33       82
  SINCE JUN 1    418                       476    -58      528
  SINCE JAN 1    458                       532    -74      597
..................................................................


WIND (MPH)
  HIGHEST WIND SPEED    15   HIGHEST WIND DIRECTION    NW (310)
  HIGHEST GUST SPEED    19   HIGHEST GUST DIRECTION     W (290)
  AVERAGE WIND SPEED     4.6


SKY COVER
  AVERAGE SKY COVER 0.0


WEATHER CONDITIONS
 THE FOLLOWING WEATHER WAS RECORDED YESTERDAY.
  NO SIGNIFICANT WEATHER WAS OBSERVED.


RELATIVE HUMIDITY (PERCENT)
 HIGHEST   100          1200 AM
 LOWEST     45           500 PM
 AVERAGE    73

..........................................................


THE SOUTH BEND CLIMATE NORMALS FOR TODAY
                         NORMAL    RECORD    YEAR
 MAXIMUM TEMPERATURE (F)   82       105      1934
 MINIMUM TEMPERATURE (F)   63        45      1964


SUNRISE AND SUNSET
AUGUST  9 2017........SUNRISE   648 AM EDT   SUNSET   853 PM EDT
AUGUST 10 2017........SUNRISE   649 AM EDT   SUNSET   852 PM EDT


-  INDICATES NEGATIVE NUMBERS.
R  INDICATES RECORD WAS SET OR TIED.
MM INDICATES DATA IS MISSING.
T  INDICATES TRACE AMOUNT.




$$
