000
CDUS43 KIWX 140538
CLISBN


CLIMATE REPORT
NATIONAL WEATHER SERVICE NORTHERN INDIANA
137 AM EDT SUN SEP 14 2014


...................................

...THE SOUTH BEND CLIMATE SUMMARY FOR SEPTEMBER 13 2014...

CLIMATE NORMAL PERIOD 1981 TO 2010
CLIMATE RECORD PERIOD 1893 TO 2014


WEATHER ITEM   OBSERVED TIME   RECORD YEAR NORMAL DEPARTURE LAST
                VALUE   (LST)  VALUE       VALUE  FROM      YEAR
                                                  NORMAL
..................................................................
TEMPERATURE (F)
 YESTERDAY
  MAXIMUM         61    302 PM  97    1897  75    -14       65
  MINIMUM         43   1159 PM  33    1964  55    -12       47
  AVERAGE         52                        65    -13       56

PRECIPITATION (IN)
  YESTERDAY        0.04          6.58 2008   0.11  -0.07     0.00
  MONTH TO DATE    2.28                      1.53   0.75     0.26
  SINCE SEP 1      2.28                      1.53   0.75     0.26
  SINCE JAN 1     30.49                     26.80   3.69    27.18

DEGREE DAYS
 HEATING
  YESTERDAY       13                         3     10        9
  MONTH TO DATE   34                        23     11        9
  SINCE SEP 1     34                        23     11        9
  SINCE JUL 1     62                        41     21       38

 COOLING
  YESTERDAY        0                         3     -3        0
  MONTH TO DATE   64                        52     12      103
  SINCE SEP 1     64                        52     12      103
  SINCE JAN 1    757                       734     23      783
..................................................................


WIND (MPH)
  HIGHEST WIND SPEED    17   HIGHEST WIND DIRECTION     N (360)
  HIGHEST GUST SPEED    23   HIGHEST GUST DIRECTION    NW (330)
  AVERAGE WIND SPEED     8.1


SKY COVER
  AVERAGE SKY COVER 0.6


WEATHER CONDITIONS
 THE FOLLOWING WEATHER WAS RECORDED YESTERDAY.
  LIGHT RAIN
  FOG


RELATIVE HUMIDITY (PERCENT)
 HIGHEST    93           500 AM
 LOWEST     53           200 PM
 AVERAGE    73

..........................................................


THE SOUTH BEND CLIMATE NORMALS FOR TODAY
                         NORMAL    RECORD    YEAR
 MAXIMUM TEMPERATURE (F)   75        98      1897
 MINIMUM TEMPERATURE (F)   55        36      1899


SUNRISE AND SUNSET
SEPTEMBER 14 2014.....SUNRISE   724 AM EDT   SUNSET   756 PM EDT
SEPTEMBER 15 2014.....SUNRISE   725 AM EDT   SUNSET   755 PM EDT


-  INDICATES NEGATIVE NUMBERS.
R  INDICATES RECORD WAS SET OR TIED.
MM INDICATES DATA IS MISSING.
T  INDICATES TRACE AMOUNT.




$$
