000
CDUS43 KIWX 162030
CLISBN


CLIMATE REPORT
NATIONAL WEATHER SERVICE NORTHERN INDIANA
430 PM EDT TUE MAY 16 2017


...................................

...THE SOUTH BEND CLIMATE SUMMARY FOR MAY 16 2017...
VALID TODAY AS OF 0400 PM LOCAL TIME.

CLIMATE NORMAL PERIOD 1981 TO 2010
CLIMATE RECORD PERIOD 1893 TO 2017


WEATHER ITEM   OBSERVED TIME   RECORD YEAR NORMAL DEPARTURE LAST
                VALUE   (LST)  VALUE       VALUE  FROM      YEAR
                                                  NORMAL
..................................................................
TEMPERATURE (F)
 TODAY
  MAXIMUM         85    259 PM  89    1962  70     15       68
                                      1900
  MINIMUM         62    455 AM  30    1904  49     13       38
  AVERAGE         74                        59     15       53

PRECIPITATION (IN)
  TODAY            0.00          1.90 1996   0.12  -0.12     0.00
  MONTH TO DATE    2.78                      1.89   0.89     2.37
  SINCE MAR 1     10.10                      7.54   2.56    11.21
  SINCE JAN 1     17.09                     11.78   5.31    14.99

DEGREE DAYS
 HEATING
  TODAY            0                         7     -7       12
  MONTH TO DATE  207                       144     63      204
  SINCE MAR 1   1459                      1486    -27     1418
  SINCE JUL 1   5436                      6175   -739     5548

 COOLING
  TODAY            9                         1      8        0
  MONTH TO DATE    9                        14     -5        0
  SINCE MAR 1     20                        24     -4        4
  SINCE JAN 1     20                        24     -4        4
..................................................................


WIND (MPH)
  HIGHEST WIND SPEED    23   HIGHEST WIND DIRECTION     S (190)
  HIGHEST GUST SPEED    33   HIGHEST GUST DIRECTION     S (180)
  AVERAGE WIND SPEED    11.6


SKY COVER
  POSSIBLE SUNSHINE  MM
  AVERAGE SKY COVER 0.0


WEATHER CONDITIONS
 THE FOLLOWING WEATHER WAS RECORDED TODAY.
  NO SIGNIFICANT WEATHER WAS OBSERVED.


RELATIVE HUMIDITY (PERCENT)
 HIGHEST    73           700 AM
 LOWEST     44           200 PM
 AVERAGE    59

..........................................................


THE SOUTH BEND CLIMATE NORMALS FOR TOMORROW
                         NORMAL    RECORD    YEAR
 MAXIMUM TEMPERATURE (F)   70        92      1962
 MINIMUM TEMPERATURE (F)   49        30      1973


SUNRISE AND SUNSET
MAY 16 2017...........SUNRISE   624 AM EDT   SUNSET   859 PM EDT
MAY 17 2017...........SUNRISE   623 AM EDT   SUNSET   900 PM EDT


-  INDICATES NEGATIVE NUMBERS.
R  INDICATES RECORD WAS SET OR TIED.
MM INDICATES DATA IS MISSING.
T  INDICATES TRACE AMOUNT.




$$
