000
CDUS43 KIWX 250020
CLISBN


CLIMATE REPORT
NATIONAL WEATHER SERVICE NORTHERN INDIANA
720 PM EST MON NOV 24 2014


...................................

...THE SOUTH BEND CLIMATE SUMMARY FOR NOVEMBER 24 2014...
VALID AS OF 0700 PM LOCAL TIME.

CLIMATE NORMAL PERIOD 1981 TO 2010
CLIMATE RECORD PERIOD 1893 TO 2014


WEATHER ITEM   OBSERVED TIME   RECORD YEAR NORMAL DEPARTURE LAST
                VALUE   (LST)  VALUE       VALUE  FROM      YEAR
                                                  NORMAL
..................................................................
TEMPERATURE (F)
 TODAY
  MAXIMUM         52    948 AM  65    1973  44      8       26
                                      1931
  MINIMUM         32    659 PM  -6    1950  30      2       19
  AVERAGE         42                        37      5       23

PRECIPITATION (IN)
  TODAY            0.52          0.64 1927   0.11   0.41      T
  MONTH TO DATE    3.19                      2.63   0.56     2.38
  SINCE SEP 1     11.58                      9.48   2.10    10.85
  SINCE JAN 1     39.79                     34.75   5.04    37.77

SNOWFALL (IN)
  TODAY            T             5.0  2004   0.2   -0.2      0.1
  MONTH TO DATE   16.9                       3.2   13.7      2.0
  SINCE SEP 1     17.1                       3.6   13.5      2.3
  SINCE JUL 1     17.1                       3.6   13.5      2.3
  SNOW DEPTH       0

DEGREE DAYS
 HEATING
  TODAY           23                        28     -5       42
  MONTH TO DATE  711                       550    161      573
  SINCE SEP 1   1216                      1073    143     1043
  SINCE JUL 1   1244                      1091    153     1072

 COOLING
  TODAY            0                         0      0        0
  MONTH TO DATE    0                         0      0        0
  SINCE SEP 1     78                        91    -13      148
  SINCE JAN 1    771                       773     -2      828
..................................................................


WIND (MPH)
  RESULTANT WIND SPEED  15   RESULTANT WIND DIRECTION  SW (230)
  HIGHEST WIND SPEED    37   HIGHEST WIND DIRECTION    SW (240)
  HIGHEST GUST SPEED    48   HIGHEST GUST DIRECTION    SW (240)
  AVERAGE WIND SPEED    15.8


SKY COVER
  POSSIBLE SUNSHINE  MM
  AVERAGE SKY COVER 1.0


WEATHER CONDITIONS
 THE FOLLOWING WEATHER WAS RECORDED TODAY.
  RAIN
  LIGHT RAIN
  LIGHT SNOW
  FOG


RELATIVE HUMIDITY (PERCENT)
 HIGHEST   100           900 AM
 LOWEST     89           200 AM
 AVERAGE    95

..........................................................


THE SOUTH BEND CLIMATE NORMALS FOR TOMORROW
                         NORMAL    RECORD    YEAR
 MAXIMUM TEMPERATURE (F)   43        63      1915
 MINIMUM TEMPERATURE (F)   30        -7      1950


SUNRISE AND SUNSET
NOVEMBER 24 2014......SUNRISE   745 AM EST   SUNSET   519 PM EST
NOVEMBER 25 2014......SUNRISE   746 AM EST   SUNSET   518 PM EST


-  INDICATES NEGATIVE NUMBERS.
R  INDICATES RECORD WAS SET OR TIED.
MM INDICATES DATA IS MISSING.
T  INDICATES TRACE AMOUNT.




$$
