000
CDUS43 KIWX 250526
CLISBN


CLIMATE REPORT
NATIONAL WEATHER SERVICE NORTHERN INDIANA
125 AM EDT WED MAR 25 2015


...................................

...THE SOUTH BEND CLIMATE SUMMARY FOR MARCH 24 2015...

CLIMATE NORMAL PERIOD 1981 TO 2010
CLIMATE RECORD PERIOD 1893 TO 2015


WEATHER ITEM   OBSERVED TIME   RECORD YEAR NORMAL DEPARTURE LAST
                VALUE   (LST)  VALUE       VALUE  FROM      YEAR
                                                  NORMAL
..................................................................
TEMPERATURE (F)
 YESTERDAY
  MAXIMUM         40    556 PM  82    1907  50    -10       33
  MINIMUM         15    252 AM   7    1974  31    -16       15
  AVERAGE         28                        40    -12       24

PRECIPITATION (IN)
  YESTERDAY        0.00          1.29 1947   0.08  -0.08     0.00
  MONTH TO DATE    0.43                      1.84  -1.41     1.47
  SINCE MAR 1      0.43                      1.84  -1.41     1.47
  SINCE JAN 1      4.33                      6.08  -1.75     7.41

SNOWFALL (IN)
  YESTERDAY        0.0           3.6  1966   0.2   -0.2      0.0
  MONTH TO DATE    6.1                       6.3   -0.2     10.7
  SINCE MAR 1      6.1                       6.3   -0.2     10.7
  SINCE JUL 1     83.9                      64.4   19.5    104.7
  SNOW DEPTH       4

DEGREE DAYS
 HEATING
  YESTERDAY       37                        25     12       41
  MONTH TO DATE  738                       694     44      882
  SINCE MAR 1    738                       694     44      882
  SINCE JUL 1   5835                      5383    452     6065

 COOLING
  YESTERDAY        0                         0      0        0
  MONTH TO DATE    0                         0      0        0
  SINCE MAR 1      0                         0      0        0
  SINCE JAN 1      0                         0      0        0
..................................................................


WIND (MPH)
  HIGHEST WIND SPEED    21   HIGHEST WIND DIRECTION     E (110)
  HIGHEST GUST SPEED    25   HIGHEST GUST DIRECTION     E (110)
  AVERAGE WIND SPEED    10.0


SKY COVER
  AVERAGE SKY COVER 0.1


WEATHER CONDITIONS
 THE FOLLOWING WEATHER WAS RECORDED YESTERDAY.
  FOG
  FOG W/VISIBILITY <= 1/4 MILE
  HAZE


RELATIVE HUMIDITY (PERCENT)
 HIGHEST    92          1200 AM
 LOWEST     41           100 PM
 AVERAGE    67

..........................................................


THE SOUTH BEND CLIMATE NORMALS FOR TODAY
                         NORMAL    RECORD    YEAR
 MAXIMUM TEMPERATURE (F)   50        84      1910
 MINIMUM TEMPERATURE (F)   31         6      1974
                                             1940


SUNRISE AND SUNSET
MARCH 25 2015.........SUNRISE   741 AM EDT   SUNSET   803 PM EDT
MARCH 26 2015.........SUNRISE   739 AM EDT   SUNSET   804 PM EDT


-  INDICATES NEGATIVE NUMBERS.
R  INDICATES RECORD WAS SET OR TIED.
MM INDICATES DATA IS MISSING.
T  INDICATES TRACE AMOUNT.




$$
