000
CDUS43 KIWX 200522
CLISBN


CLIMATE REPORT
NATIONAL WEATHER SERVICE NORTHERN INDIANA
1222 AM EST SAT JAN 20 2018


...................................

...THE SOUTH BEND CLIMATE SUMMARY FOR JANUARY 19 2018...

CLIMATE NORMAL PERIOD 1981 TO 2010
CLIMATE RECORD PERIOD 1893 TO 2018


WEATHER ITEM   OBSERVED TIME   RECORD YEAR NORMAL DEPARTURE LAST
                VALUE   (LST)  VALUE       VALUE  FROM      YEAR
                                                  NORMAL
..................................................................
TEMPERATURE (F)
 YESTERDAY
  MAXIMUM         35    855 PM  60    1907  31      4       39
  MINIMUM         22    829 AM -21    1994  17      5       33
  AVERAGE         29                        24      5       36

PRECIPITATION (IN)
  YESTERDAY        0.00          1.00 1933   0.07  -0.07     0.17
  MONTH TO DATE    1.27                      1.51  -0.24     2.51
  SINCE DEC 1      2.63                      4.12  -1.49     4.50
  SINCE JAN 1      1.27                      1.51  -0.24     2.51

SNOWFALL (IN)
  YESTERDAY        0.0           5.7  2012   0.7   -0.7      0.0
  MONTH TO DATE   19.5                      12.4    7.1      3.8
  SINCE DEC 1     51.9                      29.7   22.2     27.5
  SINCE JUL 1     51.9                      34.9   17.0     28.0
  SNOW DEPTH       2

DEGREE DAYS
 HEATING
  YESTERDAY       36                        41     -5       29
  MONTH TO DATE  909                       771    138      722
  SINCE DEC 1   2130                      1893    237     1943
  SINCE JUL 1   3313                      3162    151     2844

 COOLING
  YESTERDAY        0                         0      0        0
  MONTH TO DATE    0                         0      0        0
  SINCE DEC 1      0                         0      0        0
  SINCE JAN 1      0                         0      0        0
..................................................................


WIND (MPH)
  HIGHEST WIND SPEED    26   HIGHEST WIND DIRECTION    SW (210)
  HIGHEST GUST SPEED    37   HIGHEST GUST DIRECTION    SW (220)
  AVERAGE WIND SPEED    16.7


SKY COVER
  AVERAGE SKY COVER 0.0


WEATHER CONDITIONS
 THE FOLLOWING WEATHER WAS RECORDED YESTERDAY.
  NO SIGNIFICANT WEATHER WAS OBSERVED.


RELATIVE HUMIDITY (PERCENT)
 HIGHEST    74          1200 AM
 LOWEST     56           200 PM
 AVERAGE    65

..........................................................


THE SOUTH BEND CLIMATE NORMALS FOR TODAY
                         NORMAL    RECORD    YEAR
 MAXIMUM TEMPERATURE (F)   31        65      1907
 MINIMUM TEMPERATURE (F)   17       -22      1943


SUNRISE AND SUNSET
JANUARY 20 2018.......SUNRISE   807 AM EST   SUNSET   546 PM EST
JANUARY 21 2018.......SUNRISE   807 AM EST   SUNSET   547 PM EST


-  INDICATES NEGATIVE NUMBERS.
R  INDICATES RECORD WAS SET OR TIED.
MM INDICATES DATA IS MISSING.
T  INDICATES TRACE AMOUNT.




$$
