000
CDUS43 KIWX 260530
CLISBN


CLIMATE REPORT
NATIONAL WEATHER SERVICE NORTHERN INDIANA
128 AM EDT THU MAR 26 2015


...................................

...THE SOUTH BEND CLIMATE SUMMARY FOR MARCH 25 2015...

CLIMATE NORMAL PERIOD 1981 TO 2010
CLIMATE RECORD PERIOD 1893 TO 2015


WEATHER ITEM   OBSERVED TIME   RECORD YEAR NORMAL DEPARTURE LAST
                VALUE   (LST)  VALUE       VALUE  FROM      YEAR
                                                  NORMAL
..................................................................
TEMPERATURE (F)
 YESTERDAY
  MAXIMUM         48    317 PM  84    1910  50     -2       29
  MINIMUM         34    254 AM   6    1974  31      3       22
                                      1940
  AVERAGE         41                        41      0       26

PRECIPITATION (IN)
  YESTERDAY        0.31          1.25 1904   0.08   0.23     0.05
  MONTH TO DATE    0.74                      1.92  -1.18     1.52
  SINCE MAR 1      0.74                      1.92  -1.18     1.52
  SINCE JAN 1      4.64                      6.16  -1.52     7.46

SNOWFALL (IN)
  YESTERDAY        0.0           4.8  1970   0.1   -0.1      1.0
  MONTH TO DATE    6.1                       6.4   -0.3     11.7
  SINCE MAR 1      6.1                       6.4   -0.3     11.7
  SINCE JUL 1     83.9                      64.5   19.4    105.7
  SNOW DEPTH       0

DEGREE DAYS
 HEATING
  YESTERDAY       24                        24      0       39
  MONTH TO DATE  762                       718     44      921
  SINCE MAR 1    762                       718     44      921
  SINCE JUL 1   5859                      5407    452     6104

 COOLING
  YESTERDAY        0                         0      0        0
  MONTH TO DATE    0                         0      0        0
  SINCE MAR 1      0                         0      0        0
  SINCE JAN 1      0                         0      0        0
..................................................................


WIND (MPH)
  HIGHEST WIND SPEED    24   HIGHEST WIND DIRECTION     W (280)
  HIGHEST GUST SPEED    33   HIGHEST GUST DIRECTION     W (280)
  AVERAGE WIND SPEED    12.3


SKY COVER
  AVERAGE SKY COVER 0.8


WEATHER CONDITIONS
 THE FOLLOWING WEATHER WAS RECORDED YESTERDAY.
  RAIN
  LIGHT RAIN
  FOG
  HAZE


RELATIVE HUMIDITY (PERCENT)
 HIGHEST   100          1100 AM
 LOWEST     56          1200 AM
 AVERAGE    78

..........................................................


THE SOUTH BEND CLIMATE NORMALS FOR TODAY
                         NORMAL    RECORD    YEAR
 MAXIMUM TEMPERATURE (F)   51        79      2007
 MINIMUM TEMPERATURE (F)   32        10      1996
                                             1965


SUNRISE AND SUNSET
MARCH 26 2015.........SUNRISE   739 AM EDT   SUNSET   804 PM EDT
MARCH 27 2015.........SUNRISE   737 AM EDT   SUNSET   805 PM EDT


-  INDICATES NEGATIVE NUMBERS.
R  INDICATES RECORD WAS SET OR TIED.
MM INDICATES DATA IS MISSING.
T  INDICATES TRACE AMOUNT.




$$
