386
CDUS43 KIWX 270600
CLISBN


CLIMATE REPORT
NATIONAL WEATHER SERVICE NORTHERN INDIANA
200 AM EDT MON MAR 27 2017


...................................

...THE SOUTH BEND CLIMATE SUMMARY FOR MARCH 26 2017...

CLIMATE NORMAL PERIOD 1981 TO 2010
CLIMATE RECORD PERIOD 1893 TO 2017


WEATHER ITEM   OBSERVED TIME   RECORD YEAR NORMAL DEPARTURE LAST
                VALUE   (LST)  VALUE       VALUE  FROM      YEAR
                                                  NORMAL
..................................................................
TEMPERATURE (F)
 YESTERDAY
  MAXIMUM         58    142 PM  79    2007  51      7       55
  MINIMUM         44    631 AM  10    1996  32     12       30
                                      1965
  AVERAGE         51                        41     10       43

PRECIPITATION (IN)
  YESTERDAY        0.89          1.39 1959   0.08   0.81     0.00
  MONTH TO DATE    2.94                      2.00   0.94     2.70
  SINCE MAR 1      2.94                      2.00   0.94     2.70
  SINCE JAN 1      9.93                      6.24   3.69     6.48

SNOWFALL (IN)
  YESTERDAY       MM             8.0  1930   0.1   MM        0.0
  MONTH TO DATE    7.9                       6.5    1.4      6.8
  SINCE MAR 1      7.9                       6.5    1.4      6.8
  SINCE JUL 1     41.6                      64.6  -23.0     66.1
  SNOW DEPTH       0

DEGREE DAYS
 HEATING
  YESTERDAY       14                        24    -10       22
  MONTH TO DATE  754                       742     12      599
  SINCE MAR 1    754                       742     12      599
  SINCE JUL 1   4731                      5431   -700     4729

 COOLING
  YESTERDAY        0                         0      0        0
  MONTH TO DATE    0                         0      0        0
  SINCE MAR 1      0                         0      0        0
  SINCE JAN 1      0                         0      0        0
..................................................................


WIND (MPH)
  HIGHEST WIND SPEED    17   HIGHEST WIND DIRECTION    SE (120)
  HIGHEST GUST SPEED    22   HIGHEST GUST DIRECTION    SE (120)
  AVERAGE WIND SPEED     8.1


SKY COVER
  AVERAGE SKY COVER 1.0


WEATHER CONDITIONS
 THE FOLLOWING WEATHER WAS RECORDED YESTERDAY.
  HEAVY RAIN
  RAIN
  LIGHT RAIN
  FOG
  HAZE


RELATIVE HUMIDITY (PERCENT)
 HIGHEST   100          1100 AM
 LOWEST    100          1100 AM
 AVERAGE   100

..........................................................


THE SOUTH BEND CLIMATE NORMALS FOR TODAY
                         NORMAL    RECORD    YEAR
 MAXIMUM TEMPERATURE (F)   51        82      1907
 MINIMUM TEMPERATURE (F)   32         4      1965


SUNRISE AND SUNSET
MARCH 27 2017.........SUNRISE   736 AM EDT   SUNSET   805 PM EDT
MARCH 28 2017.........SUNRISE   735 AM EDT   SUNSET   807 PM EDT


-  INDICATES NEGATIVE NUMBERS.
R  INDICATES RECORD WAS SET OR TIED.
MM INDICATES DATA IS MISSING.
T  INDICATES TRACE AMOUNT.




$$
