000
CDUS43 KIWX 120021
CLISBN


CLIMATE REPORT
NATIONAL WEATHER SERVICE NORTHERN INDIANA
721 PM EST WED JAN 11 2017


...................................

...THE SOUTH BEND CLIMATE SUMMARY FOR JANUARY 11 2017...
VALID AS OF 0700 PM LOCAL TIME.

CLIMATE NORMAL PERIOD 1981 TO 2010
CLIMATE RECORD PERIOD 1893 TO 2017


WEATHER ITEM   OBSERVED TIME   RECORD YEAR NORMAL DEPARTURE LAST
                VALUE   (LST)  VALUE       VALUE  FROM      YEAR
                                                  NORMAL
..................................................................
TEMPERATURE (F)
 TODAY
  MAXIMUM         50        MM  56    1980  31     19       23
  MINIMUM         26        MM  -8    1962  18      8        2
  AVERAGE         38                        24     14       13

PRECIPITATION (IN)
  TODAY            0.11          0.70 1895   0.08   0.03     0.05
  MONTH TO DATE    1.25                      0.91   0.34     0.95
  SINCE DEC 1      3.24                      3.52  -0.28     5.07
  SINCE JAN 1      1.25                      0.91   0.34     0.95

SNOWFALL (IN)
  TODAY            0.0           6.6  1981   0.7   -0.7      1.1
  MONTH TO DATE    3.8                       7.0   -3.2      7.6
  SINCE DEC 1     27.5                      24.3    3.2      9.0
  SINCE JUL 1     28.0                      29.5   -1.5     18.1
  SNOW DEPTH       0

DEGREE DAYS
 HEATING
  TODAY           27                        41    -14       52
  MONTH TO DATE  455                       443     12      427
  SINCE DEC 1   1676                      1565    111     1213
  SINCE JUL 1   2577                      2834   -257     2280

 COOLING
  TODAY            0                         0      0        0
  MONTH TO DATE    0                         0      0        0
  SINCE DEC 1      0                         0      0        0
  SINCE JAN 1      0                         0      0        0
..................................................................


WIND (MPH)
  RESULTANT WIND SPEED  12   RESULTANT WIND DIRECTION   S (190)
  HIGHEST WIND SPEED    17   HIGHEST WIND DIRECTION     S (180)
  HIGHEST GUST SPEED    35   HIGHEST GUST DIRECTION     S (190)
  AVERAGE WIND SPEED    13.3


SKY COVER
  POSSIBLE SUNSHINE  MM
  AVERAGE SKY COVER 0.4


WEATHER CONDITIONS
 THE FOLLOWING WEATHER WAS RECORDED TODAY.
  THUNDERSTORM
  FOG


RELATIVE HUMIDITY (PERCENT)
 HIGHEST   100           300 PM
 LOWEST     70          1200 PM
 AVERAGE    85

..........................................................


THE SOUTH BEND CLIMATE NORMALS FOR TOMORROW
                         NORMAL    RECORD    YEAR
 MAXIMUM TEMPERATURE (F)   31        62      2005
 MINIMUM TEMPERATURE (F)   17       -19      1918


SUNRISE AND SUNSET
JANUARY 11 2017.......SUNRISE   811 AM EST   SUNSET   536 PM EST
JANUARY 12 2017.......SUNRISE   811 AM EST   SUNSET   537 PM EST


-  INDICATES NEGATIVE NUMBERS.
R  INDICATES RECORD WAS SET OR TIED.
MM INDICATES DATA IS MISSING.
T  INDICATES TRACE AMOUNT.




$$
