000
CDUS43 KIWX 280527
CLISBN


CLIMATE REPORT
NATIONAL WEATHER SERVICE NORTHERN INDIANA
1225 AM EST SAT FEB 28 2015


...................................

...THE SOUTH BEND CLIMATE SUMMARY FOR FEBRUARY 27 2015...

CLIMATE NORMAL PERIOD 1981 TO 2010
CLIMATE RECORD PERIOD 1893 TO 2015


WEATHER ITEM   OBSERVED TIME   RECORD YEAR NORMAL DEPARTURE LAST
                VALUE   (LST)  VALUE       VALUE  FROM      YEAR
                                                  NORMAL
..................................................................
TEMPERATURE (F)
 YESTERDAY
  MAXIMUM         19    335 PM  69    1976  39    -20       19
  MINIMUM         -8R   540 AM  -5    1897  23    -31       -2
  AVERAGE          6                        31    -25        9

PRECIPITATION (IN)
  YESTERDAY        0.00          1.40 1948   0.08  -0.08     0.01
  MONTH TO DATE    1.95                      1.87   0.08     2.82
  SINCE DEC 1      5.34                      6.77  -1.43     8.27
  SINCE JAN 1      3.87                      4.16  -0.29     5.94

SNOWFALL (IN)
  YESTERDAY        0.0           5.2  2002   0.4   -0.4      0.4
  MONTH TO DATE   35.9                      14.6   21.3     19.7
  SINCE DEC 1     58.2                      52.5    5.7     84.8
  SINCE JUL 1     77.5                      57.7   19.8     94.0
  SNOW DEPTH      10

DEGREE DAYS
 HEATING
  YESTERDAY       59                        34     25       56
  MONTH TO DATE 1311                      1010    301     1240
  SINCE DEC 1   3597                      3389    208     3841
  SINCE JUL 1   5039                      4658    381     5130

 COOLING
  YESTERDAY        0                         0      0        0
  MONTH TO DATE    0                         0      0        0
  SINCE DEC 1      0                         0      0        0
  SINCE JAN 1      0                         0      0        0
..................................................................


WIND (MPH)
  HIGHEST WIND SPEED    14   HIGHEST WIND DIRECTION    SW (240)
  HIGHEST GUST SPEED    19   HIGHEST GUST DIRECTION     W (280)
  AVERAGE WIND SPEED     5.2


SKY COVER
  AVERAGE SKY COVER 0.2


WEATHER CONDITIONS
 THE FOLLOWING WEATHER WAS RECORDED YESTERDAY.
  NO SIGNIFICANT WEATHER WAS OBSERVED.


RELATIVE HUMIDITY (PERCENT)
 HIGHEST    79          1200 AM
 LOWEST     47           400 PM
 AVERAGE    63

..........................................................


THE SOUTH BEND CLIMATE NORMALS FOR TODAY
                         NORMAL    RECORD    YEAR
 MAXIMUM TEMPERATURE (F)   40        61      1895
 MINIMUM TEMPERATURE (F)   24        -4      2014


SUNRISE AND SUNSET
FEBRUARY 28 2015......SUNRISE   722 AM EST   SUNSET   634 PM EST
MARCH  1 2015.........SUNRISE   720 AM EST   SUNSET   635 PM EST


-  INDICATES NEGATIVE NUMBERS.
R  INDICATES RECORD WAS SET OR TIED.
MM INDICATES DATA IS MISSING.
T  INDICATES TRACE AMOUNT.




$$
