000
CDUS43 KIWX 140531
CLISBN


CLIMATE REPORT
NATIONAL WEATHER SERVICE NORTHERN INDIANA
129 AM EDT THU SEP 14 2017


...................................

...THE SOUTH BEND CLIMATE SUMMARY FOR SEPTEMBER 13 2017...

CLIMATE NORMAL PERIOD 1981 TO 2010
CLIMATE RECORD PERIOD 1893 TO 2017


WEATHER ITEM   OBSERVED TIME   RECORD YEAR NORMAL DEPARTURE LAST
                VALUE   (LST)  VALUE       VALUE  FROM      YEAR
                                                  NORMAL
..................................................................
TEMPERATURE (F)
 YESTERDAY
  MAXIMUM         68    544 PM  97    1897  75     -7       83
  MINIMUM         58   1159 PM  33    1964  55      3       56
  AVERAGE         63                        65     -2       70

PRECIPITATION (IN)
  YESTERDAY        T             6.58 2008   0.11  -0.11     0.00
  MONTH TO DATE    1.11                      1.53  -0.42     1.16
  SINCE SEP 1      1.11                      1.53  -0.42     1.16
  SINCE JAN 1     28.70                     26.80   1.90    35.57

DEGREE DAYS
 HEATING
  YESTERDAY        2                         3     -1        0
  MONTH TO DATE   67                        23     44        4
  SINCE SEP 1     67                        23     44        4
  SINCE JUL 1     88                        41     47       12

 COOLING
  YESTERDAY        0                         3     -3        5
  MONTH TO DATE    7                        52    -45       69
  SINCE SEP 1      7                        52    -45       69
  SINCE JAN 1    559                       734   -175      878
..................................................................


WIND (MPH)
  HIGHEST WIND SPEED    14   HIGHEST WIND DIRECTION    SE (150)
  HIGHEST GUST SPEED    16   HIGHEST GUST DIRECTION    SE (150)
  AVERAGE WIND SPEED     5.5


SKY COVER
  AVERAGE SKY COVER 0.9


WEATHER CONDITIONS
 THE FOLLOWING WEATHER WAS RECORDED YESTERDAY.
  LIGHT RAIN
  FOG


RELATIVE HUMIDITY (PERCENT)
 HIGHEST   100           900 AM
 LOWEST     72           200 AM
 AVERAGE    86

..........................................................


THE SOUTH BEND CLIMATE NORMALS FOR TODAY
                         NORMAL    RECORD    YEAR
 MAXIMUM TEMPERATURE (F)   75        98      1897
 MINIMUM TEMPERATURE (F)   55        36      1899


SUNRISE AND SUNSET
SEPTEMBER 14 2017.....SUNRISE   725 AM EDT   SUNSET   756 PM EDT
SEPTEMBER 15 2017.....SUNRISE   726 AM EDT   SUNSET   754 PM EDT


-  INDICATES NEGATIVE NUMBERS.
R  INDICATES RECORD WAS SET OR TIED.
MM INDICATES DATA IS MISSING.
T  INDICATES TRACE AMOUNT.




$$
