000
CDUS43 KIWX 110526
CLISBN


CLIMATE REPORT
NATIONAL WEATHER SERVICE NORTHERN INDIANA
125 AM EDT TUE JUL 11 2017


...................................

...THE SOUTH BEND CLIMATE SUMMARY FOR JULY 10 2017...

CLIMATE NORMAL PERIOD 1981 TO 2010
CLIMATE RECORD PERIOD 1893 TO 2017


WEATHER ITEM   OBSERVED TIME   RECORD YEAR NORMAL DEPARTURE LAST
                VALUE   (LST)  VALUE       VALUE  FROM      YEAR
                                                  NORMAL
..................................................................
TEMPERATURE (F)
 YESTERDAY
  MAXIMUM         79    244 PM 106    1936  83     -4       82
  MINIMUM         67   1007 AM  44    1895  63      4       55
  AVERAGE         73                        73      0       69

PRECIPITATION (IN)
  YESTERDAY        0.29          1.38 1905   0.13   0.16     0.00
  MONTH TO DATE    1.61                      1.22   0.39     0.47
  SINCE JUN 1      4.03                      5.01  -0.98     3.72
  SINCE JAN 1     23.26                     18.73   4.53    18.83

DEGREE DAYS
 HEATING
  YESTERDAY        0                         0      0        0
  MONTH TO DATE    1                         0      1        8
  SINCE JUN 1     26                        44    -18       43
  SINCE JUL 1      1                         0      1        8

 COOLING
  YESTERDAY        8                         8      0        4
  MONTH TO DATE   64                        80    -16       54
  SINCE JUN 1    237                       245     -8      230
  SINCE JAN 1    277                       301    -24      299
..................................................................


WIND (MPH)
  HIGHEST WIND SPEED    18   HIGHEST WIND DIRECTION     E (110)
  HIGHEST GUST SPEED    23   HIGHEST GUST DIRECTION    NW (300)
  AVERAGE WIND SPEED     7.0


SKY COVER
  AVERAGE SKY COVER 0.5


WEATHER CONDITIONS
 THE FOLLOWING WEATHER WAS RECORDED YESTERDAY.
  THUNDERSTORM
  HEAVY RAIN
  LIGHT RAIN
  FOG


RELATIVE HUMIDITY (PERCENT)
 HIGHEST   100           900 AM
 LOWEST     68          1200 AM
 AVERAGE    84

..........................................................


THE SOUTH BEND CLIMATE NORMALS FOR TODAY
                         NORMAL    RECORD    YEAR
 MAXIMUM TEMPERATURE (F)   83       105      1936
 MINIMUM TEMPERATURE (F)   63        45      1917


SUNRISE AND SUNSET
JULY 11 2017..........SUNRISE   621 AM EDT   SUNSET   920 PM EDT
JULY 12 2017..........SUNRISE   622 AM EDT   SUNSET   920 PM EDT


-  INDICATES NEGATIVE NUMBERS.
R  INDICATES RECORD WAS SET OR TIED.
MM INDICATES DATA IS MISSING.
T  INDICATES TRACE AMOUNT.




$$
