000
CDUS43 KIWX 230523
CLISBN


CLIMATE REPORT
NATIONAL WEATHER SERVICE NORTHERN INDIANA
1223 AM EST SUN NOV 23 2014


...................................

...THE SOUTH BEND CLIMATE SUMMARY FOR NOVEMBER 22 2014...

CLIMATE NORMAL PERIOD 1981 TO 2010
CLIMATE RECORD PERIOD 1893 TO 2014


WEATHER ITEM   OBSERVED TIME   RECORD YEAR NORMAL DEPARTURE LAST
                VALUE   (LST)  VALUE       VALUE  FROM      YEAR
                                                  NORMAL
..................................................................
TEMPERATURE (F)
 YESTERDAY
  MAXIMUM         51   1159 PM  68    1913  45      6       46
  MINIMUM         28   1216 AM   3    1929  31     -3       26
  AVERAGE         40                        38      2       36

PRECIPITATION (IN)
  YESTERDAY        0.08          1.34 1909   0.11  -0.03     0.03
  MONTH TO DATE    1.43                      2.40  -0.97     2.38
  SINCE SEP 1      9.82                      9.25   0.57    10.85
  SINCE JAN 1     38.03                     34.52   3.51    37.77

SNOWFALL (IN)
  YESTERDAY        0.0           2.9  1956   0.2   -0.2      0.0
  MONTH TO DATE   16.9                       2.7   14.2      1.8
  SINCE SEP 1     17.1                       3.1   14.0      2.1
  SINCE JUL 1     17.1                       3.1   14.0      2.1
  SNOW DEPTH       1

DEGREE DAYS
 HEATING
  YESTERDAY       25                        27     -2       29
  MONTH TO DATE  675                       494    181      492
  SINCE SEP 1   1180                      1017    163      962
  SINCE JUL 1   1208                      1035    173      991

 COOLING
  YESTERDAY        0                         0      0        0
  MONTH TO DATE    0                         0      0        0
  SINCE SEP 1     78                        91    -13      148
  SINCE JAN 1    771                       773     -2      828
..................................................................


WIND (MPH)
  HIGHEST WIND SPEED    17   HIGHEST WIND DIRECTION     S (200)
  HIGHEST GUST SPEED    23   HIGHEST GUST DIRECTION     S (200)
  AVERAGE WIND SPEED    11.8


SKY COVER
  AVERAGE SKY COVER 1.0


WEATHER CONDITIONS
 THE FOLLOWING WEATHER WAS RECORDED YESTERDAY.
  LIGHT RAIN
  FOG


RELATIVE HUMIDITY (PERCENT)
 HIGHEST    93           600 PM
 LOWEST     49           200 AM
 AVERAGE    71

..........................................................


THE SOUTH BEND CLIMATE NORMALS FOR TODAY
                         NORMAL    RECORD    YEAR
 MAXIMUM TEMPERATURE (F)   44        71      1931
 MINIMUM TEMPERATURE (F)   31         1      1950


SUNRISE AND SUNSET
NOVEMBER 23 2014......SUNRISE   744 AM EST   SUNSET   519 PM EST
NOVEMBER 24 2014......SUNRISE   745 AM EST   SUNSET   519 PM EST


-  INDICATES NEGATIVE NUMBERS.
R  INDICATES RECORD WAS SET OR TIED.
MM INDICATES DATA IS MISSING.
T  INDICATES TRACE AMOUNT.




$$
