000
CDUS43 KIWX 160522
CLISBN


CLIMATE REPORT
NATIONAL WEATHER SERVICE NORTHERN INDIANA
122 AM EDT SAT AUG 16 2014


...................................

...THE SOUTH BEND CLIMATE SUMMARY FOR AUGUST 15 2014...

CLIMATE NORMAL PERIOD 1981 TO 2010
CLIMATE RECORD PERIOD 1893 TO 2014


WEATHER ITEM   OBSERVED TIME   RECORD YEAR NORMAL DEPARTURE LAST
                VALUE   (LST)  VALUE       VALUE  FROM      YEAR
                                                  NORMAL
..................................................................
TEMPERATURE (F)
 YESTERDAY
  MAXIMUM         76    455 PM  94    1944  81     -5       75
  MINIMUM         46    541 AM  44    1964  62    -16       48
  AVERAGE         61                        72    -11       62

PRECIPITATION (IN)
  YESTERDAY        0.00          2.35 1934   0.13  -0.13     0.00
  MONTH TO DATE    0.87                      1.86  -0.99     2.64
  SINCE JUN 1     11.80                      9.65   2.15     9.23
  SINCE JAN 1     26.88                     23.37   3.51    26.53

DEGREE DAYS
 HEATING
  YESTERDAY        4                         0      4        3
  MONTH TO DATE   10                         0     10       15
  SINCE JUN 1     45                        49     -4       66
  SINCE JUL 1     28                         5     23       29

 COOLING
  YESTERDAY        0                         7     -7        0
  MONTH TO DATE   85                       107    -22       57
  SINCE JUN 1    441                       525    -84      451
  SINCE JAN 1    526                       581    -55      547
..................................................................


WIND (MPH)
  HIGHEST WIND SPEED    14   HIGHEST WIND DIRECTION    SW (240)
  HIGHEST GUST SPEED    18   HIGHEST GUST DIRECTION     W (250)
  AVERAGE WIND SPEED     3.2


SKY COVER
  AVERAGE SKY COVER 0.0


WEATHER CONDITIONS
 THE FOLLOWING WEATHER WAS RECORDED YESTERDAY.
  NO SIGNIFICANT WEATHER WAS OBSERVED.


RELATIVE HUMIDITY (PERCENT)
 HIGHEST    86           100 AM
 LOWEST     33           100 PM
 AVERAGE    60

..........................................................


THE SOUTH BEND CLIMATE NORMALS FOR TODAY
                         NORMAL    RECORD    YEAR
 MAXIMUM TEMPERATURE (F)   81        98      1988
 MINIMUM TEMPERATURE (F)   62        44      1929


SUNRISE AND SUNSET
AUGUST 16 2014........SUNRISE   655 AM EDT   SUNSET   844 PM EDT
AUGUST 17 2014........SUNRISE   656 AM EDT   SUNSET   842 PM EDT


-  INDICATES NEGATIVE NUMBERS.
R  INDICATES RECORD WAS SET OR TIED.
MM INDICATES DATA IS MISSING.
T  INDICATES TRACE AMOUNT.




$$
