000
CDUS43 KIWX 100039
CLISBN


CLIMATE REPORT
NATIONAL WEATHER SERVICE NORTHERN INDIANA
738 PM EST FRI FEB 9 2018


...................................

...THE SOUTH BEND CLIMATE SUMMARY FOR FEBRUARY 9 2018...
VALID AS OF 0700 PM LOCAL TIME.

CLIMATE NORMAL PERIOD 1981 TO 2010
CLIMATE RECORD PERIOD 1893 TO 2018


WEATHER ITEM   OBSERVED TIME   RECORD YEAR NORMAL DEPARTURE LAST
                VALUE   (LST)  VALUE       VALUE  FROM      YEAR
                                                  NORMAL
..................................................................
TEMPERATURE (F)
 TODAY
  MAXIMUM         29   1204 PM  60    1925  33     -4       24
  MINIMUM         17    153 AM -20    1899  19     -2       14
  AVERAGE         23                        26     -3       19

PRECIPITATION (IN)
  TODAY            0.72          1.20 2001   0.06   0.66      T
  MONTH TO DATE    1.43                      0.56   0.87     1.43
  SINCE DEC 1      4.72                      5.46  -0.74     6.76
  SINCE JAN 1      3.36                      2.85   0.51     4.77

SNOWFALL (IN)
  TODAY            9.8 R         6.0  1909   0.6    9.2       T
  MONTH TO DATE   24.9                       5.6   19.3      0.3
  SINCE DEC 1     79.3                      43.5   35.8     33.1
  SINCE JUL 1     79.3                      48.7   30.6     33.6
  SNOW DEPTH      10

DEGREE DAYS
 HEATING
  TODAY           42                        39      3       46
  MONTH TO DATE  433                       356     77      328
  SINCE DEC 1   2925                      2735    190     2635
  SINCE JUL 1   4108                      4004    104     3536

 COOLING
  TODAY            0                         0      0        0
  MONTH TO DATE    0                         0      0        0
  SINCE DEC 1      0                         0      0        0
  SINCE JAN 1      0                         0      0        0
..................................................................


WIND (MPH)
  RESULTANT WIND SPEED   3   RESULTANT WIND DIRECTION   E (80)
  HIGHEST WIND SPEED    14   HIGHEST WIND DIRECTION    SE (120)
  HIGHEST GUST SPEED    16   HIGHEST GUST DIRECTION     E (100)
  AVERAGE WIND SPEED     7.3


SKY COVER
  POSSIBLE SUNSHINE  MM
  AVERAGE SKY COVER 1.0


WEATHER CONDITIONS
 THE FOLLOWING WEATHER WAS RECORDED TODAY.
  SNOW
  LIGHT SNOW
  FOG
  FOG W/VISIBILITY <= 1/4 MILE


RELATIVE HUMIDITY (PERCENT)
 HIGHEST    96           600 PM
 LOWEST     84          1200 AM
 AVERAGE    90

..........................................................


THE SOUTH BEND CLIMATE NORMALS FOR TOMORROW
                         NORMAL    RECORD    YEAR
 MAXIMUM TEMPERATURE (F)   34        62      2009
 MINIMUM TEMPERATURE (F)   19       -20      1899


SUNRISE AND SUNSET
FEBRUARY  9 2018......SUNRISE   748 AM EST   SUNSET   611 PM EST
FEBRUARY 10 2018......SUNRISE   747 AM EST   SUNSET   612 PM EST


-  INDICATES NEGATIVE NUMBERS.
R  INDICATES RECORD WAS SET OR TIED.
MM INDICATES DATA IS MISSING.
T  INDICATES TRACE AMOUNT.




$$
