000
CDUS43 KIWX 240524
CLISBN


CLIMATE REPORT
NATIONAL WEATHER SERVICE NORTHERN INDIANA
123 AM EDT SUN AUG 24 2014


...................................

...THE SOUTH BEND CLIMATE SUMMARY FOR AUGUST 23 2014...

CLIMATE NORMAL PERIOD 1981 TO 2010
CLIMATE RECORD PERIOD 1893 TO 2014


WEATHER ITEM   OBSERVED TIME   RECORD YEAR NORMAL DEPARTURE LAST
                VALUE   (LST)  VALUE       VALUE  FROM      YEAR
                                                  NORMAL
..................................................................
TEMPERATURE (F)
 YESTERDAY
  MAXIMUM         86    235 PM  95    1959  81      5       82
                                      1947
                                      1914
  MINIMUM         70    459 AM  44    1920  61      9       59
  AVERAGE         78                        71      7       71

PRECIPITATION (IN)
  YESTERDAY        0.00          1.75 2007   0.11  -0.11     0.00
  MONTH TO DATE    1.40                      2.81  -1.41     2.99
  SINCE JUN 1     12.33                     10.60   1.73     9.58
  SINCE JAN 1     27.41                     24.32   3.09    26.88

DEGREE DAYS
 HEATING
  YESTERDAY        0                         0      0        0
  MONTH TO DATE   10                         0     10       15
  SINCE JUN 1     45                        49     -4       66
  SINCE JUL 1     28                         5     23       29

 COOLING
  YESTERDAY       13                         6      7        6
  MONTH TO DATE  169                       160      9      102
  SINCE JUN 1    525                       578    -53      496
  SINCE JAN 1    610                       634    -24      592
..................................................................


WIND (MPH)
  HIGHEST WIND SPEED    17   HIGHEST WIND DIRECTION     E (110)
  HIGHEST GUST SPEED    22   HIGHEST GUST DIRECTION     E (100)
  AVERAGE WIND SPEED     6.3


SKY COVER
  AVERAGE SKY COVER 0.5


WEATHER CONDITIONS
 THE FOLLOWING WEATHER WAS RECORDED YESTERDAY.
  FOG
  FOG W/VISIBILITY <= 1/4 MILE
  HAZE


RELATIVE HUMIDITY (PERCENT)
 HIGHEST   100           500 AM
 LOWEST     65           200 PM
 AVERAGE    83

..........................................................


THE SOUTH BEND CLIMATE NORMALS FOR TODAY
                         NORMAL    RECORD    YEAR
 MAXIMUM TEMPERATURE (F)   80        97      1948
                                             1921
 MINIMUM TEMPERATURE (F)   61        42      1927


SUNRISE AND SUNSET
AUGUST 24 2014........SUNRISE   703 AM EDT   SUNSET   831 PM EDT
AUGUST 25 2014........SUNRISE   704 AM EDT   SUNSET   830 PM EDT


-  INDICATES NEGATIVE NUMBERS.
R  INDICATES RECORD WAS SET OR TIED.
MM INDICATES DATA IS MISSING.
T  INDICATES TRACE AMOUNT.




$$
