191
CDUS43 KIWX 070524
CLISBN


CLIMATE REPORT
NATIONAL WEATHER SERVICE NORTHERN INDIANA
1224 AM EST SUN FEB 7 2016


...................................

...THE SOUTH BEND CLIMATE SUMMARY FOR FEBRUARY 6 2016...

CLIMATE NORMAL PERIOD 1981 TO 2010
CLIMATE RECORD PERIOD 1893 TO 2016


WEATHER ITEM   OBSERVED TIME   RECORD YEAR NORMAL DEPARTURE LAST
                VALUE   (LST)  VALUE       VALUE  FROM      YEAR
                                                  NORMAL
..................................................................
TEMPERATURE (F)
 YESTERDAY
  MAXIMUM         39    525 PM  56    1938  33      6       30
  MINIMUM         19    521 AM -11    1978  19      0       10
  AVERAGE         29                        26      3       20

PRECIPITATION (IN)
  YESTERDAY        0.00          0.85 1943   0.06  -0.06     0.00
  MONTH TO DATE    0.46                      0.37   0.09     1.29
  SINCE DEC 1      6.18                      5.27   0.91     4.68
  SINCE JAN 1      2.06                      2.66  -0.60     3.21

SNOWFALL (IN)
  YESTERDAY        0.0           6.0  1911   0.6   -0.6      0.0
  MONTH TO DATE    T                         3.8   -3.8     18.8
  SINCE DEC 1     20.1                      41.7  -21.6     41.1
  SINCE JUL 1     29.2                      46.9  -17.7     60.4
  SNOW DEPTH       0

DEGREE DAYS
 HEATING
  YESTERDAY       36                        39     -3       45
  MONTH TO DATE  201                       239    -38      275
  SINCE DEC 1   2227                      2618   -391     2561
  SINCE JUL 1   3294                      3887   -593     4003

 COOLING
  YESTERDAY        0                         0      0        0
  MONTH TO DATE    0                         0      0        0
  SINCE DEC 1      0                         0      0        0
  SINCE JAN 1      0                         0      0        0
..................................................................


WIND (MPH)
  HIGHEST WIND SPEED    18   HIGHEST WIND DIRECTION    SW (220)
  HIGHEST GUST SPEED    24   HIGHEST GUST DIRECTION    SW (220)
  AVERAGE WIND SPEED     8.2


SKY COVER
  AVERAGE SKY COVER 0.2


WEATHER CONDITIONS
 THE FOLLOWING WEATHER WAS RECORDED YESTERDAY.
  FOG


RELATIVE HUMIDITY (PERCENT)
 HIGHEST   100           300 AM
 LOWEST     56           200 PM
 AVERAGE    78

..........................................................


THE SOUTH BEND CLIMATE NORMALS FOR TODAY
                         NORMAL    RECORD    YEAR
 MAXIMUM TEMPERATURE (F)   33        63      1925
 MINIMUM TEMPERATURE (F)   19       -14      1978


SUNRISE AND SUNSET
FEBRUARY  7 2016......SUNRISE   751 AM EST   SUNSET   608 PM EST
FEBRUARY  8 2016......SUNRISE   750 AM EST   SUNSET   609 PM EST


-  INDICATES NEGATIVE NUMBERS.
R  INDICATES RECORD WAS SET OR TIED.
MM INDICATES DATA IS MISSING.
T  INDICATES TRACE AMOUNT.




$$
