000
CDUS43 KIWX 240530
CLISBN


CLIMATE REPORT
NATIONAL WEATHER SERVICE NORTHERN INDIANA
129 AM EDT SUN MAY 24 2015


...................................

...THE SOUTH BEND CLIMATE SUMMARY FOR MAY 23 2015...

CLIMATE NORMAL PERIOD 1981 TO 2010
CLIMATE RECORD PERIOD 1893 TO 2015


WEATHER ITEM   OBSERVED TIME   RECORD YEAR NORMAL DEPARTURE LAST
                VALUE   (LST)  VALUE       VALUE  FROM      YEAR
                                                  NORMAL
..................................................................
TEMPERATURE (F)
 YESTERDAY
  MAXIMUM         81    540 PM  92    1921  72      9       67
  MINIMUM         44    505 AM  31    1963  51     -7       46
  AVERAGE         63                        61      2       57

PRECIPITATION (IN)
  YESTERDAY        0.00          1.85 1907   0.13  -0.13     0.00
  MONTH TO DATE    3.05                      2.78   0.27     3.79
  SINCE MAR 1      6.23                      8.43  -2.20     7.83
  SINCE JAN 1     10.13                     12.67  -2.54    13.77

SNOWFALL (IN)
  YESTERDAY        0.0           0.0  2002   0.0    0.0      0.0
                                      2001
  MONTH TO DATE    0.0                       0.0    0.0      0.0
  SINCE MAR 1      6.1                       8.5   -2.4     12.9
  SINCE JUL 1     83.9                      66.6   17.3    106.9
  SNOW DEPTH       0

DEGREE DAYS
 HEATING
  YESTERDAY        2                         6     -4        8
  MONTH TO DATE  121                       188    -67      203
  SINCE MAR 1   1496                      1530    -34     1748
  SINCE JUL 1   6593                      6219    374     6931

 COOLING
  YESTERDAY        0                         2     -2        0
  MONTH TO DATE   47                        28     19       39
  SINCE MAR 1     49                        38     11       41
  SINCE JAN 1     49                        38     11       41
..................................................................


WIND (MPH)
  HIGHEST WIND SPEED    14   HIGHEST WIND DIRECTION     S (190)
  HIGHEST GUST SPEED    21   HIGHEST GUST DIRECTION     S (160)
  AVERAGE WIND SPEED     3.7


SKY COVER
  AVERAGE SKY COVER 0.2


WEATHER CONDITIONS
 THE FOLLOWING WEATHER WAS RECORDED YESTERDAY.
  NO SIGNIFICANT WEATHER WAS OBSERVED.


RELATIVE HUMIDITY (PERCENT)
 HIGHEST    71           300 AM
 LOWEST     21           500 PM
 AVERAGE    46

..........................................................


THE SOUTH BEND CLIMATE NORMALS FOR TODAY
                         NORMAL    RECORD    YEAR
 MAXIMUM TEMPERATURE (F)   72        90      2007
 MINIMUM TEMPERATURE (F)   51        33      1925


SUNRISE AND SUNSET
MAY 24 2015...........SUNRISE   618 AM EDT   SUNSET   907 PM EDT
MAY 25 2015...........SUNRISE   617 AM EDT   SUNSET   907 PM EDT


-  INDICATES NEGATIVE NUMBERS.
R  INDICATES RECORD WAS SET OR TIED.
MM INDICATES DATA IS MISSING.
T  INDICATES TRACE AMOUNT.




$$
