000
CDUS43 KIWX 290534
CLISBN


CLIMATE REPORT
NATIONAL WEATHER SERVICE NORTHERN INDIANA
1233 AM EST TUE NOV 29 2016


...................................

...THE SOUTH BEND CLIMATE SUMMARY FOR NOVEMBER 28 2016...

CLIMATE NORMAL PERIOD 1981 TO 2010
CLIMATE RECORD PERIOD 1893 TO 2016


WEATHER ITEM   OBSERVED TIME   RECORD YEAR NORMAL DEPARTURE LAST
                VALUE   (LST)  VALUE       VALUE  FROM      YEAR
                                                  NORMAL
..................................................................
TEMPERATURE (F)
 YESTERDAY
  MAXIMUM         MM        MM  67    1909  42     MM       37
  MINIMUM         MM        MM   1    1930  29     MM       31
  AVERAGE         MM                        35     MM       34

PRECIPITATION (IN)
  YESTERDAY        0.84          1.20 1968   0.11   0.73      T
  MONTH TO DATE    2.91                      3.06  -0.15     2.38
  SINCE SEP 1     10.13                      9.91   0.22     7.91
  SINCE JAN 1     44.54                     35.18   9.36    32.18

SNOWFALL (IN)
  YESTERDAY        0.0           4.3  1966   0.2   -0.2      0.0
  MONTH TO DATE    0.5                       4.2   -3.7      9.1
  SINCE SEP 1      0.5                       4.6   -4.1      9.1
  SINCE JUL 1      0.5                       4.6   -4.1      9.1
  SNOW DEPTH       0

DEGREE DAYS
 HEATING
  YESTERDAY       MM                        30     MM       31
  MONTH TO DATE  225                       667   -442      549
  SINCE SEP 1    549                      1190   -641      983
  SINCE JUL 1    557                      1208   -651     1008

 COOLING
  YESTERDAY       MM                         0     MM        0
  MONTH TO DATE    1                         0      1        0
  SINCE SEP 1    141                        91     50      139
  SINCE JAN 1    950                       773    177      784
..................................................................


WIND (MPH)
  HIGHEST WIND SPEED    MM   HIGHEST WIND DIRECTION    MM
  HIGHEST GUST SPEED    MM   HIGHEST GUST DIRECTION    MM
  AVERAGE WIND SPEED    MM


SKY COVER
  AVERAGE SKY COVER  MM


WEATHER CONDITIONS
 THE FOLLOWING WEATHER WAS RECORDED YESTERDAY.
  RAIN
  LIGHT RAIN
  FOG


RELATIVE HUMIDITY (PERCENT)
 HIGHEST    MM
 LOWEST     MM
 AVERAGE    MM

..........................................................


THE SOUTH BEND CLIMATE NORMALS FOR TODAY
                         NORMAL    RECORD    YEAR
 MAXIMUM TEMPERATURE (F)   41        74      1905
 MINIMUM TEMPERATURE (F)   28         4      1929


SUNRISE AND SUNSET
NOVEMBER 29 2016......SUNRISE   751 AM EST   SUNSET   516 PM EST
NOVEMBER 30 2016......SUNRISE   752 AM EST   SUNSET   516 PM EST


-  INDICATES NEGATIVE NUMBERS.
R  INDICATES RECORD WAS SET OR TIED.
MM INDICATES DATA IS MISSING.
T  INDICATES TRACE AMOUNT.




$$
