000
CDUS43 KIWX 061113
CLISBN


CLIMATE REPORT
NATIONAL WEATHER SERVICE NORTHERN INDIANA
611 AM EST SAT JAN 6 2018


...................................

...THE SOUTH BEND CLIMATE SUMMARY FOR JANUARY 5 2018...

CLIMATE NORMAL PERIOD 1981 TO 2010
CLIMATE RECORD PERIOD 1893 TO 2018


WEATHER ITEM   OBSERVED TIME   RECORD YEAR NORMAL DEPARTURE LAST
                VALUE   (LST)  VALUE       VALUE  FROM      YEAR
                                                  NORMAL
..................................................................
TEMPERATURE (F)
 YESTERDAY
  MAXIMUM         15    105 PM  56    1998  32    -17       15
                                      1946
  MINIMUM          6    919 AM -16    1999  18    -12        8
  AVERAGE         11                        25    -14       12

PRECIPITATION (IN)
  YESTERDAY        0.15          1.17 1955   0.08   0.07     0.09
  MONTH TO DATE    0.35                      0.42  -0.07     0.73
  SINCE DEC 1      1.71                      3.03  -1.32     2.72
  SINCE JAN 1      0.35                      0.42  -0.07     0.73

SNOWFALL (IN)
  YESTERDAY        2.9          10.0  2014   0.7    2.2      1.9
  MONTH TO DATE   11.7                       3.2    8.5      2.0
  SINCE DEC 1     44.1                      20.5   23.6     25.7
  SINCE JUL 1     44.1                      25.7   18.4     26.2
  SNOW DEPTH      12

DEGREE DAYS
 HEATING
  YESTERDAY       54                        40     14       53
  MONTH TO DATE  296                       200     96      189
  SINCE DEC 1   1517                      1322    195     1410
  SINCE JUL 1   2700                      2591    109     2311

 COOLING
  YESTERDAY        0                         0      0        0
  MONTH TO DATE    0                         0      0        0
  SINCE DEC 1      0                         0      0        0
  SINCE JAN 1      0                         0      0        0
..................................................................


WIND (MPH)
  HIGHEST WIND SPEED     8   HIGHEST WIND DIRECTION    NE (30)
  HIGHEST GUST SPEED    10   HIGHEST GUST DIRECTION     N (20)
  AVERAGE WIND SPEED     2.3


SKY COVER
  AVERAGE SKY COVER 0.9


WEATHER CONDITIONS
 THE FOLLOWING WEATHER WAS RECORDED YESTERDAY.
  SNOW
  LIGHT SNOW
  FOG
  HAZE


RELATIVE HUMIDITY (PERCENT)
 HIGHEST   100           300 AM
 LOWEST     83           700 PM
 AVERAGE    92

..........................................................


THE SOUTH BEND CLIMATE NORMALS FOR TODAY
                         NORMAL    RECORD    YEAR
 MAXIMUM TEMPERATURE (F)   32        60      2008
 MINIMUM TEMPERATURE (F)   18       -16      1924


SUNRISE AND SUNSET
JANUARY  6 2018.......SUNRISE   812 AM EST   SUNSET   530 PM EST
JANUARY  7 2018.......SUNRISE   812 AM EST   SUNSET   531 PM EST


-  INDICATES NEGATIVE NUMBERS.
R  INDICATES RECORD WAS SET OR TIED.
MM INDICATES DATA IS MISSING.
T  INDICATES TRACE AMOUNT.




$$
