000
CDUS43 KIWX 140021
CLISBN


CLIMATE REPORT
NATIONAL WEATHER SERVICE NORTHERN INDIANA
721 PM EST MON FEB 13 2017


...................................

...THE SOUTH BEND CLIMATE SUMMARY FOR FEBRUARY 13 2017...
VALID AS OF 0700 PM LOCAL TIME.

CLIMATE NORMAL PERIOD 1981 TO 2010
CLIMATE RECORD PERIOD 1893 TO 2017


WEATHER ITEM   OBSERVED TIME   RECORD YEAR NORMAL DEPARTURE LAST
                VALUE   (LST)  VALUE       VALUE  FROM      YEAR
                                                  NORMAL
..................................................................
TEMPERATURE (F)
 TODAY
  MAXIMUM         44    227 PM  65    1938  34     10       13
  MINIMUM         23    733 AM -16    1905  20      3        5
  AVERAGE         34                        27      7        9

PRECIPITATION (IN)
  TODAY            0.00          1.39 1946   0.07  -0.07     0.14
  MONTH TO DATE    1.46                      0.84   0.62     0.95
  SINCE DEC 1      6.79                      5.74   1.05     6.67
  SINCE JAN 1      4.80                      3.13   1.67     2.55

SNOWFALL (IN)
  TODAY            0.0           5.9  2007   0.6   -0.6      3.6
  MONTH TO DATE    0.3                       7.8   -7.5     16.8
  SINCE DEC 1     33.1                      45.7  -12.6     36.9
  SINCE JUL 1     33.6                      50.9  -17.3     46.0
  SNOW DEPTH       0

DEGREE DAYS
 HEATING
  TODAY           31                        38     -7       56
  MONTH TO DATE  445                       509    -64      520
  SINCE DEC 1   2752                      2888   -136     2546
  SINCE JUL 1   3653                      4157   -504     3613

 COOLING
  TODAY            0                         0      0        0
  MONTH TO DATE    0                         0      0        0
  SINCE DEC 1      0                         0      0        0
  SINCE JAN 1      0                         0      0        0
..................................................................


WIND (MPH)
  RESULTANT WIND SPEED   9   RESULTANT WIND DIRECTION   W (280)
  HIGHEST WIND SPEED    18   HIGHEST WIND DIRECTION    NW (310)
  HIGHEST GUST SPEED    23   HIGHEST GUST DIRECTION    NW (300)
  AVERAGE WIND SPEED    10.0


SKY COVER
  POSSIBLE SUNSHINE  MM
  AVERAGE SKY COVER 0.0


WEATHER CONDITIONS
 THE FOLLOWING WEATHER WAS RECORDED TODAY.
  NO SIGNIFICANT WEATHER WAS OBSERVED.


RELATIVE HUMIDITY (PERCENT)
 HIGHEST    88           700 AM
 LOWEST     39           400 PM
 AVERAGE    64

..........................................................


THE SOUTH BEND CLIMATE NORMALS FOR TOMORROW
                         NORMAL    RECORD    YEAR
 MAXIMUM TEMPERATURE (F)   35        59      1954
                                             1918
 MINIMUM TEMPERATURE (F)   20       -18      1905


SUNRISE AND SUNSET
FEBRUARY 13 2017......SUNRISE   743 AM EST   SUNSET   616 PM EST
FEBRUARY 14 2017......SUNRISE   742 AM EST   SUNSET   618 PM EST


-  INDICATES NEGATIVE NUMBERS.
R  INDICATES RECORD WAS SET OR TIED.
MM INDICATES DATA IS MISSING.
T  INDICATES TRACE AMOUNT.




$$
