000
CDUS43 KIWX 250525
CLISBN


CLIMATE REPORT
NATIONAL WEATHER SERVICE NORTHERN INDIANA
124 AM EDT MON AUG 25 2014


...................................

...THE SOUTH BEND CLIMATE SUMMARY FOR AUGUST 24 2014...

CLIMATE NORMAL PERIOD 1981 TO 2010
CLIMATE RECORD PERIOD 1893 TO 2014


WEATHER ITEM   OBSERVED TIME   RECORD YEAR NORMAL DEPARTURE LAST
                VALUE   (LST)  VALUE       VALUE  FROM      YEAR
                                                  NORMAL
..................................................................
TEMPERATURE (F)
 YESTERDAY
  MAXIMUM         87    406 PM  97    1948  80      7       82
                                      1921
  MINIMUM         70    653 AM  42    1927  61      9       54
  AVERAGE         79                        71      8       68

PRECIPITATION (IN)
  YESTERDAY        0.00          1.79 1999   0.11  -0.11     0.00
  MONTH TO DATE    1.40                      2.92  -1.52     2.99
  SINCE JUN 1     12.33                     10.71   1.62     9.58
  SINCE JAN 1     27.41                     24.43   2.98    26.88

DEGREE DAYS
 HEATING
  YESTERDAY        0                         1     -1        0
  MONTH TO DATE   10                         1      9       15
  SINCE JUN 1     45                        50     -5       66
  SINCE JUL 1     28                         6     22       29

 COOLING
  YESTERDAY       14                         6      8        3
  MONTH TO DATE  183                       166     17      105
  SINCE JUN 1    539                       584    -45      499
  SINCE JAN 1    624                       640    -16      595
..................................................................


WIND (MPH)
  HIGHEST WIND SPEED    15   HIGHEST WIND DIRECTION     E (110)
  HIGHEST GUST SPEED    21   HIGHEST GUST DIRECTION     E (110)
  AVERAGE WIND SPEED     9.3


SKY COVER
  AVERAGE SKY COVER 0.6


WEATHER CONDITIONS
 THE FOLLOWING WEATHER WAS RECORDED YESTERDAY.
  NO SIGNIFICANT WEATHER WAS OBSERVED.


RELATIVE HUMIDITY (PERCENT)
 HIGHEST    84           400 AM
 LOWEST     61           100 PM
 AVERAGE    73

..........................................................


THE SOUTH BEND CLIMATE NORMALS FOR TODAY
                         NORMAL    RECORD    YEAR
 MAXIMUM TEMPERATURE (F)   80        97      1948
 MINIMUM TEMPERATURE (F)   61        42      1956


SUNRISE AND SUNSET
AUGUST 25 2014........SUNRISE   704 AM EDT   SUNSET   830 PM EDT
AUGUST 26 2014........SUNRISE   705 AM EDT   SUNSET   828 PM EDT


-  INDICATES NEGATIVE NUMBERS.
R  INDICATES RECORD WAS SET OR TIED.
MM INDICATES DATA IS MISSING.
T  INDICATES TRACE AMOUNT.




$$
