000
CDUS43 KIWX 140536
CLISBN


CLIMATE REPORT
NATIONAL WEATHER SERVICE NORTHERN INDIANA
136 AM EDT SUN MAY 14 2017


...................................

...THE SOUTH BEND CLIMATE SUMMARY FOR MAY 13 2017...

CLIMATE NORMAL PERIOD 1981 TO 2010
CLIMATE RECORD PERIOD 1893 TO 2017


WEATHER ITEM   OBSERVED TIME   RECORD YEAR NORMAL DEPARTURE LAST
                VALUE   (LST)  VALUE       VALUE  FROM      YEAR
                                                  NORMAL
..................................................................
TEMPERATURE (F)
 YESTERDAY
  MAXIMUM         73    522 PM  88    1991  69      4       67
  MINIMUM         40    551 AM  30    2013  48     -8       48
                                      1996
                                      1928
  AVERAGE         57                        58     -1       58

PRECIPITATION (IN)
  YESTERDAY        T             1.03 1935   0.12  -0.12     0.22
  MONTH TO DATE    2.78                      1.53   1.25     2.01
  SINCE MAR 1     10.10                      7.18   2.92    10.85
  SINCE JAN 1     17.09                     11.42   5.67    14.63

SNOWFALL (IN)
  YESTERDAY        0.0          MM      MM   0.0    0.0      0.0
  MONTH TO DATE    0.0                       0.0    0.0      0.0
  SINCE MAR 1      8.5                       8.5    0.0     10.9
  SINCE JUL 1     42.2                      66.6  -24.4     70.2
  SNOW DEPTH       0

DEGREE DAYS
 HEATING
  YESTERDAY        8                         8      0        7
  MONTH TO DATE  200                       122     78      150
  SINCE MAR 1   1452                      1464    -12     1364
  SINCE JUL 1   5429                      6153   -724     5494

 COOLING
  YESTERDAY        0                         1     -1        0
  MONTH TO DATE    0                        11    -11        0
  SINCE MAR 1     11                        21    -10        4
  SINCE JAN 1     11                        21    -10        4
..................................................................


WIND (MPH)
  HIGHEST WIND SPEED    20   HIGHEST WIND DIRECTION     W (250)
  HIGHEST GUST SPEED    25   HIGHEST GUST DIRECTION    SW (240)
  AVERAGE WIND SPEED     5.5


SKY COVER
  AVERAGE SKY COVER 0.3


WEATHER CONDITIONS
 THE FOLLOWING WEATHER WAS RECORDED YESTERDAY.
  LIGHT RAIN


RELATIVE HUMIDITY (PERCENT)
 HIGHEST    93           600 AM
 LOWEST     37           200 PM
 AVERAGE    65

..........................................................


THE SOUTH BEND CLIMATE NORMALS FOR TODAY
                         NORMAL    RECORD    YEAR
 MAXIMUM TEMPERATURE (F)   69        89      2007
                                             1982
                                             1962
 MINIMUM TEMPERATURE (F)   48        31      1936
                                             1920
                                             1910


SUNRISE AND SUNSET
MAY 14 2017...........SUNRISE   626 AM EDT   SUNSET   857 PM EDT
MAY 15 2017...........SUNRISE   625 AM EDT   SUNSET   858 PM EDT


-  INDICATES NEGATIVE NUMBERS.
R  INDICATES RECORD WAS SET OR TIED.
MM INDICATES DATA IS MISSING.
T  INDICATES TRACE AMOUNT.




$$
