000
CDUS43 KIWX 260529
CLISBN


CLIMATE REPORT
NATIONAL WEATHER SERVICE NORTHERN INDIANA
128 AM EDT FRI SEP 26 2014


...................................

...THE SOUTH BEND CLIMATE SUMMARY FOR SEPTEMBER 25 2014...

CLIMATE NORMAL PERIOD 1981 TO 2010
CLIMATE RECORD PERIOD 1893 TO 2014


WEATHER ITEM   OBSERVED TIME   RECORD YEAR NORMAL DEPARTURE LAST
                VALUE   (LST)  VALUE       VALUE  FROM      YEAR
                                                  NORMAL
..................................................................
TEMPERATURE (F)
 YESTERDAY
  MAXIMUM         79    302 PM  95    1908  70      9       73
  MINIMUM         53    521 AM  30    1942  50      3       47
  AVERAGE         66                        60      6       60

PRECIPITATION (IN)
  YESTERDAY        0.00          1.80 1984   0.12  -0.12     0.00
  MONTH TO DATE    2.71                      2.97  -0.26     3.89
  SINCE SEP 1      2.71                      2.97  -0.26     3.89
  SINCE JAN 1     30.92                     28.24   2.68    30.81

DEGREE DAYS
 HEATING
  YESTERDAY        0                         6     -6        5
  MONTH TO DATE  111                        78     33       76
  SINCE SEP 1    111                        78     33       76
  SINCE JUL 1    139                        96     43      105

 COOLING
  YESTERDAY        1                         1      0        0
  MONTH TO DATE   69                        75     -6      116
  SINCE SEP 1     69                        75     -6      116
  SINCE JAN 1    762                       757      5      796
..................................................................


WIND (MPH)
  HIGHEST WIND SPEED    10   HIGHEST WIND DIRECTION    SE (130)
  HIGHEST GUST SPEED    14   HIGHEST GUST DIRECTION    SE (130)
  AVERAGE WIND SPEED     3.2


SKY COVER
  AVERAGE SKY COVER 0.0


WEATHER CONDITIONS
 THE FOLLOWING WEATHER WAS RECORDED YESTERDAY.
  NO SIGNIFICANT WEATHER WAS OBSERVED.


RELATIVE HUMIDITY (PERCENT)
 HIGHEST    89           500 AM
 LOWEST     32           200 PM
 AVERAGE    61

..........................................................


THE SOUTH BEND CLIMATE NORMALS FOR TODAY
                         NORMAL    RECORD    YEAR
 MAXIMUM TEMPERATURE (F)   70        91      1998
                                             1908
 MINIMUM TEMPERATURE (F)   49        31      1928


SUNRISE AND SUNSET
SEPTEMBER 26 2014.....SUNRISE   737 AM EDT   SUNSET   736 PM EDT
SEPTEMBER 27 2014.....SUNRISE   738 AM EDT   SUNSET   734 PM EDT


-  INDICATES NEGATIVE NUMBERS.
R  INDICATES RECORD WAS SET OR TIED.
MM INDICATES DATA IS MISSING.
T  INDICATES TRACE AMOUNT.




$$
