000
CDUS43 KIWX 120021
CLISBN


CLIMATE REPORT
NATIONAL WEATHER SERVICE NORTHERN INDIANA
720 PM EST SAT NOV 11 2017


...................................

...THE SOUTH BEND CLIMATE SUMMARY FOR NOVEMBER 11 2017...
VALID AS OF 0700 PM LOCAL TIME.

CLIMATE NORMAL PERIOD 1981 TO 2010
CLIMATE RECORD PERIOD 1893 TO 2017


WEATHER ITEM   OBSERVED TIME   RECORD YEAR NORMAL DEPARTURE LAST
                VALUE   (LST)  VALUE       VALUE  FROM      YEAR
                                                  NORMAL
..................................................................
TEMPERATURE (F)
 TODAY
  MAXIMUM         36    518 PM  72    1964  51    -15       53
  MINIMUM         22    552 AM  15    1894  35    -13       32
  AVERAGE         29                        43    -14       43

PRECIPITATION (IN)
  TODAY            0.00          1.35 1995   0.11  -0.11     0.00
  MONTH TO DATE    1.16                      1.17  -0.01     0.67
  SINCE SEP 1     12.33                      8.02   4.31     7.89
  SINCE JAN 1     39.92                     33.29   6.63    42.30

DEGREE DAYS
 HEATING
  TODAY           36                        22     14       22
  MONTH TO DATE  276                       221     55      137
  SINCE SEP 1    663                       744    -81      461
  SINCE JUL 1    684                       762    -78      469

 COOLING
  TODAY            0                         0      0        0
  MONTH TO DATE    0                         0      0        1
  SINCE SEP 1    140                        91     49      141
  SINCE JAN 1    692                       773    -81      950
..................................................................


WIND (MPH)
  RESULTANT WIND SPEED  10   RESULTANT WIND DIRECTION  SE (140)
  HIGHEST WIND SPEED    15   HIGHEST WIND DIRECTION    SE (150)
  HIGHEST GUST SPEED    20   HIGHEST GUST DIRECTION    SE (140)
  AVERAGE WIND SPEED    10.1


SKY COVER
  POSSIBLE SUNSHINE  MM
  AVERAGE SKY COVER 0.4


WEATHER CONDITIONS
 THE FOLLOWING WEATHER WAS RECORDED TODAY.
  NO SIGNIFICANT WEATHER WAS OBSERVED.


RELATIVE HUMIDITY (PERCENT)
 HIGHEST    81           600 AM
 LOWEST     52           100 PM
 AVERAGE    67

..........................................................


THE SOUTH BEND CLIMATE NORMALS FOR TOMORROW
                         NORMAL    RECORD    YEAR
 MAXIMUM TEMPERATURE (F)   50        75      1911
 MINIMUM TEMPERATURE (F)   35        12      1898
                                             1894


SUNRISE AND SUNSET
NOVEMBER 11 2017......SUNRISE   730 AM EST   SUNSET   528 PM EST
NOVEMBER 12 2017......SUNRISE   731 AM EST   SUNSET   527 PM EST


-  INDICATES NEGATIVE NUMBERS.
R  INDICATES RECORD WAS SET OR TIED.
MM INDICATES DATA IS MISSING.
T  INDICATES TRACE AMOUNT.




$$
