000
CDUS43 KIWX 230531
CLISBN


CLIMATE REPORT
NATIONAL WEATHER SERVICE NORTHERN INDIANA
1231 AM EST TUE DEC 23 2014


...................................

...THE SOUTH BEND CLIMATE SUMMARY FOR DECEMBER 22 2014...

CLIMATE NORMAL PERIOD 1981 TO 2010
CLIMATE RECORD PERIOD 1893 TO 2014


WEATHER ITEM   OBSERVED TIME   RECORD YEAR NORMAL DEPARTURE LAST
                VALUE   (LST)  VALUE       VALUE  FROM      YEAR
                                                  NORMAL
..................................................................
TEMPERATURE (F)
 YESTERDAY
  MAXIMUM         39   1159 PM  57    1957  33      6       35
  MINIMUM         27    557 AM -13    1989  21      6       30
                                      1983
  AVERAGE         33                        27      6       33

PRECIPITATION (IN)
  YESTERDAY        0.11          1.00 1926   0.08   0.03     0.16
  MONTH TO DATE    0.67                      1.88  -1.21     2.01
  SINCE DEC 1      0.67                      1.88  -1.21     2.01
  SINCE JAN 1     40.64                     37.27   3.37    40.03

SNOWFALL (IN)
  YESTERDAY        T             4.8  1998   0.7   -0.7     MM
  MONTH TO DATE    T                        11.6  -11.6      6.7
  SINCE DEC 1      T                        11.6  -11.6      6.7
  SINCE JUL 1     19.3                      16.8    2.5     15.9
  SNOW DEPTH       0

DEGREE DAYS
 HEATING
  YESTERDAY       32                        38     -6       32
  MONTH TO DATE  691                       771    -80      829
  SINCE DEC 1    691                       771    -80      829
  SINCE JUL 1   2133                      2040     93     2118

 COOLING
  YESTERDAY        0                         0      0        0
  MONTH TO DATE    0                         0      0        0
  SINCE DEC 1      0                         0      0        0
  SINCE JAN 1    771                       773     -2      828
..................................................................


WIND (MPH)
  HIGHEST WIND SPEED    20   HIGHEST WIND DIRECTION    SE (120)
  HIGHEST GUST SPEED    24   HIGHEST GUST DIRECTION    SE (120)
  AVERAGE WIND SPEED    12.6


SKY COVER
  AVERAGE SKY COVER 0.7


WEATHER CONDITIONS
 THE FOLLOWING WEATHER WAS RECORDED YESTERDAY.
  LIGHT RAIN
  FOG
  HAZE


RELATIVE HUMIDITY (PERCENT)
 HIGHEST    92           700 PM
 LOWEST     75           100 PM
 AVERAGE    84

..........................................................


THE SOUTH BEND CLIMATE NORMALS FOR TODAY
                         NORMAL    RECORD    YEAR
 MAXIMUM TEMPERATURE (F)   33        59      1941
 MINIMUM TEMPERATURE (F)   20       -16      1960


SUNRISE AND SUNSET
DECEMBER 23 2014......SUNRISE   810 AM EST   SUNSET   519 PM EST
DECEMBER 24 2014......SUNRISE   810 AM EST   SUNSET   520 PM EST


-  INDICATES NEGATIVE NUMBERS.
R  INDICATES RECORD WAS SET OR TIED.
MM INDICATES DATA IS MISSING.
T  INDICATES TRACE AMOUNT.




$$
