475
CDUS43 KIWX 112020
CLISBN


CLIMATE REPORT
NATIONAL WEATHER SERVICE NORTHERN INDIANA
420 PM EDT MON MAY 11 2015


...................................

...THE SOUTH BEND CLIMATE SUMMARY FOR MAY 11 2015...
VALID TODAY AS OF 0400 PM LOCAL TIME.

CLIMATE NORMAL PERIOD 1981 TO 2010
CLIMATE RECORD PERIOD 1893 TO 2015


WEATHER ITEM   OBSERVED TIME   RECORD YEAR NORMAL DEPARTURE LAST
                VALUE   (LST)  VALUE       VALUE  FROM      YEAR
                                                  NORMAL
..................................................................
TEMPERATURE (F)
 TODAY
  MAXIMUM         69    911 AM  88    1896  69      0       84
  MINIMUM         61    604 AM  26    1907  47     14       52
  AVERAGE         65                        58      7       68

PRECIPITATION (IN)
  TODAY            0.18          1.50 1966   0.12   0.06     0.75
  MONTH TO DATE    2.79                      1.29   1.50     1.50
  SINCE MAR 1      5.97                      6.94  -0.97     5.54
  SINCE JAN 1      9.87                     11.18  -1.31    11.48

DEGREE DAYS
 HEATING
  TODAY            0                         8     -8        0
  MONTH TO DATE   24                       106    -82       91
  SINCE MAR 1   1399                      1448    -49     1636
  SINCE JUL 1   6496                      6137    359     6819

 COOLING
  TODAY            0                         1     -1        3
  MONTH TO DATE   26                         9     17       15
  SINCE MAR 1     28                        19      9       17
  SINCE JAN 1     28                        19      9       17
..................................................................


WIND (MPH)
  HIGHEST WIND SPEED    18   HIGHEST WIND DIRECTION     S (190)
  HIGHEST GUST SPEED    25   HIGHEST GUST DIRECTION     S (180)
  AVERAGE WIND SPEED     7.0


SKY COVER
  POSSIBLE SUNSHINE  MM
  AVERAGE SKY COVER 0.6


WEATHER CONDITIONS
 THE FOLLOWING WEATHER WAS RECORDED TODAY.
  LIGHT RAIN
  FOG


RELATIVE HUMIDITY (PERCENT)
 HIGHEST    97           600 AM
 LOWEST     73           900 AM
 AVERAGE    85

..........................................................


THE SOUTH BEND CLIMATE NORMALS FOR TOMORROW
                         NORMAL    RECORD    YEAR
 MAXIMUM TEMPERATURE (F)   69        88      1985
 MINIMUM TEMPERATURE (F)   47        29      1928
                                             1907


SUNRISE AND SUNSET
MAY 11 2015...........SUNRISE   630 AM EDT   SUNSET   854 PM EDT
MAY 12 2015...........SUNRISE   629 AM EDT   SUNSET   855 PM EDT


-  INDICATES NEGATIVE NUMBERS.
R  INDICATES RECORD WAS SET OR TIED.
MM INDICATES DATA IS MISSING.
T  INDICATES TRACE AMOUNT.




$$
