000
CDUS43 KIWX 020524
CLISBN


CLIMATE REPORT
NATIONAL WEATHER SERVICE NORTHERN INDIANA
123 AM EDT THU JUL 2 2015


...................................

...THE SOUTH BEND CLIMATE SUMMARY FOR JULY 1 2015...

CLIMATE NORMAL PERIOD 1981 TO 2010
CLIMATE RECORD PERIOD 1893 TO 2015


WEATHER ITEM   OBSERVED TIME   RECORD YEAR NORMAL DEPARTURE LAST
                VALUE   (LST)  VALUE       VALUE  FROM      YEAR
                                                  NORMAL
..................................................................
TEMPERATURE (F)
 YESTERDAY
  MAXIMUM         69    244 PM  99    1956  83    -14       84
  MINIMUM         55   1058 PM  45    1950  63     -8       66
                                      1937
  AVERAGE         62                        73    -11       75

PRECIPITATION (IN)
  YESTERDAY        0.00          2.09 1999   0.12  -0.12     0.22
  MONTH TO DATE    0.00                      0.12  -0.12     0.22
  SINCE JUN 1      4.07                      3.91   0.16     9.36
  SINCE JAN 1     17.16                     17.63  -0.47    24.44

SNOWFALL (IN)
  YESTERDAY        0.0           0.0  2002   0.0    0.0      0.0
                                      2001
  MONTH TO DATE    0.0                       0.0    0.0      0.0
  SINCE JUN 1      0.0                       0.0    0.0      0.0
  SINCE JUL 1      0.0                       0.0    0.0      0.0
  SNOW DEPTH       0

DEGREE DAYS
 HEATING
  YESTERDAY        3                         0      3        0
  MONTH TO DATE    3                         0      3        0
  SINCE JUN 1     22                        44    -22       17
  SINCE JUL 1      3                         0      3        0

 COOLING
  YESTERDAY        0                         8     -8       10
  MONTH TO DATE    0                         8     -8       10
  SINCE JUN 1    157                       173    -16      226
  SINCE JAN 1    243                       229     14      311
..................................................................


WIND (MPH)
  HIGHEST WIND SPEED    16   HIGHEST WIND DIRECTION    NW (330)
  HIGHEST GUST SPEED    21   HIGHEST GUST DIRECTION    NW (330)
  AVERAGE WIND SPEED     9.5


SKY COVER
  AVERAGE SKY COVER 0.2


WEATHER CONDITIONS
 THE FOLLOWING WEATHER WAS RECORDED YESTERDAY.
  NO SIGNIFICANT WEATHER WAS OBSERVED.


RELATIVE HUMIDITY (PERCENT)
 HIGHEST    93           100 AM
 LOWEST     55           300 PM
 AVERAGE    74

..........................................................


THE SOUTH BEND CLIMATE NORMALS FOR TODAY
                         NORMAL    RECORD    YEAR
 MAXIMUM TEMPERATURE (F)   83       101      1910
 MINIMUM TEMPERATURE (F)   63        42      2001


SUNRISE AND SUNSET
JULY  2 2015..........SUNRISE   615 AM EDT   SUNSET   923 PM EDT
JULY  3 2015..........SUNRISE   615 AM EDT   SUNSET   923 PM EDT


-  INDICATES NEGATIVE NUMBERS.
R  INDICATES RECORD WAS SET OR TIED.
MM INDICATES DATA IS MISSING.
T  INDICATES TRACE AMOUNT.




$$
