000
CDUS43 KIWX 140532
CLISBN


CLIMATE REPORT
NATIONAL WEATHER SERVICE NORTHERN INDIANA
130 AM EDT SAT MAY 14 2016


...................................

...THE SOUTH BEND CLIMATE SUMMARY FOR MAY 13 2016...

CLIMATE NORMAL PERIOD 1981 TO 2010
CLIMATE RECORD PERIOD 1893 TO 2016


WEATHER ITEM   OBSERVED TIME   RECORD YEAR NORMAL DEPARTURE LAST
                VALUE   (LST)  VALUE       VALUE  FROM      YEAR
                                                  NORMAL
..................................................................
TEMPERATURE (F)
 YESTERDAY
  MAXIMUM         67    427 PM  88    1991  69     -2       62
  MINIMUM         48    543 AM  30    2013  48      0       40
                                      1996
                                      1928
  AVERAGE         58                        58      0       51

PRECIPITATION (IN)
  YESTERDAY        0.22          1.03 1935   0.12   0.10     0.00
  MONTH TO DATE    2.01                      1.53   0.48     2.80
  SINCE MAR 1     10.85                      7.18   3.67     5.98
  SINCE JAN 1     14.63                     11.42   3.21     9.88

SNOWFALL (IN)
  YESTERDAY        0.0          MM      MM   0.0    0.0      0.0
  MONTH TO DATE    0.0                       0.0    0.0      0.0
  SINCE MAR 1     10.9                       8.5    2.4      6.1
  SINCE JUL 1     70.2                      66.6    3.6     83.9
  SNOW DEPTH       0

DEGREE DAYS
 HEATING
  YESTERDAY        7                         8     -1       14
  MONTH TO DATE  150                       122     28       54
  SINCE MAR 1   1364                      1464   -100     1429
  SINCE JUL 1   5494                      6153   -659     6526

 COOLING
  YESTERDAY        0                         1     -1        0
  MONTH TO DATE    0                        11    -11       26
  SINCE MAR 1      4                        21    -17       28
  SINCE JAN 1      4                        21    -17       28
..................................................................


WIND (MPH)
  HIGHEST WIND SPEED    18   HIGHEST WIND DIRECTION    NW (310)
  HIGHEST GUST SPEED    22   HIGHEST GUST DIRECTION     W (280)
  AVERAGE WIND SPEED     9.5


SKY COVER
  AVERAGE SKY COVER 0.4


WEATHER CONDITIONS
 THE FOLLOWING WEATHER WAS RECORDED YESTERDAY.
  LIGHT RAIN
  FOG


RELATIVE HUMIDITY (PERCENT)
 HIGHEST    93          1100 PM
 LOWEST     45           400 PM
 AVERAGE    69

..........................................................


THE SOUTH BEND CLIMATE NORMALS FOR TODAY
                         NORMAL    RECORD    YEAR
 MAXIMUM TEMPERATURE (F)   69        89      2007
                                             1982
                                             1962
 MINIMUM TEMPERATURE (F)   48        31      1936
                                             1920
                                             1910


SUNRISE AND SUNSET
MAY 14 2016...........SUNRISE   626 AM EDT   SUNSET   858 PM EDT
MAY 15 2016...........SUNRISE   625 AM EDT   SUNSET   859 PM EDT


-  INDICATES NEGATIVE NUMBERS.
R  INDICATES RECORD WAS SET OR TIED.
MM INDICATES DATA IS MISSING.
T  INDICATES TRACE AMOUNT.




$$
