000
CDUS43 KIWX 090522
CLISBN


CLIMATE REPORT
NATIONAL WEATHER SERVICE NORTHERN INDIANA
1222 AM EST THU FEB 9 2017


...................................

...THE SOUTH BEND CLIMATE SUMMARY FOR FEBRUARY 8 2017...

CLIMATE NORMAL PERIOD 1981 TO 2010
CLIMATE RECORD PERIOD 1893 TO 2017


WEATHER ITEM   OBSERVED TIME   RECORD YEAR NORMAL DEPARTURE LAST
                VALUE   (LST)  VALUE       VALUE  FROM      YEAR
                                                  NORMAL
..................................................................
TEMPERATURE (F)
 YESTERDAY
  MAXIMUM         36   1206 AM  66    1925  33      3       32
  MINIMUM         24   1159 PM -14    1895  19      5       22
  AVERAGE         30                        26      4       27

PRECIPITATION (IN)
  YESTERDAY        T             0.68 1987   0.07  -0.07     0.09
  MONTH TO DATE    1.43                      0.50   0.93     0.55
  SINCE DEC 1      6.76                      5.40   1.36     6.27
  SINCE JAN 1      4.77                      2.79   1.98     2.15

SNOWFALL (IN)
  YESTERDAY        0.1           7.0  1995   0.6   -0.5      1.3
  MONTH TO DATE    0.3                       5.0   -4.7      1.3
  SINCE DEC 1     33.1                      42.9   -9.8     21.4
  SINCE JUL 1     33.6                      48.1  -14.5     30.5
  SNOW DEPTH       0

DEGREE DAYS
 HEATING
  YESTERDAY       35                        39     -4       38
  MONTH TO DATE  282                       317    -35      266
  SINCE DEC 1   2589                      2696   -107     2292
  SINCE JUL 1   3490                      3965   -475     3359

 COOLING
  YESTERDAY        0                         0      0        0
  MONTH TO DATE    0                         0      0        0
  SINCE DEC 1      0                         0      0        0
  SINCE JAN 1      0                         0      0        0
..................................................................


WIND (MPH)
  HIGHEST WIND SPEED    23   HIGHEST WIND DIRECTION    NW (330)
  HIGHEST GUST SPEED    28   HIGHEST GUST DIRECTION    NW (320)
  AVERAGE WIND SPEED    12.4


SKY COVER
  AVERAGE SKY COVER 0.9


WEATHER CONDITIONS
 THE FOLLOWING WEATHER WAS RECORDED YESTERDAY.
  LIGHT RAIN
  LIGHT SNOW
  FOG
  HAZE


RELATIVE HUMIDITY (PERCENT)
 HIGHEST    96           200 AM
 LOWEST     68          1100 PM
 AVERAGE    82

..........................................................


THE SOUTH BEND CLIMATE NORMALS FOR TODAY
                         NORMAL    RECORD    YEAR
 MAXIMUM TEMPERATURE (F)   33        60      1925
 MINIMUM TEMPERATURE (F)   19       -20      1899


SUNRISE AND SUNSET
FEBRUARY  9 2017......SUNRISE   748 AM EST   SUNSET   611 PM EST
FEBRUARY 10 2017......SUNRISE   747 AM EST   SUNSET   613 PM EST


-  INDICATES NEGATIVE NUMBERS.
R  INDICATES RECORD WAS SET OR TIED.
MM INDICATES DATA IS MISSING.
T  INDICATES TRACE AMOUNT.




$$
