211
CDUS43 KIWX 182020
CLISBN


CLIMATE REPORT
NATIONAL WEATHER SERVICE NORTHERN INDIANA
420 PM EDT THU MAY 18 2017


...................................

...THE SOUTH BEND CLIMATE SUMMARY FOR MAY 18 2017...
VALID TODAY AS OF 0400 PM LOCAL TIME.

CLIMATE NORMAL PERIOD 1981 TO 2010
CLIMATE RECORD PERIOD 1893 TO 2017


WEATHER ITEM   OBSERVED TIME   RECORD YEAR NORMAL DEPARTURE LAST
                VALUE   (LST)  VALUE       VALUE  FROM      YEAR
                                                  NORMAL
..................................................................
TEMPERATURE (F)
 TODAY
  MAXIMUM         85    234 PM  91    1962  71     14       66
                                      1934
                                      1911
  MINIMUM         69    545 AM  30    1925  49     20       39
  AVERAGE         77                        60     17       53

PRECIPITATION (IN)
  TODAY            0.00          1.30 2000   0.12  -0.12     0.00
  MONTH TO DATE    2.78                      2.14   0.64     2.39
  SINCE MAR 1     10.10                      7.79   2.31    11.23
  SINCE JAN 1     17.09                     12.03   5.06    15.01

DEGREE DAYS
 HEATING
  TODAY            0                         7     -7       12
  MONTH TO DATE  207                       158     49      227
  SINCE MAR 1   1459                      1500    -41     1441
  SINCE JUL 1   5436                      6189   -753     5571

 COOLING
  TODAY           12                         2     10        0
  MONTH TO DATE   32                        18     14        0
  SINCE MAR 1     43                        28     15        4
  SINCE JAN 1     43                        28     15        4
..................................................................


WIND (MPH)
  HIGHEST WIND SPEED    36   HIGHEST WIND DIRECTION    SW (220)
  HIGHEST GUST SPEED    49   HIGHEST GUST DIRECTION    SW (220)
  AVERAGE WIND SPEED    20.4


SKY COVER
  POSSIBLE SUNSHINE  MM
  AVERAGE SKY COVER 0.1


WEATHER CONDITIONS
 THE FOLLOWING WEATHER WAS RECORDED TODAY.
  NO SIGNIFICANT WEATHER WAS OBSERVED.


RELATIVE HUMIDITY (PERCENT)
 HIGHEST    78           600 AM
 LOWEST     34           100 PM
 AVERAGE    56

..........................................................


THE SOUTH BEND CLIMATE NORMALS FOR TOMORROW
                         NORMAL    RECORD    YEAR
 MAXIMUM TEMPERATURE (F)   71        94      1934
 MINIMUM TEMPERATURE (F)   50        32      2002


SUNRISE AND SUNSET
MAY 18 2017...........SUNRISE   623 AM EDT   SUNSET   901 PM EDT
MAY 19 2017...........SUNRISE   622 AM EDT   SUNSET   902 PM EDT


-  INDICATES NEGATIVE NUMBERS.
R  INDICATES RECORD WAS SET OR TIED.
MM INDICATES DATA IS MISSING.
T  INDICATES TRACE AMOUNT.




$$
