000
CDUS43 KIWX 130530
CLISBN


CLIMATE REPORT
NATIONAL WEATHER SERVICE NORTHERN INDIANA
1229 AM EST SAT DEC 13 2014


...................................

...THE SOUTH BEND CLIMATE SUMMARY FOR DECEMBER 12 2014...

CLIMATE NORMAL PERIOD 1981 TO 2010
CLIMATE RECORD PERIOD 1893 TO 2014


WEATHER ITEM   OBSERVED TIME   RECORD YEAR NORMAL DEPARTURE LAST
                VALUE   (LST)  VALUE       VALUE  FROM      YEAR
                                                  NORMAL
..................................................................
TEMPERATURE (F)
 YESTERDAY
  MAXIMUM         33   1159 PM  62    1991  36     -3       19
  MINIMUM         21    702 AM  -3    2013  23     -2       -3
                                      1962
                                      1958
  AVERAGE         27                        30     -3        8

PRECIPITATION (IN)
  YESTERDAY        T             2.15 1946   0.08  -0.08      T
  MONTH TO DATE    0.19                      1.08  -0.89     0.32
  SINCE DEC 1      0.19                      1.08  -0.89     0.32
  SINCE JAN 1     40.16                     36.47   3.69    38.34

SNOWFALL (IN)
  YESTERDAY        T             3.7  2000   0.6   -0.6       T
  MONTH TO DATE    T                         5.5   -5.5      1.9
  SINCE DEC 1      T                         5.5   -5.5      1.9
  SINCE JUL 1     19.3                      10.7    8.6     11.1
  SNOW DEPTH       0

DEGREE DAYS
 HEATING
  YESTERDAY       38                        35      3       57
  MONTH TO DATE  408                       401      7      451
  SINCE DEC 1    408                       401      7      451
  SINCE JUL 1   1850                      1670    180     1740

 COOLING
  YESTERDAY        0                         0      0        0
  MONTH TO DATE    0                         0      0        0
  SINCE DEC 1      0                         0      0        0
  SINCE JAN 1    771                       773     -2      828
..................................................................


WIND (MPH)
  HIGHEST WIND SPEED    15   HIGHEST WIND DIRECTION    NW (310)
  HIGHEST GUST SPEED    19   HIGHEST GUST DIRECTION    NW (310)
  AVERAGE WIND SPEED     8.1


SKY COVER
  AVERAGE SKY COVER 0.9


WEATHER CONDITIONS
 THE FOLLOWING WEATHER WAS RECORDED YESTERDAY.
  LIGHT SNOW
  FOG


RELATIVE HUMIDITY (PERCENT)
 HIGHEST   100           300 PM
 LOWEST     84           200 AM
 AVERAGE    92

..........................................................


THE SOUTH BEND CLIMATE NORMALS FOR TODAY
                         NORMAL    RECORD    YEAR
 MAXIMUM TEMPERATURE (F)   36        66      1975
 MINIMUM TEMPERATURE (F)   23        -8      1903


SUNRISE AND SUNSET
DECEMBER 13 2014......SUNRISE   804 AM EST   SUNSET   515 PM EST
DECEMBER 14 2014......SUNRISE   805 AM EST   SUNSET   515 PM EST


-  INDICATES NEGATIVE NUMBERS.
R  INDICATES RECORD WAS SET OR TIED.
MM INDICATES DATA IS MISSING.
T  INDICATES TRACE AMOUNT.




$$
