000
CDUS43 KIWX 070525
CLISBN


CLIMATE REPORT
NATIONAL WEATHER SERVICE NORTHERN INDIANA
124 AM EDT MON APR 7 2014


...................................

...THE SOUTH BEND CLIMATE SUMMARY FOR APRIL 6 2014...

CLIMATE NORMAL PERIOD 1981 TO 2010
CLIMATE RECORD PERIOD 1893 TO 2014


WEATHER ITEM   OBSERVED TIME   RECORD YEAR NORMAL DEPARTURE LAST
                VALUE   (LST)  VALUE       VALUE  FROM      YEAR
                                                  NORMAL
..................................................................
TEMPERATURE (F)
 YESTERDAY
  MAXIMUM         55    502 PM  83    1929  56     -1       67
  MINIMUM         26    503 AM  14    1920  35     -9       33
  AVERAGE         41                        46     -5       50

PRECIPITATION (IN)
  YESTERDAY        0.00          1.96 1942   0.10  -0.10     0.01
  MONTH TO DATE    1.18                      0.59   0.59     0.01
  SINCE MAR 1      2.87                      3.01  -0.14     1.27
  SINCE JAN 1      8.81                      7.25   1.56     8.76

DEGREE DAYS
 HEATING
  YESTERDAY       24                        20      4       15
  MONTH TO DATE  132                       124      8      166
  SINCE MAR 1   1208                       979    229     1180
  SINCE JUL 1   6391                      5668    723     5577

 COOLING
  YESTERDAY        0                         0      0        0
  MONTH TO DATE    0                         0      0        0
  SINCE MAR 1      0                         1     -1        0
  SINCE JAN 1      0                         1     -1        0
..................................................................


WIND (MPH)
  HIGHEST WIND SPEED    15   HIGHEST WIND DIRECTION     S (170)
  HIGHEST GUST SPEED    19   HIGHEST GUST DIRECTION     S (160)
  AVERAGE WIND SPEED     5.3


SKY COVER
  AVERAGE SKY COVER 0.0


WEATHER CONDITIONS
 THE FOLLOWING WEATHER WAS RECORDED YESTERDAY.
  NO SIGNIFICANT WEATHER WAS OBSERVED.


RELATIVE HUMIDITY (PERCENT)
 HIGHEST    69           500 AM
 LOWEST     32           300 PM
 AVERAGE    51

..........................................................


THE SOUTH BEND CLIMATE NORMALS FOR TODAY
                         NORMAL    RECORD    YEAR
 MAXIMUM TEMPERATURE (F)   56        80      1991
 MINIMUM TEMPERATURE (F)   36        13      1982


SUNRISE AND SUNSET
APRIL  7 2014.........SUNRISE   718 AM EDT   SUNSET   817 PM EDT
APRIL  8 2014.........SUNRISE   717 AM EDT   SUNSET   818 PM EDT


-  INDICATES NEGATIVE NUMBERS.
R  INDICATES RECORD WAS SET OR TIED.
MM INDICATES DATA IS MISSING.
T  INDICATES TRACE AMOUNT.




$$
