227
CDUS43 KIWX 120024
CLISBN


CLIMATE REPORT
NATIONAL WEATHER SERVICE NORTHERN INDIANA
824 PM EDT FRI AUG 11 2017


...................................

...THE SOUTH BEND CLIMATE SUMMARY FOR AUGUST 11 2017...
VALID AS OF 0800 PM LOCAL TIME.

CLIMATE NORMAL PERIOD 1981 TO 2010
CLIMATE RECORD PERIOD 1893 TO 2017


WEATHER ITEM   OBSERVED TIME   RECORD YEAR NORMAL DEPARTURE LAST
                VALUE   (LST)  VALUE       VALUE  FROM      YEAR
                                                  NORMAL
..................................................................
TEMPERATURE (F)
 TODAY
  MAXIMUM         79    111 PM  99    1941  81     -2       93
  MINIMUM         65    712 AM  47    1968  62      3       74
                                      1967
                                      1946
  AVERAGE         72                        72      0       84

PRECIPITATION (IN)
  TODAY            0.00          1.13 1980   0.12  -0.12      T
  MONTH TO DATE    1.27                      1.36  -0.09      T
  SINCE JUN 1      7.44                      9.15  -1.71     6.49
  SINCE JAN 1     26.67                     22.87   3.80    21.60

DEGREE DAYS
 HEATING
  TODAY            0                         0      0        0
  MONTH TO DATE    5                         0      5        0
  SINCE JUN 1     31                        49    -18       43
  SINCE JUL 1      6                         5      1        8

 COOLING
  TODAY            7                         7      0       19
  MONTH TO DATE   40                        79    -39      124
  SINCE JUN 1    433                       497    -64      570
  SINCE JAN 1    473                       553    -80      639
..................................................................


WIND (MPH)
  RESULTANT WIND SPEED   6   RESULTANT WIND DIRECTION   W (270)
  HIGHEST WIND SPEED    18   HIGHEST WIND DIRECTION    NW (310)
  HIGHEST GUST SPEED    22   HIGHEST GUST DIRECTION    NW (300)
  AVERAGE WIND SPEED     9.1


SKY COVER
  POSSIBLE SUNSHINE  MM
  AVERAGE SKY COVER 0.4


WEATHER CONDITIONS
 THE FOLLOWING WEATHER WAS RECORDED TODAY.
  NO SIGNIFICANT WEATHER WAS OBSERVED.


RELATIVE HUMIDITY (PERCENT)
 HIGHEST   100          1200 AM
 LOWEST     58           100 PM
 AVERAGE    79

..........................................................


THE SOUTH BEND CLIMATE NORMALS FOR TOMORROW
                         NORMAL    RECORD    YEAR
 MAXIMUM TEMPERATURE (F)   81       101      1918
 MINIMUM TEMPERATURE (F)   62        42      1930


SUNRISE AND SUNSET
AUGUST 11 2017........SUNRISE   650 AM EDT   SUNSET   850 PM EDT
AUGUST 12 2017........SUNRISE   651 AM EDT   SUNSET   849 PM EDT


-  INDICATES NEGATIVE NUMBERS.
R  INDICATES RECORD WAS SET OR TIED.
MM INDICATES DATA IS MISSING.
T  INDICATES TRACE AMOUNT.




$$
