878
CDUS43 KIWX 020525
CLISBN


CLIMATE REPORT
NATIONAL WEATHER SERVICE NORTHERN INDIANA
1225 AM EST FRI DEC 2 2016


...................................

...THE SOUTH BEND CLIMATE SUMMARY FOR DECEMBER 1 2016...

CLIMATE NORMAL PERIOD 1981 TO 2010
CLIMATE RECORD PERIOD 1893 TO 2016


WEATHER ITEM   OBSERVED TIME   RECORD YEAR NORMAL DEPARTURE LAST
                VALUE   (LST)  VALUE       VALUE  FROM      YEAR
                                                  NORMAL
..................................................................
TEMPERATURE (F)
 YESTERDAY
  MAXIMUM         40    122 PM  67    1970  40      0       44
  MINIMUM         34    646 AM   3    1893  27      7       32
  AVERAGE         37                        34      3       38

PRECIPITATION (IN)
  YESTERDAY        T             0.75 1910   0.10  -0.10     0.07
  MONTH TO DATE    T                         0.10  -0.10     0.07
  SINCE DEC 1      T                         0.10  -0.10     0.07
  SINCE JAN 1     44.61                     35.49   9.12    32.25

SNOWFALL (IN)
  YESTERDAY        T             7.6  1978   0.4   -0.4      0.0
  MONTH TO DATE    T                         0.4   -0.4      0.0
  SINCE DEC 1      T                         0.4   -0.4      0.0
  SINCE JUL 1      0.5                       5.6   -5.1      9.1
  SNOW DEPTH       0

DEGREE DAYS
 HEATING
  YESTERDAY       28                        31     -3       27
  MONTH TO DATE   28                        31     -3       27
  SINCE DEC 1     28                        31     -3       27
  SINCE JUL 1    929                      1300   -371     1094

 COOLING
  YESTERDAY        0                         0      0        0
  MONTH TO DATE    0                         0      0        0
  SINCE DEC 1      0                         0      0        0
  SINCE JAN 1    950                       773    177      784
..................................................................


WIND (MPH)
  HIGHEST WIND SPEED    21   HIGHEST WIND DIRECTION     W (260)
  HIGHEST GUST SPEED    27   HIGHEST GUST DIRECTION     W (260)
  AVERAGE WIND SPEED    13.6


SKY COVER
  AVERAGE SKY COVER 1.0


WEATHER CONDITIONS
 THE FOLLOWING WEATHER WAS RECORDED YESTERDAY.
  LIGHT RAIN
  LIGHT SNOW
  FOG


RELATIVE HUMIDITY (PERCENT)
 HIGHEST    82          1200 AM
 LOWEST     76           700 PM
 AVERAGE    79

..........................................................


THE SOUTH BEND CLIMATE NORMALS FOR TODAY
                         NORMAL    RECORD    YEAR
 MAXIMUM TEMPERATURE (F)   40        70      1982
 MINIMUM TEMPERATURE (F)   27        -2      1976
                                             1903


SUNRISE AND SUNSET
DECEMBER  2 2016......SUNRISE   754 AM EST   SUNSET   515 PM EST
DECEMBER  3 2016......SUNRISE   755 AM EST   SUNSET   515 PM EST


-  INDICATES NEGATIVE NUMBERS.
R  INDICATES RECORD WAS SET OR TIED.
MM INDICATES DATA IS MISSING.
T  INDICATES TRACE AMOUNT.




$$
