000
CDUS43 KIWX 130535
CLISBN


CLIMATE REPORT
NATIONAL WEATHER SERVICE NORTHERN INDIANA
1234 AM EST THU NOV 13 2014


...................................

...THE SOUTH BEND CLIMATE SUMMARY FOR NOVEMBER 12 2014...

CLIMATE NORMAL PERIOD 1981 TO 2010
CLIMATE RECORD PERIOD 1893 TO 2014


WEATHER ITEM   OBSERVED TIME   RECORD YEAR NORMAL DEPARTURE LAST
                VALUE   (LST)  VALUE       VALUE  FROM      YEAR
                                                  NORMAL
..................................................................
TEMPERATURE (F)
 YESTERDAY
  MAXIMUM         35    151 AM  75    1911  50    -15       32
  MINIMUM         28   1159 PM  12    1898  35     -7       21
                                      1894
  AVERAGE         32                        42    -10       27

PRECIPITATION (IN)
  YESTERDAY        T             2.60 1931   0.10  -0.10     0.13
  MONTH TO DATE    0.69                      1.27  -0.58     1.18
  SINCE SEP 1      9.08                      8.12   0.96     9.65
  SINCE JAN 1     37.29                     33.39   3.90    36.57

SNOWFALL (IN)
  YESTERDAY        T             4.5  1959   0.1   -0.1      1.5
  MONTH TO DATE    T                         1.1   -1.1      1.8
  SINCE SEP 1      0.2                       1.5   -1.3      2.1
  SINCE JUL 1      0.2                       1.5   -1.3      2.1
  SNOW DEPTH       0

DEGREE DAYS
 HEATING
  YESTERDAY       33                        23     10       38
  MONTH TO DATE  266                       244     22      259
  SINCE SEP 1    771                       767      4      729
  SINCE JUL 1    799                       785     14      758

 COOLING
  YESTERDAY        0                         0      0        0
  MONTH TO DATE    0                         0      0        0
  SINCE SEP 1     78                        91    -13      148
  SINCE JAN 1    771                       773     -2      828
..................................................................


WIND (MPH)
  HIGHEST WIND SPEED    22   HIGHEST WIND DIRECTION    NW (310)
  HIGHEST GUST SPEED    27   HIGHEST GUST DIRECTION    NW (300)
  AVERAGE WIND SPEED    12.1


SKY COVER
  AVERAGE SKY COVER 1.0


WEATHER CONDITIONS
 THE FOLLOWING WEATHER WAS RECORDED YESTERDAY.
  NO SIGNIFICANT WEATHER WAS OBSERVED.


RELATIVE HUMIDITY (PERCENT)
 HIGHEST    70          1200 AM
 LOWEST     54           400 PM
 AVERAGE    62

..........................................................


THE SOUTH BEND CLIMATE NORMALS FOR TODAY
                         NORMAL    RECORD    YEAR
 MAXIMUM TEMPERATURE (F)   50        72      1989
 MINIMUM TEMPERATURE (F)   34         9      1911


SUNRISE AND SUNSET
NOVEMBER 13 2014......SUNRISE   732 AM EST   SUNSET   527 PM EST
NOVEMBER 14 2014......SUNRISE   733 AM EST   SUNSET   526 PM EST


-  INDICATES NEGATIVE NUMBERS.
R  INDICATES RECORD WAS SET OR TIED.
MM INDICATES DATA IS MISSING.
T  INDICATES TRACE AMOUNT.




$$
