000
CDUS43 KIWX 160528
CLISBN


CLIMATE REPORT
NATIONAL WEATHER SERVICE NORTHERN INDIANA
1228 AM EST TUE DEC 16 2014


...................................

...THE SOUTH BEND CLIMATE SUMMARY FOR DECEMBER 15 2014...

CLIMATE NORMAL PERIOD 1981 TO 2010
CLIMATE RECORD PERIOD 1893 TO 2014


WEATHER ITEM   OBSERVED TIME   RECORD YEAR NORMAL DEPARTURE LAST
                VALUE   (LST)  VALUE       VALUE  FROM      YEAR
                                                  NORMAL
..................................................................
TEMPERATURE (F)
 YESTERDAY
  MAXIMUM         49    420 PM  62    1971  35     14       27
  MINIMUM         43   1123 PM -12    1901  22     21        9
  AVERAGE         46                        29     17       18

PRECIPITATION (IN)
  YESTERDAY        0.08          1.36 1987   0.08   0.00     0.01
  MONTH TO DATE    0.27                      1.32  -1.05     0.80
  SINCE DEC 1      0.27                      1.32  -1.05     0.80
  SINCE JAN 1     40.24                     36.71   3.53    38.82

SNOWFALL (IN)
  YESTERDAY        0.0           4.0  1946   0.7   -0.7      0.4
  MONTH TO DATE    T                         7.3   -7.3      6.7
  SINCE DEC 1      T                         7.3   -7.3      6.7
  SINCE JUL 1     19.3                      12.5    6.8     15.9
  SNOW DEPTH       0

DEGREE DAYS
 HEATING
  YESTERDAY       19                        36    -17       47
  MONTH TO DATE  466                       509    -43      582
  SINCE DEC 1    466                       509    -43      582
  SINCE JUL 1   1908                      1778    130     1871

 COOLING
  YESTERDAY        0                         0      0        0
  MONTH TO DATE    0                         0      0        0
  SINCE DEC 1      0                         0      0        0
  SINCE JAN 1    771                       773     -2      828
..................................................................


WIND (MPH)
  HIGHEST WIND SPEED    23   HIGHEST WIND DIRECTION    SE (140)
  HIGHEST GUST SPEED    28   HIGHEST GUST DIRECTION    SE (130)
  AVERAGE WIND SPEED    11.5


SKY COVER
  AVERAGE SKY COVER 1.0


WEATHER CONDITIONS
 THE FOLLOWING WEATHER WAS RECORDED YESTERDAY.
  LIGHT RAIN
  FOG
  HAZE


RELATIVE HUMIDITY (PERCENT)
 HIGHEST    96          1000 PM
 LOWEST     71           400 PM
 AVERAGE    84

..........................................................


THE SOUTH BEND CLIMATE NORMALS FOR TODAY
                         NORMAL    RECORD    YEAR
 MAXIMUM TEMPERATURE (F)   35        65      1984
 MINIMUM TEMPERATURE (F)   22       -16      1951


SUNRISE AND SUNSET
DECEMBER 16 2014......SUNRISE   806 AM EST   SUNSET   516 PM EST
DECEMBER 17 2014......SUNRISE   807 AM EST   SUNSET   516 PM EST


-  INDICATES NEGATIVE NUMBERS.
R  INDICATES RECORD WAS SET OR TIED.
MM INDICATES DATA IS MISSING.
T  INDICATES TRACE AMOUNT.




$$
