000
CDUS43 KIWX 240522
CLISBN


CLIMATE REPORT
NATIONAL WEATHER SERVICE NORTHERN INDIANA
121 AM EDT WED JUN 24 2015


...................................

...THE SOUTH BEND CLIMATE SUMMARY FOR JUNE 23 2015...

CLIMATE NORMAL PERIOD 1981 TO 2010
CLIMATE RECORD PERIOD 1893 TO 2015


WEATHER ITEM   OBSERVED TIME   RECORD YEAR NORMAL DEPARTURE LAST
                VALUE   (LST)  VALUE       VALUE  FROM      YEAR
                                                  NORMAL
..................................................................
TEMPERATURE (F)
 YESTERDAY
  MAXIMUM         82   1225 AM  97    1930  82      0       85
                                      1923
  MINIMUM         60   1159 PM  37    1918  61     -1       69
  AVERAGE         71                        71      0       77

PRECIPITATION (IN)
  YESTERDAY        0.03          2.04 1931   0.13  -0.10     1.12
  MONTH TO DATE    2.31                      2.98  -0.67     7.13
  SINCE JUN 1      2.31                      2.98  -0.67     7.13
  SINCE JAN 1     15.40                     16.70  -1.30    22.21

SNOWFALL (IN)
  YESTERDAY        0.0           0.0  2002   0.0    0.0      0.0
                                      2001
                                      2000
  MONTH TO DATE    0.0                       0.0    0.0      0.0
  SINCE JUN 1      0.0                       0.0    0.0      0.0
  SINCE JUL 1     83.9                      66.6   17.3    106.9
  SNOW DEPTH       0

DEGREE DAYS
 HEATING
  YESTERDAY        0                         1     -1        0
  MONTH TO DATE   19                        40    -21       17
  SINCE JUN 1     19                        40    -21       17
  SINCE JUL 1   6623                      6294    329     6953

 COOLING
  YESTERDAY        6                         7     -1       12
  MONTH TO DATE  138                       112     26      144
  SINCE JUN 1    138                       112     26      144
  SINCE JAN 1    224                       168     56      229
..................................................................


WIND (MPH)
  HIGHEST WIND SPEED    24   HIGHEST WIND DIRECTION    NW (330)
  HIGHEST GUST SPEED    31   HIGHEST GUST DIRECTION     W (260)
  AVERAGE WIND SPEED    11.2


SKY COVER
  AVERAGE SKY COVER 0.2


WEATHER CONDITIONS
 THE FOLLOWING WEATHER WAS RECORDED YESTERDAY.
  LIGHT RAIN


RELATIVE HUMIDITY (PERCENT)
 HIGHEST    87           400 AM
 LOWEST     46           400 PM
 AVERAGE    67

..........................................................


THE SOUTH BEND CLIMATE NORMALS FOR TODAY
                         NORMAL    RECORD    YEAR
 MAXIMUM TEMPERATURE (F)   82        96      2005
                                             1911
 MINIMUM TEMPERATURE (F)   61        41      1932


SUNRISE AND SUNSET
JUNE 24 2015..........SUNRISE   612 AM EDT   SUNSET   924 PM EDT
JUNE 25 2015..........SUNRISE   612 AM EDT   SUNSET   924 PM EDT


-  INDICATES NEGATIVE NUMBERS.
R  INDICATES RECORD WAS SET OR TIED.
MM INDICATES DATA IS MISSING.
T  INDICATES TRACE AMOUNT.




$$
