000
CDUS43 KIWX 080524
CLISBN


CLIMATE REPORT
NATIONAL WEATHER SERVICE NORTHERN INDIANA
1224 AM EST MON FEB 8 2016


...................................

...THE SOUTH BEND CLIMATE SUMMARY FOR FEBRUARY 7 2016...

CLIMATE NORMAL PERIOD 1981 TO 2010
CLIMATE RECORD PERIOD 1893 TO 2016


WEATHER ITEM   OBSERVED TIME   RECORD YEAR NORMAL DEPARTURE LAST
                VALUE   (LST)  VALUE       VALUE  FROM      YEAR
                                                  NORMAL
..................................................................
TEMPERATURE (F)
 YESTERDAY
  MAXIMUM         46    152 PM  63    1925  33     13       43
  MINIMUM         29   1137 PM -14    1978  19     10       20
  AVERAGE         38                        26     12       32

PRECIPITATION (IN)
  YESTERDAY        0.00          0.90 1933   0.06  -0.06     0.00
  MONTH TO DATE    0.46                      0.43   0.03     1.29
  SINCE DEC 1      6.18                      5.33   0.85     4.68
  SINCE JAN 1      2.06                      2.72  -0.66     3.21

SNOWFALL (IN)
  YESTERDAY        0.0          10.0  1914   0.6   -0.6      0.0
  MONTH TO DATE    T                         4.4   -4.4     18.8
  SINCE DEC 1     20.1                      42.3  -22.2     41.1
  SINCE JUL 1     29.2                      47.5  -18.3     60.4
  SNOW DEPTH       0

DEGREE DAYS
 HEATING
  YESTERDAY       27                        39    -12       33
  MONTH TO DATE  228                       278    -50      308
  SINCE DEC 1   2254                      2657   -403     2594
  SINCE JUL 1   3321                      3926   -605     4036

 COOLING
  YESTERDAY        0                         0      0        0
  MONTH TO DATE    0                         0      0        0
  SINCE DEC 1      0                         0      0        0
  SINCE JAN 1      0                         0      0        0
..................................................................


WIND (MPH)
  HIGHEST WIND SPEED    26   HIGHEST WIND DIRECTION    SW (230)
  HIGHEST GUST SPEED    36   HIGHEST GUST DIRECTION    SW (210)
  AVERAGE WIND SPEED    11.8


SKY COVER
  AVERAGE SKY COVER 0.2


WEATHER CONDITIONS
 THE FOLLOWING WEATHER WAS RECORDED YESTERDAY.
  NO SIGNIFICANT WEATHER WAS OBSERVED.


RELATIVE HUMIDITY (PERCENT)
 HIGHEST    92          1100 PM
 LOWEST     53           100 PM
 AVERAGE    73

..........................................................


THE SOUTH BEND CLIMATE NORMALS FOR TODAY
                         NORMAL    RECORD    YEAR
 MAXIMUM TEMPERATURE (F)   33        66      1925
 MINIMUM TEMPERATURE (F)   19       -14      1895


SUNRISE AND SUNSET
FEBRUARY  8 2016......SUNRISE   750 AM EST   SUNSET   609 PM EST
FEBRUARY  9 2016......SUNRISE   749 AM EST   SUNSET   610 PM EST


-  INDICATES NEGATIVE NUMBERS.
R  INDICATES RECORD WAS SET OR TIED.
MM INDICATES DATA IS MISSING.
T  INDICATES TRACE AMOUNT.




$$
