000
CDUS43 KIWX 230523
CLISBN


CLIMATE REPORT
NATIONAL WEATHER SERVICE NORTHERN INDIANA
123 AM EDT WED JUL 23 2014


...................................

...THE SOUTH BEND CLIMATE SUMMARY FOR JULY 22 2014...

CLIMATE NORMAL PERIOD 1981 TO 2010
CLIMATE RECORD PERIOD 1893 TO 2014


WEATHER ITEM   OBSERVED TIME   RECORD YEAR NORMAL DEPARTURE LAST
                VALUE   (LST)  VALUE       VALUE  FROM      YEAR
                                                  NORMAL
..................................................................
TEMPERATURE (F)
 YESTERDAY
  MAXIMUM         89    410 PM 104    1934  83      6       84
  MINIMUM         65    226 AM  46    1947  63      2       67
  AVERAGE         77                        73      4       76

PRECIPITATION (IN)
  YESTERDAY        0.00          1.89 1995   0.14  -0.14     0.22
  MONTH TO DATE    1.52                      2.81  -1.29     2.86
  SINCE JUN 1     10.66                      6.60   4.06     6.29
  SINCE JAN 1     25.74                     20.32   5.42    23.59

DEGREE DAYS
 HEATING
  YESTERDAY        0                         0      0        0
  MONTH TO DATE    9                         0      9        3
  SINCE JUN 1     26                        44    -18       40
  SINCE JUL 1      9                         0      9        3

 COOLING
  YESTERDAY       12                         8      4       11
  MONTH TO DATE  111                       176    -65      219
  SINCE JUN 1    327                       341    -14      384
  SINCE JAN 1    412                       397     15      480
..................................................................


WIND (MPH)
  HIGHEST WIND SPEED    20   HIGHEST WIND DIRECTION     S (190)
  HIGHEST GUST SPEED    26   HIGHEST GUST DIRECTION    SW (210)
  AVERAGE WIND SPEED     8.9


SKY COVER
  AVERAGE SKY COVER 0.2


WEATHER CONDITIONS
 THE FOLLOWING WEATHER WAS RECORDED YESTERDAY.
  NO SIGNIFICANT WEATHER WAS OBSERVED.


RELATIVE HUMIDITY (PERCENT)
 HIGHEST    87           500 AM
 LOWEST     50           300 PM
 AVERAGE    69

..........................................................


THE SOUTH BEND CLIMATE NORMALS FOR TODAY
                         NORMAL    RECORD    YEAR
 MAXIMUM TEMPERATURE (F)   83       106      1934
 MINIMUM TEMPERATURE (F)   63        45      1947


SUNRISE AND SUNSET
JULY 23 2014..........SUNRISE   631 AM EDT   SUNSET   912 PM EDT
JULY 24 2014..........SUNRISE   632 AM EDT   SUNSET   911 PM EDT


-  INDICATES NEGATIVE NUMBERS.
R  INDICATES RECORD WAS SET OR TIED.
MM INDICATES DATA IS MISSING.
T  INDICATES TRACE AMOUNT.




$$
