000
CDUS43 KIWX 230530
CLISBN


CLIMATE REPORT
NATIONAL WEATHER SERVICE NORTHERN INDIANA
1229 AM EST MON FEB 23 2015


...................................

...THE SOUTH BEND CLIMATE SUMMARY FOR FEBRUARY 22 2015...

CLIMATE NORMAL PERIOD 1981 TO 2010
CLIMATE RECORD PERIOD 1893 TO 2015


WEATHER ITEM   OBSERVED TIME   RECORD YEAR NORMAL DEPARTURE LAST
                VALUE   (LST)  VALUE       VALUE  FROM      YEAR
                                                  NORMAL
..................................................................
TEMPERATURE (F)
 YESTERDAY
  MAXIMUM         27    640 AM  66    1922  37    -10       36
  MINIMUM         12   1159 PM -11    1963  22    -10       23
  AVERAGE         20                        30    -10       30

PRECIPITATION (IN)
  YESTERDAY        0.02          1.70 1990   0.08  -0.06     0.00
  MONTH TO DATE    1.86                      1.48   0.38     2.81
  SINCE DEC 1      5.25                      6.38  -1.13     8.26
  SINCE JAN 1      3.78                      3.77   0.01     5.93

SNOWFALL (IN)
  YESTERDAY        0.3           8.4  1993   0.4   -0.1      0.0
  MONTH TO DATE   34.1                      12.3   21.8     17.8
  SINCE DEC 1     56.4                      50.2    6.2     82.9
  SINCE JUL 1     75.7                      55.4   20.3     92.1
  SNOW DEPTH      10

DEGREE DAYS
 HEATING
  YESTERDAY       45                        35     10       35
  MONTH TO DATE 1046                       838    208     1002
  SINCE DEC 1   3332                      3217    115     3603
  SINCE JUL 1   4774                      4486    288     4892

 COOLING
  YESTERDAY        0                         0      0        0
  MONTH TO DATE    0                         0      0        0
  SINCE DEC 1      0                         0      0        0
  SINCE JAN 1      0                         0      0        0
..................................................................


WIND (MPH)
  HIGHEST WIND SPEED    21   HIGHEST WIND DIRECTION    NW (320)
  HIGHEST GUST SPEED    28   HIGHEST GUST DIRECTION    NW (310)
  AVERAGE WIND SPEED    11.4


SKY COVER
  AVERAGE SKY COVER 1.0


WEATHER CONDITIONS
 THE FOLLOWING WEATHER WAS RECORDED YESTERDAY.
  LIGHT SNOW
  HAZE


RELATIVE HUMIDITY (PERCENT)
 HIGHEST    84           100 PM
 LOWEST     61           800 PM
 AVERAGE    73

..........................................................


THE SOUTH BEND CLIMATE NORMALS FOR TODAY
                         NORMAL    RECORD    YEAR
 MAXIMUM TEMPERATURE (F)   38        66      2000
 MINIMUM TEMPERATURE (F)   22        -4      1901


SUNRISE AND SUNSET
FEBRUARY 23 2015......SUNRISE   730 AM EST   SUNSET   628 PM EST
FEBRUARY 24 2015......SUNRISE   728 AM EST   SUNSET   629 PM EST


-  INDICATES NEGATIVE NUMBERS.
R  INDICATES RECORD WAS SET OR TIED.
MM INDICATES DATA IS MISSING.
T  INDICATES TRACE AMOUNT.




$$
