000
CDUS43 KIWX 240525
CLISBN


CLIMATE REPORT
NATIONAL WEATHER SERVICE NORTHERN INDIANA
125 AM EDT WED SEP 24 2014


...................................

...THE SOUTH BEND CLIMATE SUMMARY FOR SEPTEMBER 23 2014...

CLIMATE NORMAL PERIOD 1981 TO 2010
CLIMATE RECORD PERIOD 1893 TO 2014


WEATHER ITEM   OBSERVED TIME   RECORD YEAR NORMAL DEPARTURE LAST
                VALUE   (LST)  VALUE       VALUE  FROM      YEAR
                                                  NORMAL
..................................................................
TEMPERATURE (F)
 YESTERDAY
  MAXIMUM         73    500 PM  95    1922  71      2       69
  MINIMUM         44    654 AM  30    1896  51     -7       40
  AVERAGE         59                        61     -2       55

PRECIPITATION (IN)
  YESTERDAY        0.00          1.27 1946   0.12  -0.12     0.00
  MONTH TO DATE    2.71                      2.72  -0.01     3.89
  SINCE SEP 1      2.71                      2.72  -0.01     3.89
  SINCE JAN 1     30.92                     27.99   2.93    30.81

DEGREE DAYS
 HEATING
  YESTERDAY        6                         6      0       10
  MONTH TO DATE  108                        66     42       64
  SINCE SEP 1    108                        66     42       64
  SINCE JUL 1    136                        84     52       93

 COOLING
  YESTERDAY        0                         1     -1        0
  MONTH TO DATE   68                        73     -5      116
  SINCE SEP 1     68                        73     -5      116
  SINCE JAN 1    761                       755      6      796
..................................................................


WIND (MPH)
  HIGHEST WIND SPEED     9   HIGHEST WIND DIRECTION    NW (320)
  HIGHEST GUST SPEED    12   HIGHEST GUST DIRECTION     E (80)
  AVERAGE WIND SPEED     1.9


SKY COVER
  AVERAGE SKY COVER 0.0


WEATHER CONDITIONS
 THE FOLLOWING WEATHER WAS RECORDED YESTERDAY.
  NO SIGNIFICANT WEATHER WAS OBSERVED.


RELATIVE HUMIDITY (PERCENT)
 HIGHEST    89           500 AM
 LOWEST     41           300 PM
 AVERAGE    65

..........................................................


THE SOUTH BEND CLIMATE NORMALS FOR TODAY
                         NORMAL    RECORD    YEAR
 MAXIMUM TEMPERATURE (F)   71        94      1922
 MINIMUM TEMPERATURE (F)   50        30      1928


SUNRISE AND SUNSET
SEPTEMBER 24 2014.....SUNRISE   735 AM EDT   SUNSET   739 PM EDT
SEPTEMBER 25 2014.....SUNRISE   736 AM EDT   SUNSET   737 PM EDT


-  INDICATES NEGATIVE NUMBERS.
R  INDICATES RECORD WAS SET OR TIED.
MM INDICATES DATA IS MISSING.
T  INDICATES TRACE AMOUNT.




$$
