000
CDUS43 KIWX 190530
CLISBN


CLIMATE REPORT
NATIONAL WEATHER SERVICE NORTHERN INDIANA
129 AM EDT THU MAY 19 2016


...................................

...THE SOUTH BEND CLIMATE SUMMARY FOR MAY 18 2016...

CLIMATE NORMAL PERIOD 1981 TO 2010
CLIMATE RECORD PERIOD 1893 TO 2016


WEATHER ITEM   OBSERVED TIME   RECORD YEAR NORMAL DEPARTURE LAST
                VALUE   (LST)  VALUE       VALUE  FROM      YEAR
                                                  NORMAL
..................................................................
TEMPERATURE (F)
 YESTERDAY
  MAXIMUM         66    233 PM  91    1962  71     -5       84
                                      1934
                                      1911
  MINIMUM         39    415 AM  30    1925  49    -10       51
  AVERAGE         53                        60     -7       68

PRECIPITATION (IN)
  YESTERDAY        0.00          1.30 2000   0.12  -0.12     0.00
  MONTH TO DATE    2.39                      2.14   0.25     3.02
  SINCE MAR 1     11.23                      7.79   3.44     6.20
  SINCE JAN 1     15.01                     12.03   2.98    10.10

SNOWFALL (IN)
  YESTERDAY        0.0           0.0  2002   0.0    0.0      0.0
                                      2001
  MONTH TO DATE    0.0                       0.0    0.0      0.0
  SINCE MAR 1     10.9                       8.5    2.4      6.1
  SINCE JUL 1     70.2                      66.6    3.6     83.9
  SNOW DEPTH       0

DEGREE DAYS
 HEATING
  YESTERDAY       12                         7      5        0
  MONTH TO DATE  227                       158     69       65
  SINCE MAR 1   1441                      1500    -59     1440
  SINCE JUL 1   5571                      6189   -618     6537

 COOLING
  YESTERDAY        0                         2     -2        3
  MONTH TO DATE    0                        18    -18       47
  SINCE MAR 1      4                        28    -24       49
  SINCE JAN 1      4                        28    -24       49
..................................................................


WIND (MPH)
  HIGHEST WIND SPEED    17   HIGHEST WIND DIRECTION     N (350)
  HIGHEST GUST SPEED    21   HIGHEST GUST DIRECTION    NW (320)
  AVERAGE WIND SPEED     6.1


SKY COVER
  AVERAGE SKY COVER 0.3


WEATHER CONDITIONS
 THE FOLLOWING WEATHER WAS RECORDED YESTERDAY.
  NO SIGNIFICANT WEATHER WAS OBSERVED.


RELATIVE HUMIDITY (PERCENT)
 HIGHEST    92           300 AM
 LOWEST     39           200 PM
 AVERAGE    66

..........................................................


THE SOUTH BEND CLIMATE NORMALS FOR TODAY
                         NORMAL    RECORD    YEAR
 MAXIMUM TEMPERATURE (F)   71        94      1934
 MINIMUM TEMPERATURE (F)   50        32      2002


SUNRISE AND SUNSET
MAY 19 2016...........SUNRISE   621 AM EDT   SUNSET   903 PM EDT
MAY 20 2016...........SUNRISE   621 AM EDT   SUNSET   904 PM EDT


-  INDICATES NEGATIVE NUMBERS.
R  INDICATES RECORD WAS SET OR TIED.
MM INDICATES DATA IS MISSING.
T  INDICATES TRACE AMOUNT.




$$
