000
CDUS43 KIWX 070525
CLISBN


CLIMATE REPORT
NATIONAL WEATHER SERVICE NORTHERN INDIANA
125 AM EDT MON AUG 7 2017


...................................

...THE SOUTH BEND CLIMATE SUMMARY FOR AUGUST 6 2017...

CLIMATE NORMAL PERIOD 1981 TO 2010
CLIMATE RECORD PERIOD 1893 TO 2017


WEATHER ITEM   OBSERVED TIME   RECORD YEAR NORMAL DEPARTURE LAST
                VALUE   (LST)  VALUE       VALUE  FROM      YEAR
                                                  NORMAL
..................................................................
TEMPERATURE (F)
 YESTERDAY
  MAXIMUM         74    415 PM 102    1918  82     -8       83
  MINIMUM         58   1107 PM  48    1997  63     -5       60
                                      1948
  AVERAGE         66                        72     -6       72

PRECIPITATION (IN)
  YESTERDAY        T             2.50 1955   0.13  -0.13     0.00
  MONTH TO DATE    1.06                      0.75   0.31     0.00
  SINCE JUN 1      7.23                      8.54  -1.31     6.49
  SINCE JAN 1     26.46                     22.26   4.20    21.60

DEGREE DAYS
 HEATING
  YESTERDAY        0                         0      0        0
  MONTH TO DATE    5                         0      5        0
  SINCE JUN 1     31                        49    -18       43
  SINCE JUL 1      6                         5      1        8

 COOLING
  YESTERDAY        1                         7     -6        7
  MONTH TO DATE   25                        44    -19       65
  SINCE JUN 1    418                       462    -44      511
  SINCE JAN 1    458                       518    -60      580
..................................................................


WIND (MPH)
  HIGHEST WIND SPEED    15   HIGHEST WIND DIRECTION     S (190)
  HIGHEST GUST SPEED    18   HIGHEST GUST DIRECTION     S (200)
  AVERAGE WIND SPEED     4.0


SKY COVER
  AVERAGE SKY COVER 0.1


WEATHER CONDITIONS
 THE FOLLOWING WEATHER WAS RECORDED YESTERDAY.
  LIGHT RAIN


RELATIVE HUMIDITY (PERCENT)
 HIGHEST   100           100 AM
 LOWEST     57           500 PM
 AVERAGE    79

..........................................................


THE SOUTH BEND CLIMATE NORMALS FOR TODAY
                         NORMAL    RECORD    YEAR
 MAXIMUM TEMPERATURE (F)   82        99      1918
 MINIMUM TEMPERATURE (F)   63        46      1989


SUNRISE AND SUNSET
AUGUST  7 2017........SUNRISE   646 AM EDT   SUNSET   856 PM EDT
AUGUST  8 2017........SUNRISE   647 AM EDT   SUNSET   854 PM EDT


-  INDICATES NEGATIVE NUMBERS.
R  INDICATES RECORD WAS SET OR TIED.
MM INDICATES DATA IS MISSING.
T  INDICATES TRACE AMOUNT.




$$
