000
CDUS43 KIWX 230542
CLISBN


CLIMATE REPORT
NATIONAL WEATHER SERVICE NORTHERN INDIANA
1241 AM EST WED NOV 23 2016


...................................

...THE SOUTH BEND CLIMATE SUMMARY FOR NOVEMBER 22 2016...

CLIMATE NORMAL PERIOD 1981 TO 2010
CLIMATE RECORD PERIOD 1893 TO 2016


WEATHER ITEM   OBSERVED TIME   RECORD YEAR NORMAL DEPARTURE LAST
                VALUE   (LST)  VALUE       VALUE  FROM      YEAR
                                                  NORMAL
..................................................................
TEMPERATURE (F)
 YESTERDAY
  MAXIMUM         MM        MM  68    1913  45     MM       30
  MINIMUM         MM        MM   3    1929  31     MM       11
  AVERAGE         MM                        38     MM       21

PRECIPITATION (IN)
  YESTERDAY        0.00          1.34 1909   0.11  -0.11      T
  MONTH TO DATE    1.15                      2.40  -1.25     1.51
  SINCE SEP 1      8.37                      9.25  -0.88     7.04
  SINCE JAN 1     42.78                     34.52   8.26    31.31

SNOWFALL (IN)
  YESTERDAY        0.0           2.9  1956   0.2   -0.2      0.1
  MONTH TO DATE    0.5                       2.7   -2.2      9.1
  SINCE SEP 1      0.5                       3.1   -2.6      9.1
  SINCE JUL 1      0.5                       3.1   -2.6      9.1
  SNOW DEPTH       0

DEGREE DAYS
 HEATING
  YESTERDAY       MM                        27     MM       44
  MONTH TO DATE  225                       494   -269      396
  SINCE SEP 1    549                      1017   -468      830
  SINCE JUL 1    557                      1035   -478      855

 COOLING
  YESTERDAY       MM                         0     MM        0
  MONTH TO DATE    1                         0      1        0
  SINCE SEP 1    141                        91     50      139
  SINCE JAN 1    950                       773    177      784
..................................................................


WIND (MPH)
  HIGHEST WIND SPEED    MM   HIGHEST WIND DIRECTION    MM
  HIGHEST GUST SPEED    MM   HIGHEST GUST DIRECTION    MM
  AVERAGE WIND SPEED    MM


SKY COVER
  AVERAGE SKY COVER 0.0


WEATHER CONDITIONS
 THE FOLLOWING WEATHER WAS RECORDED YESTERDAY.
  NO SIGNIFICANT WEATHER WAS OBSERVED.


RELATIVE HUMIDITY (PERCENT)
 HIGHEST    MM
 LOWEST     MM
 AVERAGE    MM

..........................................................


THE SOUTH BEND CLIMATE NORMALS FOR TODAY
                         NORMAL    RECORD    YEAR
 MAXIMUM TEMPERATURE (F)   44        71      1931
 MINIMUM TEMPERATURE (F)   31         1      1950


SUNRISE AND SUNSET
NOVEMBER 23 2016......SUNRISE   744 AM EST   SUNSET   519 PM EST
NOVEMBER 24 2016......SUNRISE   746 AM EST   SUNSET   518 PM EST


-  INDICATES NEGATIVE NUMBERS.
R  INDICATES RECORD WAS SET OR TIED.
MM INDICATES DATA IS MISSING.
T  INDICATES TRACE AMOUNT.




$$
