218
CDUS43 KIWX 200020
CLISBN


CLIMATE REPORT
NATIONAL WEATHER SERVICE NORTHERN INDIANA
820 PM EDT WED JUL 19 2017


...................................

...THE SOUTH BEND CLIMATE SUMMARY FOR JULY 19 2017...
VALID AS OF 0800 PM LOCAL TIME.

CLIMATE NORMAL PERIOD 1981 TO 2010
CLIMATE RECORD PERIOD 1893 TO 2017


WEATHER ITEM   OBSERVED TIME   RECORD YEAR NORMAL DEPARTURE LAST
                VALUE   (LST)  VALUE       VALUE  FROM      YEAR
                                                  NORMAL
..................................................................
TEMPERATURE (F)
 TODAY
  MAXIMUM         87    359 PM 104    1930  83      4       87
  MINIMUM         65    554 AM  46    1909  63      2       60
  AVERAGE         76                        73      3       74

PRECIPITATION (IN)
  TODAY            0.00          2.06 2012   0.12  -0.12     0.00
  MONTH TO DATE    1.91                      2.39  -0.48     0.91
  SINCE JUN 1      4.33                      6.18  -1.85     4.16
  SINCE JAN 1     23.56                     19.90   3.66    19.27

DEGREE DAYS
 HEATING
  TODAY            0                         0      0        0
  MONTH TO DATE    1                         0      1        8
  SINCE JUN 1     26                        44    -18       43
  SINCE JUL 1      1                         0      1        8

 COOLING
  TODAY           11                         8      3        9
  MONTH TO DATE  128                       152    -24      132
  SINCE JUN 1    301                       317    -16      308
  SINCE JAN 1    341                       373    -32      377
..................................................................


WIND (MPH)
  RESULTANT WIND SPEED   4   RESULTANT WIND DIRECTION   W (260)
  HIGHEST WIND SPEED    14   HIGHEST WIND DIRECTION    NW (310)
  HIGHEST GUST SPEED    18   HIGHEST GUST DIRECTION     W (260)
  AVERAGE WIND SPEED     5.2


SKY COVER
  POSSIBLE SUNSHINE  MM
  AVERAGE SKY COVER 0.1


WEATHER CONDITIONS
 THE FOLLOWING WEATHER WAS RECORDED TODAY.
  NO SIGNIFICANT WEATHER WAS OBSERVED.


RELATIVE HUMIDITY (PERCENT)
 HIGHEST    93           600 AM
 LOWEST     59           200 PM
 AVERAGE    76

..........................................................


THE SOUTH BEND CLIMATE NORMALS FOR TOMORROW
                         NORMAL    RECORD    YEAR
 MAXIMUM TEMPERATURE (F)   83       104      1934
 MINIMUM TEMPERATURE (F)   63        44      1929


SUNRISE AND SUNSET
JULY 19 2017..........SUNRISE   628 AM EDT   SUNSET   915 PM EDT
JULY 20 2017..........SUNRISE   628 AM EDT   SUNSET   914 PM EDT


-  INDICATES NEGATIVE NUMBERS.
R  INDICATES RECORD WAS SET OR TIED.
MM INDICATES DATA IS MISSING.
T  INDICATES TRACE AMOUNT.




$$
