000
CDUS43 KIWX 042123
CLISBN


CLIMATE REPORT
NATIONAL WEATHER SERVICE NORTHERN INDIANA
423 PM EST MON DEC 4 2017


...................................

...THE SOUTH BEND CLIMATE SUMMARY FOR DECEMBER 4 2017...
VALID TODAY AS OF 0400 PM LOCAL TIME.

CLIMATE NORMAL PERIOD 1981 TO 2010
CLIMATE RECORD PERIOD 1893 TO 2017


WEATHER ITEM   OBSERVED TIME   RECORD YEAR NORMAL DEPARTURE LAST
                VALUE   (LST)  VALUE       VALUE  FROM      YEAR
                                                  NORMAL
..................................................................
TEMPERATURE (F)
 TODAY
  MAXIMUM         59    359 PM  64    2012  39     20       35
                                      1998
  MINIMUM         44    230 AM   1    1893  26     18       30
  AVERAGE         52                        32     20       33

PRECIPITATION (IN)
  TODAY            T             1.20 1899   0.09  -0.09     0.43
  MONTH TO DATE    T                         0.37  -0.37     0.45
  SINCE DEC 1      T                         0.37  -0.37     0.45
  SINCE JAN 1     42.16                     35.76   6.40    45.06

SNOWFALL (IN)
  TODAY            0.0           5.7         0.4   -0.4      1.5
  MONTH TO DATE    0.0                       1.5   -1.5      1.5
  SINCE DEC 1      0.0                       1.5   -1.5      1.5
  SINCE JUL 1      T                         6.7   -6.7      2.0
  SNOW DEPTH       0

DEGREE DAYS
 HEATING
  TODAY           13                        33    -20       32
  MONTH TO DATE   92                       128    -36      120
  SINCE DEC 1     92                       128    -36      120
  SINCE JUL 1   1275                      1397   -122     1021

 COOLING
  TODAY            0                         0      0        0
  MONTH TO DATE    0                         0      0        0
  SINCE DEC 1      0                         0      0        0
  SINCE JAN 1    692                       773    -81      950
..................................................................


WIND (MPH)
  HIGHEST WIND SPEED    26   HIGHEST WIND DIRECTION     S (180)
  HIGHEST GUST SPEED    34   HIGHEST GUST DIRECTION     S (190)
  AVERAGE WIND SPEED    14.1


SKY COVER
  POSSIBLE SUNSHINE  MM
  AVERAGE SKY COVER 0.5


WEATHER CONDITIONS
 THE FOLLOWING WEATHER WAS RECORDED TODAY.
  LIGHT RAIN


RELATIVE HUMIDITY (PERCENT)
 HIGHEST    70           100 AM
 LOWEST     53           300 PM
 AVERAGE    62

..........................................................


THE SOUTH BEND CLIMATE NORMALS FOR TOMORROW
                         NORMAL    RECORD    YEAR
 MAXIMUM TEMPERATURE (F)   38        70      2001
 MINIMUM TEMPERATURE (F)   26         4      1899


SUNRISE AND SUNSET
DECEMBER  4 2017......SUNRISE   756 AM EST   SUNSET   515 PM EST
DECEMBER  5 2017......SUNRISE   757 AM EST   SUNSET   515 PM EST


-  INDICATES NEGATIVE NUMBERS.
R  INDICATES RECORD WAS SET OR TIED.
MM INDICATES DATA IS MISSING.
T  INDICATES TRACE AMOUNT.




$$
