000
CDUS43 KIWX 190532
CLISBN


CLIMATE REPORT
NATIONAL WEATHER SERVICE NORTHERN INDIANA
132 AM EDT TUE MAY 19 2015


...................................

...THE SOUTH BEND CLIMATE SUMMARY FOR MAY 18 2015...

CLIMATE NORMAL PERIOD 1981 TO 2010
CLIMATE RECORD PERIOD 1893 TO 2015


WEATHER ITEM   OBSERVED TIME   RECORD YEAR NORMAL DEPARTURE LAST
                VALUE   (LST)  VALUE       VALUE  FROM      YEAR
                                                  NORMAL
..................................................................
TEMPERATURE (F)
 YESTERDAY
  MAXIMUM         84    321 PM  91    1962  71     13       67
                                      1934
                                      1911
  MINIMUM         51   1159 PM  30    1925  49      2       38
  AVERAGE         68                        60      8       53

PRECIPITATION (IN)
  YESTERDAY        0.00          1.30 2000   0.12  -0.12     0.00
  MONTH TO DATE    3.02                      2.14   0.88     2.86
  SINCE MAR 1      6.20                      7.79  -1.59     6.90
  SINCE JAN 1     10.10                     12.03  -1.93    12.84

SNOWFALL (IN)
  YESTERDAY        0.0           0.0  2002   0.0    0.0      0.0
                                      2001
  MONTH TO DATE    0.0                       0.0    0.0      0.0
  SINCE MAR 1      6.1                       8.5   -2.4     12.9
  SINCE JUL 1     83.9                      66.6   17.3    106.9
  SNOW DEPTH       0

DEGREE DAYS
 HEATING
  YESTERDAY        0                         7     -7       12
  MONTH TO DATE   65                       158    -93      182
  SINCE MAR 1   1440                      1500    -60     1727
  SINCE JUL 1   6537                      6189    348     6910

 COOLING
  YESTERDAY        3                         2      1        0
  MONTH TO DATE   47                        18     29       23
  SINCE MAR 1     49                        28     21       25
  SINCE JAN 1     49                        28     21       25
..................................................................


WIND (MPH)
  HIGHEST WIND SPEED    23   HIGHEST WIND DIRECTION    NW (300)
  HIGHEST GUST SPEED    30   HIGHEST GUST DIRECTION     W (280)
  AVERAGE WIND SPEED    13.0


SKY COVER
  AVERAGE SKY COVER 0.1


WEATHER CONDITIONS
 THE FOLLOWING WEATHER WAS RECORDED YESTERDAY.
  NO SIGNIFICANT WEATHER WAS OBSERVED.


RELATIVE HUMIDITY (PERCENT)
 HIGHEST    90           700 AM
 LOWEST     40           600 PM
 AVERAGE    65

..........................................................


THE SOUTH BEND CLIMATE NORMALS FOR TODAY
                         NORMAL    RECORD    YEAR
 MAXIMUM TEMPERATURE (F)   71        94      1934
 MINIMUM TEMPERATURE (F)   50        32      2002


SUNRISE AND SUNSET
MAY 19 2015...........SUNRISE   622 AM EDT   SUNSET   902 PM EDT
MAY 20 2015...........SUNRISE   621 AM EDT   SUNSET   903 PM EDT


-  INDICATES NEGATIVE NUMBERS.
R  INDICATES RECORD WAS SET OR TIED.
MM INDICATES DATA IS MISSING.
T  INDICATES TRACE AMOUNT.




$$
