000
CDUS43 KIWX 270526
CLISBN


CLIMATE REPORT
NATIONAL WEATHER SERVICE NORTHERN INDIANA
123 AM EDT TUE JUN 27 2017


...................................

...THE SOUTH BEND CLIMATE SUMMARY FOR JUNE 26 2017...

CLIMATE NORMAL PERIOD 1981 TO 2010
CLIMATE RECORD PERIOD 1893 TO 2017


WEATHER ITEM   OBSERVED TIME   RECORD YEAR NORMAL DEPARTURE LAST
                VALUE   (LST)  VALUE       VALUE  FROM      YEAR
                                                  NORMAL
..................................................................
TEMPERATURE (F)
 YESTERDAY
  MAXIMUM         71    405 PM  96    1983  82    -11       84
                                      1933
  MINIMUM         50   1159 PM  46    1902  62    -12       71
  AVERAGE         61                        72    -11       78

PRECIPITATION (IN)
  YESTERDAY        0.00          1.87 1994   0.12  -0.12     0.16
  MONTH TO DATE    1.38                      3.34  -1.96     3.25
  SINCE JUN 1      1.38                      3.34  -1.96     3.25
  SINCE JAN 1     20.61                     17.06   3.55    18.36

DEGREE DAYS
 HEATING
  YESTERDAY        4                         1      3        0
  MONTH TO DATE   20                        43    -23       24
  SINCE JUN 1     20                        43    -23       24
  SINCE JUL 1   5522                      6297   -775     5629

 COOLING
  YESTERDAY        0                         7     -7       13
  MONTH TO DATE  153                       133     20      164
  SINCE JUN 1    153                       133     20      164
  SINCE JAN 1    193                       189      4      233
..................................................................


WIND (MPH)
  HIGHEST WIND SPEED    23   HIGHEST WIND DIRECTION     W (270)
  HIGHEST GUST SPEED    29   HIGHEST GUST DIRECTION     W (270)
  AVERAGE WIND SPEED    10.3


SKY COVER
  AVERAGE SKY COVER 0.4


WEATHER CONDITIONS
 THE FOLLOWING WEATHER WAS RECORDED YESTERDAY.
  NO SIGNIFICANT WEATHER WAS OBSERVED.


RELATIVE HUMIDITY (PERCENT)
 HIGHEST    93           400 AM
 LOWEST     39          1200 PM
 AVERAGE    66

..........................................................


THE SOUTH BEND CLIMATE NORMALS FOR TODAY
                         NORMAL    RECORD    YEAR
 MAXIMUM TEMPERATURE (F)   82       102      1933
 MINIMUM TEMPERATURE (F)   62        41      1905


SUNRISE AND SUNSET
JUNE 27 2017..........SUNRISE   613 AM EDT   SUNSET   924 PM EDT
JUNE 28 2017..........SUNRISE   613 AM EDT   SUNSET   924 PM EDT


-  INDICATES NEGATIVE NUMBERS.
R  INDICATES RECORD WAS SET OR TIED.
MM INDICATES DATA IS MISSING.
T  INDICATES TRACE AMOUNT.




$$
