000
CDUS43 KIWX 100020
CLISBN


CLIMATE REPORT
NATIONAL WEATHER SERVICE NORTHERN INDIANA
820 PM EDT SAT SEP 9 2017


...................................

...THE SOUTH BEND CLIMATE SUMMARY FOR SEPTEMBER 9 2017...
VALID AS OF 0800 PM LOCAL TIME.

CLIMATE NORMAL PERIOD 1981 TO 2010
CLIMATE RECORD PERIOD 1893 TO 2017


WEATHER ITEM   OBSERVED TIME   RECORD YEAR NORMAL DEPARTURE LAST
                VALUE   (LST)  VALUE       VALUE  FROM      YEAR
                                                  NORMAL
..................................................................
TEMPERATURE (F)
 TODAY
  MAXIMUM         69    348 PM  97    1897  77     -8       80
  MINIMUM         48    625 AM  43    1951  57     -9       64
                                      1914
  AVERAGE         59                        67     -8       72

PRECIPITATION (IN)
  TODAY            0.00          2.37 1992   0.11  -0.11     1.04
  MONTH TO DATE    1.11                      1.07   0.04     1.06
  SINCE SEP 1      1.11                      1.07   0.04     1.06
  SINCE JAN 1     28.70                     26.34   2.36    35.47

DEGREE DAYS
 HEATING
  TODAY            6                         2      4        0
  MONTH TO DATE   45                        13     32        2
  SINCE SEP 1     45                        13     32        2
  SINCE JUL 1     66                        31     35       10

 COOLING
  TODAY            0                         4     -4        7
  MONTH TO DATE    7                        40    -33       62
  SINCE SEP 1      7                        40    -33       62
  SINCE JAN 1    559                       722   -163      871
..................................................................


WIND (MPH)
  RESULTANT WIND SPEED   7   RESULTANT WIND DIRECTION   E (90)
  HIGHEST WIND SPEED    14   HIGHEST WIND DIRECTION     E (110)
  HIGHEST GUST SPEED    18   HIGHEST GUST DIRECTION     E (110)
  AVERAGE WIND SPEED     7.1


SKY COVER
  POSSIBLE SUNSHINE  MM
  AVERAGE SKY COVER 0.0


WEATHER CONDITIONS
 THE FOLLOWING WEATHER WAS RECORDED TODAY.
  NO SIGNIFICANT WEATHER WAS OBSERVED.


RELATIVE HUMIDITY (PERCENT)
 HIGHEST   100           600 AM
 LOWEST     35           400 PM
 AVERAGE    68

..........................................................


THE SOUTH BEND CLIMATE NORMALS FOR TOMORROW
                         NORMAL    RECORD    YEAR
 MAXIMUM TEMPERATURE (F)   76        97      2013
 MINIMUM TEMPERATURE (F)   56        35      1917


SUNRISE AND SUNSET
SEPTEMBER  9 2017.....SUNRISE   720 AM EDT   SUNSET   805 PM EDT
SEPTEMBER 10 2017.....SUNRISE   721 AM EDT   SUNSET   803 PM EDT


-  INDICATES NEGATIVE NUMBERS.
R  INDICATES RECORD WAS SET OR TIED.
MM INDICATES DATA IS MISSING.
T  INDICATES TRACE AMOUNT.




$$
