000
CDUS43 KIWX 152038
CLISBN


CLIMATE REPORT
NATIONAL WEATHER SERVICE NORTHERN INDIANA
437 PM EDT WED MAR 15 2017


...................................

...THE SOUTH BEND CLIMATE SUMMARY FOR MARCH 15 2017...
VALID TODAY AS OF 0400 PM LOCAL TIME.

CLIMATE NORMAL PERIOD 1981 TO 2010
CLIMATE RECORD PERIOD 1893 TO 2017


WEATHER ITEM   OBSERVED TIME   RECORD YEAR NORMAL DEPARTURE LAST
                VALUE   (LST)  VALUE       VALUE  FROM      YEAR
                                                  NORMAL
..................................................................
TEMPERATURE (F)
 TODAY
  MAXIMUM         29    121 PM  81    2012  46    -17       61
  MINIMUM         16    612 AM   2    1932  28    -12       33
  AVERAGE         23                        37    -14       47

PRECIPITATION (IN)
  TODAY            0.13          1.63 1929   0.07   0.06     0.00
  MONTH TO DATE    1.18                      1.13   0.05     1.76
  SINCE MAR 1      1.18                      1.13   0.05     1.76
  SINCE JAN 1      8.17                      5.37   2.80     5.54

SNOWFALL (IN)
  TODAY            3.1           4.0  1904   0.2    2.9      0.0
  MONTH TO DATE    7.7                       4.6    3.1      6.8
  SINCE MAR 1      7.7                       4.6    3.1      6.8
  SINCE JUL 1     41.4                      62.7  -21.3     66.1

DEGREE DAYS
 HEATING
  TODAY           42                        28     14       18
  MONTH TO DATE  489                       458     31      352
  SINCE MAR 1    489                       458     31      352
  SINCE JUL 1   4466                      5147   -681     4482

 COOLING
  TODAY            0                         0      0        0
  MONTH TO DATE    0                         0      0        0
  SINCE MAR 1      0                         0      0        0
  SINCE JAN 1      0                         0      0        0
..................................................................


WIND (MPH)
  HIGHEST WIND SPEED    28   HIGHEST WIND DIRECTION    NW (310)
  HIGHEST GUST SPEED    33   HIGHEST GUST DIRECTION    NW (300)
  AVERAGE WIND SPEED     9.6


SKY COVER
  POSSIBLE SUNSHINE  MM
  AVERAGE SKY COVER 1.0


WEATHER CONDITIONS
 THE FOLLOWING WEATHER WAS RECORDED TODAY.
  HEAVY SNOW
  SNOW
  LIGHT SNOW
  FOG
  FOG W/VISIBILITY <= 1/4 MILE
  HAZE


RELATIVE HUMIDITY (PERCENT)
 HIGHEST    92           800 AM
 LOWEST     56          1200 AM
 AVERAGE    74

..........................................................


THE SOUTH BEND CLIMATE NORMALS FOR TOMORROW
                         NORMAL    RECORD    YEAR
 MAXIMUM TEMPERATURE (F)   47        79      2012
 MINIMUM TEMPERATURE (F)   28         2      1900


SUNRISE AND SUNSET
MARCH 15 2017.........SUNRISE   757 AM EDT   SUNSET   752 PM EDT
MARCH 16 2017.........SUNRISE   755 AM EDT   SUNSET   753 PM EDT


-  INDICATES NEGATIVE NUMBERS.
R  INDICATES RECORD WAS SET OR TIED.
MM INDICATES DATA IS MISSING.
T  INDICATES TRACE AMOUNT.




$$
