000
CDUS43 KIWX 170523
CLISBN


CLIMATE REPORT
NATIONAL WEATHER SERVICE NORTHERN INDIANA
1223 AM EST FRI NOV 17 2017


...................................

...THE SOUTH BEND CLIMATE SUMMARY FOR NOVEMBER 16 2017...

CLIMATE NORMAL PERIOD 1981 TO 2010
CLIMATE RECORD PERIOD 1893 TO 2017


WEATHER ITEM   OBSERVED TIME   RECORD YEAR NORMAL DEPARTURE LAST
                VALUE   (LST)  VALUE       VALUE  FROM      YEAR
                                                  NORMAL
..................................................................
TEMPERATURE (F)
 YESTERDAY
  MAXIMUM         38    403 PM  71    1953  48    -10       60
  MINIMUM         33   1011 PM   9    1900  33      0       36
  AVERAGE         36                        41     -5       48

PRECIPITATION (IN)
  YESTERDAY        T             1.28 1928   0.12  -0.12     0.00
  MONTH TO DATE    1.70                      1.74  -0.04     0.67
  SINCE SEP 1     12.87                      8.59   4.28     7.89
  SINCE JAN 1     40.46                     33.86   6.60    42.30

SNOWFALL (IN)
  YESTERDAY        0.0           6.9  1989   0.1   -0.1      0.0
  MONTH TO DATE    T                         1.6   -1.6      0.0
  SINCE SEP 1      T                         2.0   -2.0      0.0
  SINCE JUL 1      T                         2.0   -2.0      0.0
  SNOW DEPTH       0

DEGREE DAYS
 HEATING
  YESTERDAY       29                        24      5       17
  MONTH TO DATE  411                       338     73      242
  SINCE SEP 1    798                       861    -63      566
  SINCE JUL 1    819                       879    -60      574

 COOLING
  YESTERDAY        0                         0      0        0
  MONTH TO DATE    0                         0      0        1
  SINCE SEP 1    140                        91     49      141
  SINCE JAN 1    692                       773    -81      950
..................................................................


WIND (MPH)
  HIGHEST WIND SPEED    24   HIGHEST WIND DIRECTION    NW (300)
  HIGHEST GUST SPEED    32   HIGHEST GUST DIRECTION    NW (310)
  AVERAGE WIND SPEED    10.3


SKY COVER
  AVERAGE SKY COVER 1.0


WEATHER CONDITIONS
 THE FOLLOWING WEATHER WAS RECORDED YESTERDAY.
  LIGHT RAIN


RELATIVE HUMIDITY (PERCENT)
 HIGHEST    92          1200 AM
 LOWEST     76           400 PM
 AVERAGE    84

..........................................................


THE SOUTH BEND CLIMATE NORMALS FOR TODAY
                         NORMAL    RECORD    YEAR
 MAXIMUM TEMPERATURE (F)   48        72      2016
                                             1952
 MINIMUM TEMPERATURE (F)   33         4      1959


SUNRISE AND SUNSET
NOVEMBER 17 2017......SUNRISE   737 AM EST   SUNSET   523 PM EST
NOVEMBER 18 2017......SUNRISE   738 AM EST   SUNSET   522 PM EST


-  INDICATES NEGATIVE NUMBERS.
R  INDICATES RECORD WAS SET OR TIED.
MM INDICATES DATA IS MISSING.
T  INDICATES TRACE AMOUNT.




$$
