000
CDUS43 KIWX 160520
CLISBN


CLIMATE REPORT
NATIONAL WEATHER SERVICE NORTHERN INDIANA
120 AM EDT FRI SEP 16 2016


...................................

...THE SOUTH BEND CLIMATE SUMMARY FOR SEPTEMBER 15 2016...

CLIMATE NORMAL PERIOD 1981 TO 2010
CLIMATE RECORD PERIOD 1893 TO 2016


WEATHER ITEM   OBSERVED TIME   RECORD YEAR NORMAL DEPARTURE LAST
                VALUE   (LST)  VALUE       VALUE  FROM      YEAR
                                                  NORMAL
..................................................................
TEMPERATURE (F)
 YESTERDAY
  MAXIMUM         75    452 PM  96    1897  75      0       82
  MINIMUM         57    645 AM  38    1953  54      3       59
  AVERAGE         66                        64      2       71

PRECIPITATION (IN)
  YESTERDAY        0.00          2.27 1912   0.12  -0.12     0.00
  MONTH TO DATE    1.16                      1.76  -0.60     1.67
  SINCE SEP 1      1.16                      1.76  -0.60     1.67
  SINCE JAN 1     35.57                     27.03   8.54    25.94

SNOWFALL (IN)
  YESTERDAY        0.0           0.0  2002   0.0    0.0      0.0
                                      2001
  MONTH TO DATE    0.0                       0.0    0.0      0.0
  SINCE SEP 1      0.0                       0.0    0.0      0.0
  SINCE JUL 1      0.0                       0.0    0.0      0.0
  SNOW DEPTH       0

DEGREE DAYS
 HEATING
  YESTERDAY        0                         3     -3        0
  MONTH TO DATE    4                        29    -25       28
  SINCE SEP 1      4                        29    -25       28
  SINCE JUL 1     12                        47    -35       53

 COOLING
  YESTERDAY        1                         3     -2        6
  MONTH TO DATE   71                        58     13      110
  SINCE SEP 1     71                        58     13      110
  SINCE JAN 1    880                       740    140      755
..................................................................


WIND (MPH)
  HIGHEST WIND SPEED    13   HIGHEST WIND DIRECTION    SE (130)
  HIGHEST GUST SPEED    19   HIGHEST GUST DIRECTION     E (110)
  AVERAGE WIND SPEED     6.2


SKY COVER
  AVERAGE SKY COVER 0.0


WEATHER CONDITIONS
 THE FOLLOWING WEATHER WAS RECORDED YESTERDAY.
  NO SIGNIFICANT WEATHER WAS OBSERVED.


RELATIVE HUMIDITY (PERCENT)
 HIGHEST    93           300 AM
 LOWEST     50           400 PM
 AVERAGE    72

..........................................................


THE SOUTH BEND CLIMATE NORMALS FOR TODAY
                         NORMAL    RECORD    YEAR
 MAXIMUM TEMPERATURE (F)   74        93      1927
 MINIMUM TEMPERATURE (F)   54        34      1916


SUNRISE AND SUNSET
SEPTEMBER 16 2016.....SUNRISE   727 AM EDT   SUNSET   752 PM EDT
SEPTEMBER 17 2016.....SUNRISE   728 AM EDT   SUNSET   750 PM EDT


-  INDICATES NEGATIVE NUMBERS.
R  INDICATES RECORD WAS SET OR TIED.
MM INDICATES DATA IS MISSING.
T  INDICATES TRACE AMOUNT.




$$
