000
CDUS43 KIWX 100520
CLISBN


CLIMATE REPORT
NATIONAL WEATHER SERVICE NORTHERN INDIANA
120 AM EDT MON APR 10 2017


...................................

...THE SOUTH BEND CLIMATE SUMMARY FOR APRIL 9 2017...

CLIMATE NORMAL PERIOD 1981 TO 2010
CLIMATE RECORD PERIOD 1893 TO 2017


WEATHER ITEM   OBSERVED TIME   RECORD YEAR NORMAL DEPARTURE LAST
                VALUE   (LST)  VALUE       VALUE  FROM      YEAR
                                                  NORMAL
..................................................................
TEMPERATURE (F)
 YESTERDAY
  MAXIMUM         76    355 PM  78    1931  57     19       35
  MINIMUM         49    136 AM  14    1985  36     13       24
  AVERAGE         63                        47     16       30

PRECIPITATION (IN)
  YESTERDAY        0.00          1.19 1995   0.11  -0.11     0.17
  MONTH TO DATE    1.01                      0.91   0.10     1.83
  SINCE MAR 1      5.24                      3.33   1.91     6.00
  SINCE JAN 1     12.23                      7.57   4.66     9.78

SNOWFALL (IN)
  YESTERDAY        0.0           2.3  2016   0.1   -0.1      2.3
  MONTH TO DATE    0.6                       0.8   -0.2      4.0
  SINCE MAR 1      8.5                       7.9    0.6     10.8
  SINCE JUL 1     42.2                      66.0  -23.8     70.1
  SNOW DEPTH       0

DEGREE DAYS
 HEATING
  YESTERDAY        2                        19    -17       35
  MONTH TO DATE  180                       181     -1      259
  SINCE MAR 1   1042                      1036      6      949
  SINCE JUL 1   5019                      5725   -706     5079

 COOLING
  YESTERDAY        0                         0      0        0
  MONTH TO DATE    0                         0      0        0
  SINCE MAR 1      0                         1     -1        0
  SINCE JAN 1      0                         1     -1        0
..................................................................


WIND (MPH)
  HIGHEST WIND SPEED    30   HIGHEST WIND DIRECTION     S (190)
  HIGHEST GUST SPEED    38   HIGHEST GUST DIRECTION     S (190)
  AVERAGE WIND SPEED    16.6


SKY COVER
  AVERAGE SKY COVER 0.0


WEATHER CONDITIONS
 THE FOLLOWING WEATHER WAS RECORDED YESTERDAY.
  NO SIGNIFICANT WEATHER WAS OBSERVED.


RELATIVE HUMIDITY (PERCENT)
 HIGHEST    53           700 PM
 LOWEST     46           300 AM
 AVERAGE    50

..........................................................


THE SOUTH BEND CLIMATE NORMALS FOR TODAY
                         NORMAL    RECORD    YEAR
 MAXIMUM TEMPERATURE (F)   57        86      1930
 MINIMUM TEMPERATURE (F)   37        15      1909


SUNRISE AND SUNSET
APRIL 10 2017.........SUNRISE   713 AM EDT   SUNSET   821 PM EDT
APRIL 11 2017.........SUNRISE   711 AM EDT   SUNSET   822 PM EDT


-  INDICATES NEGATIVE NUMBERS.
R  INDICATES RECORD WAS SET OR TIED.
MM INDICATES DATA IS MISSING.
T  INDICATES TRACE AMOUNT.




$$
