000
CDUS43 KIWX 102124
CLISBN


CLIMATE REPORT
NATIONAL WEATHER SERVICE NORTHERN INDIANA
422 PM EST SAT FEB 10 2018


...................................

...THE SOUTH BEND CLIMATE SUMMARY FOR FEBRUARY 10 2018...
VALID TODAY AS OF 0400 PM LOCAL TIME.

CLIMATE NORMAL PERIOD 1981 TO 2010
CLIMATE RECORD PERIOD 1893 TO 2018


WEATHER ITEM   OBSERVED TIME   RECORD YEAR NORMAL DEPARTURE LAST
                VALUE   (LST)  VALUE       VALUE  FROM      YEAR
                                                  NORMAL
..................................................................
TEMPERATURE (F)
 TODAY
  MAXIMUM         24    359 PM  62    2009  34    -10       39
  MINIMUM         20   1055 AM -20    1899  19      1       14
  AVERAGE         22                        26     -4       27

PRECIPITATION (IN)
  TODAY            T             1.03 1960   0.07  -0.07      T
  MONTH TO DATE    1.46                      0.63   0.83     1.43
  SINCE DEC 1      4.75                      5.53  -0.78     6.76
  SINCE JAN 1      3.39                      2.92   0.47     4.77

SNOWFALL (IN)
  TODAY            T             6.6         0.5   -0.5       T
  MONTH TO DATE   25.4                       6.1   19.3      0.3
  SINCE DEC 1     79.8                      44.0   35.8     33.1
  SINCE JUL 1     79.8                      49.2   30.6     33.6
  SNOW DEPTH      15

DEGREE DAYS
 HEATING
  TODAY           43                        39      4       38
  MONTH TO DATE  476                       395     81      366
  SINCE DEC 1   2968                      2774    194     2673
  SINCE JUL 1   4151                      4043    108     3574

 COOLING
  TODAY            0                         0      0        0
  MONTH TO DATE    0                         0      0        0
  SINCE DEC 1      0                         0      0        0
  SINCE JAN 1      0                         0      0        0
..................................................................


WIND (MPH)
  HIGHEST WIND SPEED    15   HIGHEST WIND DIRECTION     N (20)
  HIGHEST GUST SPEED    18   HIGHEST GUST DIRECTION     N (20)
  AVERAGE WIND SPEED     7.8


SKY COVER
  POSSIBLE SUNSHINE  MM
  AVERAGE SKY COVER 1.0


WEATHER CONDITIONS
 THE FOLLOWING WEATHER WAS RECORDED TODAY.
  LIGHT SNOW
  FOG
  HAZE


RELATIVE HUMIDITY (PERCENT)
 HIGHEST    84          1200 AM
 LOWEST     68           300 PM
 AVERAGE    76

..........................................................


THE SOUTH BEND CLIMATE NORMALS FOR TOMORROW
                         NORMAL    RECORD    YEAR
 MAXIMUM TEMPERATURE (F)   34        72      1999
 MINIMUM TEMPERATURE (F)   20       -12      1899


SUNRISE AND SUNSET
FEBRUARY 10 2018......SUNRISE   747 AM EST   SUNSET   612 PM EST
FEBRUARY 11 2018......SUNRISE   746 AM EST   SUNSET   614 PM EST


-  INDICATES NEGATIVE NUMBERS.
R  INDICATES RECORD WAS SET OR TIED.
MM INDICATES DATA IS MISSING.
T  INDICATES TRACE AMOUNT.




$$
