000
CDUS43 KIWX 110020
CLISBN


CLIMATE REPORT
NATIONAL WEATHER SERVICE NORTHERN INDIANA
720 PM EST WED DEC 10 2014


...................................

...THE SOUTH BEND CLIMATE SUMMARY FOR DECEMBER 10 2014...
VALID AS OF 0700 PM LOCAL TIME.

CLIMATE NORMAL PERIOD 1981 TO 2010
CLIMATE RECORD PERIOD 1893 TO 2014


WEATHER ITEM   OBSERVED TIME   RECORD YEAR NORMAL DEPARTURE LAST
                VALUE   (LST)  VALUE       VALUE  FROM      YEAR
                                                  NORMAL
..................................................................
TEMPERATURE (F)
 TODAY
  MAXIMUM         35    320 PM  64    1971  37     -2       24
  MINIMUM         27    659 PM -10    1958  24      3        1
                                      1919
  AVERAGE         31                        30      1       13

PRECIPITATION (IN)
  TODAY            0.00          1.39 1971   0.09  -0.09      T
  MONTH TO DATE    0.19                      0.91  -0.72     0.21
  SINCE DEC 1      0.19                      0.91  -0.72     0.21
  SINCE JAN 1     40.16                     36.30   3.86    38.23

SNOWFALL (IN)
  TODAY            0.0           5.8  1997   0.6   -0.6       T
  MONTH TO DATE    T                         4.4   -4.4      0.3
  SINCE DEC 1      T                         4.4   -4.4      0.3
  SINCE JUL 1     19.3                       9.6    9.7      9.5
  SNOW DEPTH       0

DEGREE DAYS
 HEATING
  TODAY           34                        35     -1       52
  MONTH TO DATE  330                       331     -1      348
  SINCE DEC 1    330                       331     -1      348
  SINCE JUL 1   1772                      1600    172     1637

 COOLING
  TODAY            0                         0      0        0
  MONTH TO DATE    0                         0      0        0
  SINCE DEC 1      0                         0      0        0
  SINCE JAN 1    771                       773     -2      828
..................................................................


WIND (MPH)
  RESULTANT WIND SPEED   9   RESULTANT WIND DIRECTION   N (0)
  HIGHEST WIND SPEED    16   HIGHEST WIND DIRECTION     N (20)
  HIGHEST GUST SPEED    19   HIGHEST GUST DIRECTION     N (10)
  AVERAGE WIND SPEED     9.7


SKY COVER
  POSSIBLE SUNSHINE  MM
  AVERAGE SKY COVER 0.9


WEATHER CONDITIONS
 THE FOLLOWING WEATHER WAS RECORDED TODAY.
  NO SIGNIFICANT WEATHER WAS OBSERVED.


RELATIVE HUMIDITY (PERCENT)
 HIGHEST    78          1000 AM
 LOWEST     66           500 AM
 AVERAGE    72

..........................................................


THE SOUTH BEND CLIMATE NORMALS FOR TOMORROW
                         NORMAL    RECORD    YEAR
 MAXIMUM TEMPERATURE (F)   36        64      1949
 MINIMUM TEMPERATURE (F)   24        -7      1917


SUNRISE AND SUNSET
DECEMBER 10 2014......SUNRISE   801 AM EST   SUNSET   515 PM EST
DECEMBER 11 2014......SUNRISE   802 AM EST   SUNSET   515 PM EST


-  INDICATES NEGATIVE NUMBERS.
R  INDICATES RECORD WAS SET OR TIED.
MM INDICATES DATA IS MISSING.
T  INDICATES TRACE AMOUNT.




$$
