000
CDUS43 KIWX 110522
CLISBN


CLIMATE REPORT
NATIONAL WEATHER SERVICE NORTHERN INDIANA
122 AM EDT THU SEP 11 2014


...................................

...THE SOUTH BEND CLIMATE SUMMARY FOR SEPTEMBER 10 2014...

CLIMATE NORMAL PERIOD 1981 TO 2010
CLIMATE RECORD PERIOD 1893 TO 2014


WEATHER ITEM   OBSERVED TIME   RECORD YEAR NORMAL DEPARTURE LAST
                VALUE   (LST)  VALUE       VALUE  FROM      YEAR
                                                  NORMAL
..................................................................
TEMPERATURE (F)
 YESTERDAY
  MAXIMUM         79    256 PM  97    2013  76      3       97
  MINIMUM         59   1159 PM  35    1917  56      3       74
  AVERAGE         69                        66      3       86

PRECIPITATION (IN)
  YESTERDAY        0.93          1.33 1947   0.12   0.81     0.00
  MONTH TO DATE    2.17                      1.19   0.98     0.07
  SINCE SEP 1      2.17                      1.19   0.98     0.07
  SINCE JAN 1     30.38                     26.46   3.92    26.99

DEGREE DAYS
 HEATING
  YESTERDAY        0                         2     -2        0
  MONTH TO DATE    2                        15    -13        0
  SINCE SEP 1      2                        15    -13        0
  SINCE JUL 1     30                        33     -3       29

 COOLING
  YESTERDAY        4                         3      1       21
  MONTH TO DATE   64                        43     21       78
  SINCE SEP 1     64                        43     21       78
  SINCE JAN 1    757                       725     32      758
..................................................................


WIND (MPH)
  HIGHEST WIND SPEED    26   HIGHEST WIND DIRECTION    NW (310)
  HIGHEST GUST SPEED    35   HIGHEST GUST DIRECTION    SW (220)
  AVERAGE WIND SPEED    13.4


SKY COVER
  AVERAGE SKY COVER 0.8


WEATHER CONDITIONS
 THE FOLLOWING WEATHER WAS RECORDED YESTERDAY.
  HEAVY RAIN
  RAIN
  LIGHT RAIN
  FOG


RELATIVE HUMIDITY (PERCENT)
 HIGHEST    94           200 PM
 LOWEST     73          1200 AM
 AVERAGE    84

..........................................................


THE SOUTH BEND CLIMATE NORMALS FOR TODAY
                         NORMAL    RECORD    YEAR
 MAXIMUM TEMPERATURE (F)   76        96      2013
                                             1931
 MINIMUM TEMPERATURE (F)   56        33      1917


SUNRISE AND SUNSET
SEPTEMBER 11 2014.....SUNRISE   721 AM EDT   SUNSET   802 PM EDT
SEPTEMBER 12 2014.....SUNRISE   722 AM EDT   SUNSET   800 PM EDT


-  INDICATES NEGATIVE NUMBERS.
R  INDICATES RECORD WAS SET OR TIED.
MM INDICATES DATA IS MISSING.
T  INDICATES TRACE AMOUNT.




$$
