000
CDUS43 KIWX 300538
CLISBN


CLIMATE REPORT
NATIONAL WEATHER SERVICE NORTHERN INDIANA
1235 AM EST SAT JAN 30 2016


...................................

...THE SOUTH BEND CLIMATE SUMMARY FOR JANUARY 29 2016...

CLIMATE NORMAL PERIOD 1981 TO 2010
CLIMATE RECORD PERIOD 1893 TO 2016


WEATHER ITEM   OBSERVED TIME   RECORD YEAR NORMAL DEPARTURE LAST
                VALUE   (LST)  VALUE       VALUE  FROM      YEAR
                                                  NORMAL
..................................................................
TEMPERATURE (F)
 YESTERDAY
  MAXIMUM         33   1148 PM  59    2013  32      1       37
  MINIMUM         24    926 AM -12    1899  18      6       31
  AVERAGE         29                        25      4       34

PRECIPITATION (IN)
  YESTERDAY        0.02          1.94 2013   0.06  -0.04     0.02
  MONTH TO DATE    1.53                      2.16  -0.63     1.85
  SINCE DEC 1      5.65                      4.77   0.88     3.32
  SINCE JAN 1      1.53                      2.16  -0.63     1.85

SNOWFALL (IN)
  YESTERDAY        0.3           8.2  1978   0.6   -0.3      0.1
  MONTH TO DATE   18.7                      19.2   -0.5     21.4
  SINCE DEC 1     20.1                      36.5  -16.4     21.6
  SINCE JUL 1     29.2                      41.7  -12.5     40.9
  SNOW DEPTH       T

DEGREE DAYS
 HEATING
  YESTERDAY       36                        40     -4       31
  MONTH TO DATE 1194                      1180     14     1230
  SINCE DEC 1   1980                      2302   -322     2208
  SINCE JUL 1   3047                      3571   -524     3650

 COOLING
  YESTERDAY        0                         0      0        0
  MONTH TO DATE    0                         0      0        0
  SINCE DEC 1      0                         0      0        0
  SINCE JAN 1      0                         0      0        0
..................................................................


WIND (MPH)
  HIGHEST WIND SPEED    23   HIGHEST WIND DIRECTION     N (340)
  HIGHEST GUST SPEED    28   HIGHEST GUST DIRECTION     N (340)
  AVERAGE WIND SPEED    11.7


SKY COVER
  AVERAGE SKY COVER 0.6


WEATHER CONDITIONS
 THE FOLLOWING WEATHER WAS RECORDED YESTERDAY.
  LIGHT SNOW
  FOG


RELATIVE HUMIDITY (PERCENT)
 HIGHEST   100           300 AM
 LOWEST     58           200 PM
 AVERAGE    79

..........................................................


THE SOUTH BEND CLIMATE NORMALS FOR TODAY
                         NORMAL    RECORD    YEAR
 MAXIMUM TEMPERATURE (F)   32        54      1974
 MINIMUM TEMPERATURE (F)   18       -13      1966


SUNRISE AND SUNSET
JANUARY 30 2016.......SUNRISE   800 AM EST   SUNSET   558 PM EST
JANUARY 31 2016.......SUNRISE   759 AM EST   SUNSET   559 PM EST


-  INDICATES NEGATIVE NUMBERS.
R  INDICATES RECORD WAS SET OR TIED.
MM INDICATES DATA IS MISSING.
T  INDICATES TRACE AMOUNT.




$$
