000
CDUS43 KIWX 220530
CLISBN


CLIMATE REPORT
NATIONAL WEATHER SERVICE NORTHERN INDIANA
129 AM EDT TUE JUL 22 2014


...................................

...THE SOUTH BEND CLIMATE SUMMARY FOR JULY 21 2014...

CLIMATE NORMAL PERIOD 1981 TO 2010
CLIMATE RECORD PERIOD 1893 TO 2014


WEATHER ITEM   OBSERVED TIME   RECORD YEAR NORMAL DEPARTURE LAST
                VALUE   (LST)  VALUE       VALUE  FROM      YEAR
                                                  NORMAL
..................................................................
TEMPERATURE (F)
 YESTERDAY
  MAXIMUM         85    515 PM 107    1934  83      2       87
  MINIMUM         61    607 AM  47    1944  63     -2       67
  AVERAGE         73                        73      0       77

PRECIPITATION (IN)
  YESTERDAY        0.00          2.42 1976   0.14  -0.14     0.57
  MONTH TO DATE    1.52                      2.67  -1.15     2.64
  SINCE JUN 1     10.66                      6.46   4.20     6.07
  SINCE JAN 1     25.74                     20.18   5.56    23.37

DEGREE DAYS
 HEATING
  YESTERDAY        0                         0      0        0
  MONTH TO DATE    9                         0      9        3
  SINCE JUN 1     26                        44    -18       40
  SINCE JUL 1      9                         0      9        3

 COOLING
  YESTERDAY        8                         8      0       12
  MONTH TO DATE   99                       168    -69      208
  SINCE JUN 1    315                       333    -18      373
  SINCE JAN 1    400                       389     11      469
..................................................................


WIND (MPH)
  HIGHEST WIND SPEED    12   HIGHEST WIND DIRECTION    SW (220)
  HIGHEST GUST SPEED    16   HIGHEST GUST DIRECTION     S (180)
  AVERAGE WIND SPEED     4.8


SKY COVER
  AVERAGE SKY COVER 0.1


WEATHER CONDITIONS
 THE FOLLOWING WEATHER WAS RECORDED YESTERDAY.
  FOG
  HAZE


RELATIVE HUMIDITY (PERCENT)
 HIGHEST    84           100 AM
 LOWEST     47          1200 PM
 AVERAGE    66

..........................................................


THE SOUTH BEND CLIMATE NORMALS FOR TODAY
                         NORMAL    RECORD    YEAR
 MAXIMUM TEMPERATURE (F)   83       104      1934
 MINIMUM TEMPERATURE (F)   63        46      1947


SUNRISE AND SUNSET
JULY 22 2014..........SUNRISE   630 AM EDT   SUNSET   913 PM EDT
JULY 23 2014..........SUNRISE   631 AM EDT   SUNSET   912 PM EDT


-  INDICATES NEGATIVE NUMBERS.
R  INDICATES RECORD WAS SET OR TIED.
MM INDICATES DATA IS MISSING.
T  INDICATES TRACE AMOUNT.




$$
