000
CDUS43 KIWX 060020
CLISBN


CLIMATE REPORT
NATIONAL WEATHER SERVICE NORTHERN INDIANA
820 PM EDT THU OCT 5 2017


...................................

...THE SOUTH BEND CLIMATE SUMMARY FOR OCTOBER 5 2017...
VALID AS OF 0800 PM LOCAL TIME.

CLIMATE NORMAL PERIOD 1981 TO 2010
CLIMATE RECORD PERIOD 1893 TO 2017


WEATHER ITEM   OBSERVED TIME   RECORD YEAR NORMAL DEPARTURE LAST
                VALUE   (LST)  VALUE       VALUE  FROM      YEAR
                                                  NORMAL
..................................................................
TEMPERATURE (F)
 TODAY
  MAXIMUM         77    341 PM  89    1905  66     11       81
  MINIMUM         55    659 AM  29    1901  46      9       59
  AVERAGE         66                        56     10       70

PRECIPITATION (IN)
  TODAY            0.00          3.10 1955   0.11  -0.11     0.01
  MONTH TO DATE    0.23                      0.55  -0.32     0.90
  SINCE SEP 1      2.27                      4.08  -1.81     4.64
  SINCE JAN 1     29.86                     29.35   0.51    39.05

DEGREE DAYS
 HEATING
  TODAY            0                        10    -10        0
  MONTH TO DATE    8                        45    -37       19
  SINCE SEP 1     99                       161    -62       49
  SINCE JUL 1    120                       179    -59       57

 COOLING
  TODAY            1                         1      0        5
  MONTH TO DATE   14                         5      9        7
  SINCE SEP 1    132                        87     45      130
  SINCE JAN 1    684                       769    -85      939
..................................................................


WIND (MPH)
  RESULTANT WIND SPEED   0   RESULTANT WIND DIRECTION   N (360)
  HIGHEST WIND SPEED    13   HIGHEST WIND DIRECTION     N (360)
  HIGHEST GUST SPEED    15   HIGHEST GUST DIRECTION     N (360)
  AVERAGE WIND SPEED     3.2


SKY COVER
  POSSIBLE SUNSHINE  MM
  AVERAGE SKY COVER 0.4


WEATHER CONDITIONS
 THE FOLLOWING WEATHER WAS RECORDED TODAY.
  NO SIGNIFICANT WEATHER WAS OBSERVED.


RELATIVE HUMIDITY (PERCENT)
 HIGHEST   100           400 AM
 LOWEST     38           200 PM
 AVERAGE    69

..........................................................


THE SOUTH BEND CLIMATE NORMALS FOR TOMORROW
                         NORMAL    RECORD    YEAR
 MAXIMUM TEMPERATURE (F)   66        92      1963
 MINIMUM TEMPERATURE (F)   45        25      1935


SUNRISE AND SUNSET
OCTOBER  5 2017.......SUNRISE   747 AM EDT   SUNSET   720 PM EDT
OCTOBER  6 2017.......SUNRISE   748 AM EDT   SUNSET   718 PM EDT


-  INDICATES NEGATIVE NUMBERS.
R  INDICATES RECORD WAS SET OR TIED.
MM INDICATES DATA IS MISSING.
T  INDICATES TRACE AMOUNT.




$$
