000
CDUS43 KIWX 142031
CLISBN


CLIMATE REPORT
NATIONAL WEATHER SERVICE NORTHERN INDIANA
424 PM EDT THU APR 14 2016


...................................

...THE SOUTH BEND CLIMATE SUMMARY FOR APRIL 14 2016...
VALID TODAY AS OF 0400 PM LOCAL TIME.

CLIMATE NORMAL PERIOD 1981 TO 2010
CLIMATE RECORD PERIOD 1893 TO 2016


WEATHER ITEM   OBSERVED TIME   RECORD YEAR NORMAL DEPARTURE LAST
                VALUE   (LST)  VALUE       VALUE  FROM      YEAR
                                                  NORMAL
..................................................................
TEMPERATURE (F)
 TODAY
  MAXIMUM         61    259 PM  81    2003  59      2       68
                                      1941
  MINIMUM         34    622 AM  19    1940  38     -4       40
                                      1917
  AVERAGE         48                        49     -1       54

PRECIPITATION (IN)
  TODAY            0.00          1.04 1987   0.11  -0.11     0.00
  MONTH TO DATE    2.23                      1.46   0.77     1.24
  SINCE MAR 1      6.40                      3.88   2.52     2.02
  SINCE JAN 1     10.18                      8.12   2.06     5.92

SNOWFALL (IN)
  TODAY            0.0           1.2  1980   0.0    0.0      0.0
  MONTH TO DATE    4.1                       1.0    3.1      0.0
  SINCE MAR 1     10.9                       8.1    2.8      6.1
  SINCE JUL 1     70.2                      66.2    4.0     83.9

DEGREE DAYS
 HEATING
  TODAY           17                        17      0       11
  MONTH TO DATE  380                       268    112      186
  SINCE MAR 1   1070                      1123    -53     1128
  SINCE JUL 1   5200                      5812   -612     6225

 COOLING
  TODAY            0                         0      0        0
  MONTH TO DATE    0                         0      0        0
  SINCE MAR 1      0                         1     -1        0
  SINCE JAN 1      0                         1     -1        0
..................................................................


WIND (MPH)
  HIGHEST WIND SPEED    16   HIGHEST WIND DIRECTION    SE (130)
  HIGHEST GUST SPEED    20   HIGHEST GUST DIRECTION     E (110)
  AVERAGE WIND SPEED     9.1


SKY COVER
  POSSIBLE SUNSHINE  MM
  AVERAGE SKY COVER 0.0


WEATHER CONDITIONS
 THE FOLLOWING WEATHER WAS RECORDED TODAY.
  NO SIGNIFICANT WEATHER WAS OBSERVED.


RELATIVE HUMIDITY (PERCENT)
 HIGHEST    61           600 AM
 LOWEST     25           100 PM
 AVERAGE    43

..........................................................


THE SOUTH BEND CLIMATE NORMALS FOR TOMORROW
                         NORMAL    RECORD    YEAR
 MAXIMUM TEMPERATURE (F)   59        87      2002
 MINIMUM TEMPERATURE (F)   39        19      1928
                                             1926


SUNRISE AND SUNSET
APRIL 14 2016.........SUNRISE   706 AM EDT   SUNSET   825 PM EDT
APRIL 15 2016.........SUNRISE   704 AM EDT   SUNSET   827 PM EDT


-  INDICATES NEGATIVE NUMBERS.
R  INDICATES RECORD WAS SET OR TIED.
MM INDICATES DATA IS MISSING.
T  INDICATES TRACE AMOUNT.




$$
