000
CDUS43 KIWX 142022
CLISBN


CLIMATE REPORT
NATIONAL WEATHER SERVICE NORTHERN INDIANA
422 PM EDT THU JUL 14 2016


...................................

...THE SOUTH BEND CLIMATE SUMMARY FOR JULY 14 2016...
VALID TODAY AS OF 0400 PM LOCAL TIME.

CLIMATE NORMAL PERIOD 1981 TO 2010
CLIMATE RECORD PERIOD 1893 TO 2016


WEATHER ITEM   OBSERVED TIME   RECORD YEAR NORMAL DEPARTURE LAST
                VALUE   (LST)  VALUE       VALUE  FROM      YEAR
                                                  NORMAL
..................................................................
TEMPERATURE (F)
 TODAY
  MAXIMUM         86    259 PM 108    1936  83      3       77
  MINIMUM         67    554 AM  48    1930  63      4       62
  AVERAGE         77                        73      4       70

PRECIPITATION (IN)
  TODAY            0.00          3.16 1937   0.13  -0.13     0.00
  MONTH TO DATE    0.81                      1.74  -0.93     2.26
  SINCE JUN 1      4.06                      5.53  -1.47     6.33
  SINCE JAN 1     19.17                     19.25  -0.08    19.42

DEGREE DAYS
 HEATING
  TODAY            0                         0      0        0
  MONTH TO DATE    8                         0      8       10
  SINCE JUN 1     43                        44     -1       29
  SINCE JUL 1      8                         0      8       10

 COOLING
  TODAY           12                         8      4        5
  MONTH TO DATE  105                       112     -7       52
  SINCE JUN 1    281                       277      4      209
  SINCE JAN 1    350                       333     17      295
..................................................................


WIND (MPH)
  HIGHEST WIND SPEED    20   HIGHEST WIND DIRECTION    SW (240)
  HIGHEST GUST SPEED    24   HIGHEST GUST DIRECTION     W (260)
  AVERAGE WIND SPEED    11.9


SKY COVER
  POSSIBLE SUNSHINE  MM
  AVERAGE SKY COVER 0.5


WEATHER CONDITIONS
 THE FOLLOWING WEATHER WAS RECORDED TODAY.
  NO SIGNIFICANT WEATHER WAS OBSERVED.


RELATIVE HUMIDITY (PERCENT)
 HIGHEST   100           500 AM
 LOWEST     48           200 PM
 AVERAGE    74

..........................................................


THE SOUTH BEND CLIMATE NORMALS FOR TOMORROW
                         NORMAL    RECORD    YEAR
 MAXIMUM TEMPERATURE (F)   83       100      1936
 MINIMUM TEMPERATURE (F)   63        42      1930


SUNRISE AND SUNSET
JULY 14 2016..........SUNRISE   624 AM EDT   SUNSET   918 PM EDT
JULY 15 2016..........SUNRISE   624 AM EDT   SUNSET   918 PM EDT


-  INDICATES NEGATIVE NUMBERS.
R  INDICATES RECORD WAS SET OR TIED.
MM INDICATES DATA IS MISSING.
T  INDICATES TRACE AMOUNT.




$$
