000
CDUS43 KIWX 190525
CLISBN


CLIMATE REPORT
NATIONAL WEATHER SERVICE NORTHERN INDIANA
124 AM EDT SAT JUL 19 2014


...................................

...THE SOUTH BEND CLIMATE SUMMARY FOR JULY 18 2014...

CLIMATE NORMAL PERIOD 1981 TO 2010
CLIMATE RECORD PERIOD 1893 TO 2014


WEATHER ITEM   OBSERVED TIME   RECORD YEAR NORMAL DEPARTURE LAST
                VALUE   (LST)  VALUE       VALUE  FROM      YEAR
                                                  NORMAL
..................................................................
TEMPERATURE (F)
 YESTERDAY
  MAXIMUM         78    530 PM 100    1930  83     -5       92
  MINIMUM         54    420 AM  49    1937  63     -9       74
                                      1925
  AVERAGE         66                        73     -7       83

PRECIPITATION (IN)
  YESTERDAY        0.00          3.01 1996   0.13  -0.13     0.63
  MONTH TO DATE    1.52                      2.27  -0.75     2.07
  SINCE JUN 1     10.66                      6.06   4.60     5.50
  SINCE JAN 1     25.74                     19.78   5.96    22.80

DEGREE DAYS
 HEATING
  YESTERDAY        0                         0      0        0
  MONTH TO DATE    9                         0      9        3
  SINCE JUN 1     26                        44    -18       40
  SINCE JUL 1      9                         0      9        3

 COOLING
  YESTERDAY        1                         8     -7       18
  MONTH TO DATE   81                       144    -63      163
  SINCE JUN 1    297                       309    -12      328
  SINCE JAN 1    382                       365     17      424
..................................................................


WIND (MPH)
  HIGHEST WIND SPEED    14   HIGHEST WIND DIRECTION    SE (140)
  HIGHEST GUST SPEED    20   HIGHEST GUST DIRECTION    SE (150)
  AVERAGE WIND SPEED     4.3


SKY COVER
  AVERAGE SKY COVER 0.1


WEATHER CONDITIONS
 THE FOLLOWING WEATHER WAS RECORDED YESTERDAY.
  NO SIGNIFICANT WEATHER WAS OBSERVED.


RELATIVE HUMIDITY (PERCENT)
 HIGHEST    86           300 AM
 LOWEST     36           200 PM
 AVERAGE    61

..........................................................


THE SOUTH BEND CLIMATE NORMALS FOR TODAY
                         NORMAL    RECORD    YEAR
 MAXIMUM TEMPERATURE (F)   83       104      1930
 MINIMUM TEMPERATURE (F)   63        46      1909


SUNRISE AND SUNSET
JULY 19 2014..........SUNRISE   627 AM EDT   SUNSET   915 PM EDT
JULY 20 2014..........SUNRISE   628 AM EDT   SUNSET   915 PM EDT


-  INDICATES NEGATIVE NUMBERS.
R  INDICATES RECORD WAS SET OR TIED.
MM INDICATES DATA IS MISSING.
T  INDICATES TRACE AMOUNT.




$$
