000
CDUS43 KIWX 090525
CLISBN


CLIMATE REPORT
NATIONAL WEATHER SERVICE NORTHERN INDIANA
125 AM EDT SUN APR 9 2017


...................................

...THE SOUTH BEND CLIMATE SUMMARY FOR APRIL 8 2017...

CLIMATE NORMAL PERIOD 1981 TO 2010
CLIMATE RECORD PERIOD 1893 TO 2017


WEATHER ITEM   OBSERVED TIME   RECORD YEAR NORMAL DEPARTURE LAST
                VALUE   (LST)  VALUE       VALUE  FROM      YEAR
                                                  NORMAL
..................................................................
TEMPERATURE (F)
 YESTERDAY
  MAXIMUM         63    455 PM  79    1931  57      6       39
  MINIMUM         27   1210 AM  11    1972  36     -9       27
  AVERAGE         45                        46     -1       33

PRECIPITATION (IN)
  YESTERDAY        0.00          1.30 1929   0.11  -0.11     0.08
  MONTH TO DATE    1.01                      0.80   0.21     1.66
  SINCE MAR 1      5.24                      3.22   2.02     5.83
  SINCE JAN 1     12.23                      7.46   4.77     9.61

SNOWFALL (IN)
  YESTERDAY        0.0           0.8  1957   0.1   -0.1      0.3
  MONTH TO DATE    0.6                       0.7   -0.1      1.7
  SINCE MAR 1      8.5                       7.8    0.7      8.5
  SINCE JUL 1     42.2                      65.9  -23.7     67.8
  SNOW DEPTH       0

DEGREE DAYS
 HEATING
  YESTERDAY       20                        19      1       32
  MONTH TO DATE  178                       162     16      224
  SINCE MAR 1   1040                      1017     23      914
  SINCE JUL 1   5017                      5706   -689     5044

 COOLING
  YESTERDAY        0                         0      0        0
  MONTH TO DATE    0                         0      0        0
  SINCE MAR 1      0                         1     -1        0
  SINCE JAN 1      0                         1     -1        0
..................................................................


WIND (MPH)
  HIGHEST WIND SPEED    18   HIGHEST WIND DIRECTION     S (200)
  HIGHEST GUST SPEED    24   HIGHEST GUST DIRECTION     S (190)
  AVERAGE WIND SPEED     9.1


SKY COVER
  AVERAGE SKY COVER 0.0


WEATHER CONDITIONS
 THE FOLLOWING WEATHER WAS RECORDED YESTERDAY.
  NO SIGNIFICANT WEATHER WAS OBSERVED.


RELATIVE HUMIDITY (PERCENT)
 HIGHEST    69          1200 AM
 LOWEST     30           300 PM
 AVERAGE    50

..........................................................


THE SOUTH BEND CLIMATE NORMALS FOR TODAY
                         NORMAL    RECORD    YEAR
 MAXIMUM TEMPERATURE (F)   57        78      1931
 MINIMUM TEMPERATURE (F)   36        14      1985


SUNRISE AND SUNSET
APRIL  9 2017.........SUNRISE   714 AM EDT   SUNSET   820 PM EDT
APRIL 10 2017.........SUNRISE   713 AM EDT   SUNSET   821 PM EDT


-  INDICATES NEGATIVE NUMBERS.
R  INDICATES RECORD WAS SET OR TIED.
MM INDICATES DATA IS MISSING.
T  INDICATES TRACE AMOUNT.




$$
