000
CDUS43 KIWX 200527
CLISBN


CLIMATE REPORT
NATIONAL WEATHER SERVICE NORTHERN INDIANA
126 AM EDT WED APR 20 2016


...................................

...THE SOUTH BEND CLIMATE SUMMARY FOR APRIL 19 2016...

CLIMATE NORMAL PERIOD 1981 TO 2010
CLIMATE RECORD PERIOD 1893 TO 2016


WEATHER ITEM   OBSERVED TIME   RECORD YEAR NORMAL DEPARTURE LAST
                VALUE   (LST)  VALUE       VALUE  FROM      YEAR
                                                  NORMAL
..................................................................
TEMPERATURE (F)
 YESTERDAY
  MAXIMUM         73    320 PM  84    1985  61     12       70
  MINIMUM         52    426 AM  20    1926  40     12       53
  AVERAGE         63                        50     13       62

PRECIPITATION (IN)
  YESTERDAY        0.00          1.80 1941   0.11  -0.11     0.74
  MONTH TO DATE    2.23                      2.01   0.22     2.03
  SINCE MAR 1      6.40                      4.43   1.97     2.81
  SINCE JAN 1     10.18                      8.67   1.51     6.71

SNOWFALL (IN)
  YESTERDAY        0.0           0.6  1953   0.0    0.0      0.0
  MONTH TO DATE    4.1                       1.2    2.9      0.0
  SINCE MAR 1     10.9                       8.3    2.6      6.1
  SINCE JUL 1     70.2                      66.4    3.8     83.9
  SNOW DEPTH       0

DEGREE DAYS
 HEATING
  YESTERDAY        2                        15    -13        3
  MONTH TO DATE  399                       346     53      216
  SINCE MAR 1   1089                      1201   -112     1158
  SINCE JUL 1   5219                      5890   -671     6255

 COOLING
  YESTERDAY        0                         0      0        0
  MONTH TO DATE    0                         0      0        2
  SINCE MAR 1      0                         1     -1        2
  SINCE JAN 1      0                         1     -1        2
..................................................................


WIND (MPH)
  HIGHEST WIND SPEED    22   HIGHEST WIND DIRECTION     E (100)
  HIGHEST GUST SPEED    29   HIGHEST GUST DIRECTION     E (100)
  AVERAGE WIND SPEED    10.6


SKY COVER
  AVERAGE SKY COVER 0.1


WEATHER CONDITIONS
 THE FOLLOWING WEATHER WAS RECORDED YESTERDAY.
  NO SIGNIFICANT WEATHER WAS OBSERVED.


RELATIVE HUMIDITY (PERCENT)
 HIGHEST    67           100 AM
 LOWEST     36          1100 PM
 AVERAGE    52

..........................................................


THE SOUTH BEND CLIMATE NORMALS FOR TODAY
                         NORMAL    RECORD    YEAR
 MAXIMUM TEMPERATURE (F)   61        83      1987
 MINIMUM TEMPERATURE (F)   40        15      1897


SUNRISE AND SUNSET
APRIL 20 2016.........SUNRISE   657 AM EDT   SUNSET   832 PM EDT
APRIL 21 2016.........SUNRISE   655 AM EDT   SUNSET   833 PM EDT


-  INDICATES NEGATIVE NUMBERS.
R  INDICATES RECORD WAS SET OR TIED.
MM INDICATES DATA IS MISSING.
T  INDICATES TRACE AMOUNT.




$$
