000
CDUS43 KIWX 102021
CLISBN


CLIMATE REPORT
NATIONAL WEATHER SERVICE NORTHERN INDIANA
420 PM EDT MON APR 10 2017


...................................

...THE SOUTH BEND CLIMATE SUMMARY FOR APRIL 10 2017...
VALID TODAY AS OF 0400 PM LOCAL TIME.

CLIMATE NORMAL PERIOD 1981 TO 2010
CLIMATE RECORD PERIOD 1893 TO 2017


WEATHER ITEM   OBSERVED TIME   RECORD YEAR NORMAL DEPARTURE LAST
                VALUE   (LST)  VALUE       VALUE  FROM      YEAR
                                                  NORMAL
..................................................................
TEMPERATURE (F)
 TODAY
  MAXIMUM         72    114 PM  86    1930  57     15       49
  MINIMUM         59    933 AM  15    1909  37     22       29
  AVERAGE         66                        47     19       39

PRECIPITATION (IN)
  TODAY            0.03          1.04 2008   0.11  -0.08     0.39
  MONTH TO DATE    1.04                      1.02   0.02     2.22
  SINCE MAR 1      5.27                      3.44   1.83     6.39
  SINCE JAN 1     12.26                      7.68   4.58    10.17

SNOWFALL (IN)
  TODAY            0.0           0.9  1982   0.0    0.0      0.1
  MONTH TO DATE    0.6                       0.8   -0.2      4.1
  SINCE MAR 1      8.5                       7.9    0.6     10.9
  SINCE JUL 1     42.2                      66.0  -23.8     70.2

DEGREE DAYS
 HEATING
  TODAY            0                        18    -18       26
  MONTH TO DATE  180                       199    -19      285
  SINCE MAR 1   1042                      1054    -12      975
  SINCE JUL 1   5019                      5743   -724     5105

 COOLING
  TODAY            1                         0      1        0
  MONTH TO DATE    1                         0      1        0
  SINCE MAR 1      1                         1      0        0
  SINCE JAN 1      1                         1      0        0
..................................................................


WIND (MPH)
  HIGHEST WIND SPEED    29   HIGHEST WIND DIRECTION     S (190)
  HIGHEST GUST SPEED    35   HIGHEST GUST DIRECTION     S (190)
  AVERAGE WIND SPEED    17.6


SKY COVER
  POSSIBLE SUNSHINE  MM
  AVERAGE SKY COVER 0.3


WEATHER CONDITIONS
 THE FOLLOWING WEATHER WAS RECORDED TODAY.
  THUNDERSTORM
  LIGHT RAIN
  FOG


RELATIVE HUMIDITY (PERCENT)
 HIGHEST    78          1000 AM
 LOWEST     52           100 AM
 AVERAGE    65

..........................................................


THE SOUTH BEND CLIMATE NORMALS FOR TOMORROW
                         NORMAL    RECORD    YEAR
 MAXIMUM TEMPERATURE (F)   58        90      1930
 MINIMUM TEMPERATURE (F)   37        16      1909


SUNRISE AND SUNSET
APRIL 10 2017.........SUNRISE   713 AM EDT   SUNSET   821 PM EDT
APRIL 11 2017.........SUNRISE   711 AM EDT   SUNSET   822 PM EDT


-  INDICATES NEGATIVE NUMBERS.
R  INDICATES RECORD WAS SET OR TIED.
MM INDICATES DATA IS MISSING.
T  INDICATES TRACE AMOUNT.




$$
