000
CDUS43 KIWX 200542
CLISBN


CLIMATE REPORT
NATIONAL WEATHER SERVICE NORTHERN INDIANA
1241 AM EST SUN NOV 20 2016


...................................

...THE SOUTH BEND CLIMATE SUMMARY FOR NOVEMBER 19 2016...

CLIMATE NORMAL PERIOD 1981 TO 2010
CLIMATE RECORD PERIOD 1893 TO 2016


WEATHER ITEM   OBSERVED TIME   RECORD YEAR NORMAL DEPARTURE LAST
                VALUE   (LST)  VALUE       VALUE  FROM      YEAR
                                                  NORMAL
..................................................................
TEMPERATURE (F)
 YESTERDAY
  MAXIMUM         MM        MM  76    1930  46     MM       51
  MINIMUM         MM        MM  12    1903  32     MM       33
  AVERAGE         MM                        39     MM       42

PRECIPITATION (IN)
  YESTERDAY        0.12          1.58 1921   0.11   0.01     0.00
  MONTH TO DATE    1.15                      2.07  -0.92     0.75
  SINCE SEP 1      8.37                      8.92  -0.55     6.28
  SINCE JAN 1     42.78                     34.19   8.59    30.55

SNOWFALL (IN)
  YESTERDAY        0.5           4.7  1964   0.2    0.3      0.0
  MONTH TO DATE    0.5                       2.1   -1.6       T
  SINCE SEP 1      0.5                       2.5   -2.0       T
  SINCE JUL 1      0.5                       2.5   -2.0       T
  SNOW DEPTH       0

DEGREE DAYS
 HEATING
  YESTERDAY       MM                        26     MM       23
  MONTH TO DATE  225                       414   -189      291
  SINCE SEP 1    549                       937   -388      725
  SINCE JUL 1    557                       955   -398      750

 COOLING
  YESTERDAY       MM                         0     MM        0
  MONTH TO DATE    1                         0      1        0
  SINCE SEP 1    141                        91     50      139
  SINCE JAN 1    950                       773    177      784
..................................................................


WIND (MPH)
  HIGHEST WIND SPEED    25   HIGHEST WIND DIRECTION    NW (300)
  HIGHEST GUST SPEED    35   HIGHEST GUST DIRECTION    NW (300)
  AVERAGE WIND SPEED    18.5


SKY COVER
  AVERAGE SKY COVER 0.9


WEATHER CONDITIONS
 THE FOLLOWING WEATHER WAS RECORDED YESTERDAY.
  SNOW
  LIGHT SNOW


RELATIVE HUMIDITY (PERCENT)
 HIGHEST    82          1100 AM
 LOWEST     32           900 PM
 AVERAGE    57

..........................................................


THE SOUTH BEND CLIMATE NORMALS FOR TODAY
                         NORMAL    RECORD    YEAR
 MAXIMUM TEMPERATURE (F)   46        71      1930
 MINIMUM TEMPERATURE (F)   32        10      1914


SUNRISE AND SUNSET
NOVEMBER 20 2016......SUNRISE   741 AM EST   SUNSET   521 PM EST
NOVEMBER 21 2016......SUNRISE   742 AM EST   SUNSET   520 PM EST


-  INDICATES NEGATIVE NUMBERS.
R  INDICATES RECORD WAS SET OR TIED.
MM INDICATES DATA IS MISSING.
T  INDICATES TRACE AMOUNT.




$$
