000
CDUS43 KIWX 012121
CLISBN


CLIMATE REPORT
NATIONAL WEATHER SERVICE NORTHERN INDIANA
421 PM EST MON FEB 1 2016


...................................

...THE SOUTH BEND CLIMATE SUMMARY FOR FEBRUARY 1 2016...
VALID TODAY AS OF 0400 PM LOCAL TIME.

CLIMATE NORMAL PERIOD 1981 TO 2010
CLIMATE RECORD PERIOD 1893 TO 2016


WEATHER ITEM   OBSERVED TIME   RECORD YEAR NORMAL DEPARTURE LAST
                VALUE   (LST)  VALUE       VALUE  FROM      YEAR
                                                  NORMAL
..................................................................
TEMPERATURE (F)
 TODAY
  MAXIMUM         43    315 PM  55    1968  32     11       33
  MINIMUM         30    704 AM -12    1936  18     12       16
  AVERAGE         37                        25     12       25

PRECIPITATION (IN)
  TODAY            0.00          1.95 1968   0.06  -0.06     1.07
  MONTH TO DATE    0.00                      0.06  -0.06     1.07
  SINCE DEC 1      5.72                      4.96   0.76     4.46
  SINCE JAN 1      1.60                      2.35  -0.75     2.99

SNOWFALL (IN)
  TODAY            0.0          14.7  2015   0.7   -0.7     14.7
  MONTH TO DATE    0.0                       0.7   -0.7     14.7
  SINCE DEC 1     20.1                      38.6  -18.5     37.0
  SINCE JUL 1     29.2                      43.8  -14.6     56.3

DEGREE DAYS
 HEATING
  TODAY           28                        40    -12       40
  MONTH TO DATE   28                        40    -12       40
  SINCE DEC 1   2054                      2419   -365     2326
  SINCE JUL 1   3121                      3688   -567     3768

 COOLING
  TODAY            0                         0      0        0
  MONTH TO DATE    0                         0      0        0
  SINCE DEC 1      0                         0      0        0
  SINCE JAN 1      0                         0      0        0
..................................................................


WIND (MPH)
  HIGHEST WIND SPEED    15   HIGHEST WIND DIRECTION     W (290)
  HIGHEST GUST SPEED    20   HIGHEST GUST DIRECTION    NW (300)
  AVERAGE WIND SPEED     7.0


SKY COVER
  POSSIBLE SUNSHINE  MM
  AVERAGE SKY COVER 0.7


WEATHER CONDITIONS
 THE FOLLOWING WEATHER WAS RECORDED TODAY.
  FOG


RELATIVE HUMIDITY (PERCENT)
 HIGHEST   100           700 AM
 LOWEST     67           400 PM
 AVERAGE    84

..........................................................


THE SOUTH BEND CLIMATE NORMALS FOR TOMORROW
                         NORMAL    RECORD    YEAR
 MAXIMUM TEMPERATURE (F)   32        50      1920
 MINIMUM TEMPERATURE (F)   18       -17      1951


SUNRISE AND SUNSET
FEBRUARY  1 2016......SUNRISE   758 AM EST   SUNSET   600 PM EST
FEBRUARY  2 2016......SUNRISE   757 AM EST   SUNSET   601 PM EST


-  INDICATES NEGATIVE NUMBERS.
R  INDICATES RECORD WAS SET OR TIED.
MM INDICATES DATA IS MISSING.
T  INDICATES TRACE AMOUNT.




$$
