577
CDUS43 KIWX 150536
CLISBN


CLIMATE REPORT
NATIONAL WEATHER SERVICE NORTHERN INDIANA
1235 AM EST THU FEB 15 2018


...................................

...THE SOUTH BEND CLIMATE SUMMARY FOR FEBRUARY 14 2018...

CLIMATE NORMAL PERIOD 1981 TO 2010
CLIMATE RECORD PERIOD 1893 TO 2018


WEATHER ITEM   OBSERVED TIME   RECORD YEAR NORMAL DEPARTURE LAST
                VALUE   (LST)  VALUE       VALUE  FROM      YEAR
                                                  NORMAL
..................................................................
TEMPERATURE (F)
 YESTERDAY
  MAXIMUM         43    133 PM  59    1954  35      8       50
                                      1918
  MINIMUM         24    656 AM -18    1905  20      4       30
  AVERAGE         34                        27      7       40

PRECIPITATION (IN)
  YESTERDAY        0.00          0.93 1949   0.07  -0.07     0.00
  MONTH TO DATE    1.87                      0.91   0.96     1.46
  SINCE DEC 1      5.16                      5.81  -0.65     6.79
  SINCE JAN 1      3.80                      3.20   0.60     4.80

SNOWFALL (IN)
  YESTERDAY        0.0           7.3  1991   0.5   -0.5      0.0
  MONTH TO DATE   27.8                       8.3   19.5      0.3
  SINCE DEC 1     82.2                      46.2   36.0     33.1
  SINCE JUL 1     82.2                      51.4   30.8     33.6
  SNOW DEPTH       0

DEGREE DAYS
 HEATING
  YESTERDAY       31                        38     -7       25
  MONTH TO DATE  650                       547    103      470
  SINCE DEC 1   3142                      2926    216     2777
  SINCE JUL 1   4325                      4195    130     3678

 COOLING
  YESTERDAY        0                         0      0        0
  MONTH TO DATE    0                         0      0        0
  SINCE DEC 1      0                         0      0        0
  SINCE JAN 1      0                         0      0        0
..................................................................


WIND (MPH)
  HIGHEST WIND SPEED    17   HIGHEST WIND DIRECTION    SW (220)
  HIGHEST GUST SPEED    22   HIGHEST GUST DIRECTION    SW (220)
  AVERAGE WIND SPEED     9.7


SKY COVER
  AVERAGE SKY COVER 0.4


WEATHER CONDITIONS
 THE FOLLOWING WEATHER WAS RECORDED YESTERDAY.
  FOG
  FOG W/VISIBILITY <= 1/4 MILE
  HAZE


RELATIVE HUMIDITY (PERCENT)
 HIGHEST   100           600 PM
 LOWEST     62           100 PM
 AVERAGE    81

..........................................................


THE SOUTH BEND CLIMATE NORMALS FOR TODAY
                         NORMAL    RECORD    YEAR
 MAXIMUM TEMPERATURE (F)   35        67      1976
                                             1954
 MINIMUM TEMPERATURE (F)   20       -10      1905


SUNRISE AND SUNSET
FEBRUARY 15 2018......SUNRISE   741 AM EST   SUNSET   619 PM EST
FEBRUARY 16 2018......SUNRISE   739 AM EST   SUNSET   620 PM EST


-  INDICATES NEGATIVE NUMBERS.
R  INDICATES RECORD WAS SET OR TIED.
MM INDICATES DATA IS MISSING.
T  INDICATES TRACE AMOUNT.




$$
