000
CDUS43 KIWX 101414
CLISBN


CLIMATE REPORT...CORRECTION TO WEATHER CONDITIONS
NATIONAL WEATHER SERVICE NORTHERN INDIANA
913 AM EST FRI NOV 10 2017


...................................

...THE SOUTH BEND CLIMATE SUMMARY FOR OCTOBER 9 2017...

CLIMATE NORMAL PERIOD 1981 TO 2010
CLIMATE RECORD PERIOD 1893 TO 2017


WEATHER ITEM   OBSERVED TIME   RECORD YEAR NORMAL DEPARTURE LAST
                VALUE   (LST)  VALUE       VALUE  FROM      YEAR
                                                  NORMAL
..................................................................
TEMPERATURE (F)
 YESTERDAY
  MAXIMUM         78    426 PM  86    1949  64     14       63
  MINIMUM         54    649 AM  27    1989  44     10       43
  AVERAGE         66                        54     12       53

PRECIPITATION (IN)
  YESTERDAY        0.00          1.66 1990   0.11  -0.11     0.00
  MONTH TO DATE    0.67                      1.00  -0.33     1.01
  SINCE SEP 1      2.71                      4.53  -1.82     4.75
  SINCE JAN 1     30.30                     29.80   0.50    39.16

SNOWFALL (IN)
  YESTERDAY        0.0           T    1964   0.0    0.0      0.0
  MONTH TO DATE    0.0                       0.0    0.0      0.0
  SINCE SEP 1      0.0                       T      0.0      0.0
  SINCE JUL 1      0.0                       T      0.0      0.0
  SNOW DEPTH       0

DEGREE DAYS
 HEATING
  YESTERDAY        0                        11    -11       12
  MONTH TO DATE   10                        87    -77       45
  SINCE SEP 1    101                       203   -102       75
  SINCE JUL 1    122                       221    -99       83

 COOLING
  YESTERDAY        1                         0      1        0
  MONTH TO DATE   21                         8     13       10
  SINCE SEP 1    139                        90     49      133
  SINCE JAN 1    691                       772    -81      942
..................................................................


WIND (MPH)
  HIGHEST WIND SPEED    10   HIGHEST WIND DIRECTION     W (270)
  HIGHEST GUST SPEED    13   HIGHEST GUST DIRECTION     W (290)
  AVERAGE WIND SPEED     3.1


SKY COVER
  AVERAGE SKY COVER 0.3


WEATHER CONDITIONS
 THE FOLLOWING WEATHER WAS RECORDED YESTERDAY.
  NO SIGNIFICANT WEATHER WAS OBSERVED.


RELATIVE HUMIDITY (PERCENT)
 HIGHEST   100           200 AM
 LOWEST     37           300 PM
 AVERAGE    69

..........................................................


THE SOUTH BEND CLIMATE NORMALS FOR TODAY
                         NORMAL    RECORD    YEAR
 MAXIMUM TEMPERATURE (F)   64        85      1913
                                             1905
 MINIMUM TEMPERATURE (F)   44        26      1925


SUNRISE AND SUNSET
OCTOBER 10 2017.......SUNRISE   752 AM EDT   SUNSET   712 PM EDT
OCTOBER 11 2017.......SUNRISE   753 AM EDT   SUNSET   710 PM EDT


-  INDICATES NEGATIVE NUMBERS.
R  INDICATES RECORD WAS SET OR TIED.
MM INDICATES DATA IS MISSING.
T  INDICATES TRACE AMOUNT.




$$
