000
CDUS43 KIWX 192025
CLISBN


CLIMATE REPORT
NATIONAL WEATHER SERVICE NORTHERN INDIANA
422 PM EDT THU MAY 19 2016


...................................

...THE SOUTH BEND CLIMATE SUMMARY FOR MAY 19 2016...
VALID TODAY AS OF 0400 PM LOCAL TIME.

CLIMATE NORMAL PERIOD 1981 TO 2010
CLIMATE RECORD PERIOD 1893 TO 2016


WEATHER ITEM   OBSERVED TIME   RECORD YEAR NORMAL DEPARTURE LAST
                VALUE   (LST)  VALUE       VALUE  FROM      YEAR
                                                  NORMAL
..................................................................
TEMPERATURE (F)
 TODAY
  MAXIMUM         69    252 PM  94    1934  71     -2       52
  MINIMUM         36    505 AM  32    2002  50    -14       37
  AVERAGE         53                        60     -7       45

PRECIPITATION (IN)
  TODAY            0.00          1.14 1926   0.13  -0.13     0.00
  MONTH TO DATE    2.39                      2.27   0.12     3.02
  SINCE MAR 1     11.23                      7.92   3.31     6.20
  SINCE JAN 1     15.01                     12.16   2.85    10.10

DEGREE DAYS
 HEATING
  TODAY           12                         6      6       20
  MONTH TO DATE  239                       164     75       85
  SINCE MAR 1   1453                      1506    -53     1460
  SINCE JUL 1   5583                      6195   -612     6557

 COOLING
  TODAY            0                         2     -2        0
  MONTH TO DATE    0                        20    -20       47
  SINCE MAR 1      4                        30    -26       49
  SINCE JAN 1      4                        30    -26       49
..................................................................


WIND (MPH)
  HIGHEST WIND SPEED    12   HIGHEST WIND DIRECTION    SE (140)
  HIGHEST GUST SPEED    16   HIGHEST GUST DIRECTION     S (160)
  AVERAGE WIND SPEED     3.1


SKY COVER
  POSSIBLE SUNSHINE  MM
  AVERAGE SKY COVER 0.0


WEATHER CONDITIONS
 THE FOLLOWING WEATHER WAS RECORDED TODAY.
  NO SIGNIFICANT WEATHER WAS OBSERVED.


RELATIVE HUMIDITY (PERCENT)
 HIGHEST    85           300 AM
 LOWEST     32           300 PM
 AVERAGE    59

..........................................................


THE SOUTH BEND CLIMATE NORMALS FOR TOMORROW
                         NORMAL    RECORD    YEAR
 MAXIMUM TEMPERATURE (F)   71        93      1934
 MINIMUM TEMPERATURE (F)   50        30      1895


SUNRISE AND SUNSET
MAY 19 2016...........SUNRISE   621 AM EDT   SUNSET   903 PM EDT
MAY 20 2016...........SUNRISE   621 AM EDT   SUNSET   904 PM EDT


-  INDICATES NEGATIVE NUMBERS.
R  INDICATES RECORD WAS SET OR TIED.
MM INDICATES DATA IS MISSING.
T  INDICATES TRACE AMOUNT.




$$
