000
CDUS43 KIWX 180530
CLISBN


CLIMATE REPORT
NATIONAL WEATHER SERVICE NORTHERN INDIANA
130 AM EDT FRI JUL 18 2014


...................................

...THE SOUTH BEND CLIMATE SUMMARY FOR JULY 17 2014...

CLIMATE NORMAL PERIOD 1981 TO 2010
CLIMATE RECORD PERIOD 1893 TO 2014


WEATHER ITEM   OBSERVED TIME   RECORD YEAR NORMAL DEPARTURE LAST
                VALUE   (LST)  VALUE       VALUE  FROM      YEAR
                                                  NORMAL
..................................................................
TEMPERATURE (F)
 YESTERDAY
  MAXIMUM         76    600 PM 100    1901  83     -7       92
  MINIMUM         50    543 AM  46    1896  63    -13       73
  AVERAGE         63                        73    -10       83

PRECIPITATION (IN)
  YESTERDAY        0.00          1.80 1950   0.13  -0.13     0.00
  MONTH TO DATE    1.52                      2.14  -0.62     1.44
  SINCE JUN 1     10.66                      5.93   4.73     4.87
  SINCE JAN 1     25.74                     19.65   6.09    22.17

DEGREE DAYS
 HEATING
  YESTERDAY        2                         0      2        0
  MONTH TO DATE    9                         0      9        3
  SINCE JUN 1     26                        44    -18       40
  SINCE JUL 1      9                         0      9        3

 COOLING
  YESTERDAY        0                         8     -8       18
  MONTH TO DATE   80                       136    -56      145
  SINCE JUN 1    296                       301     -5      310
  SINCE JAN 1    381                       357     24      406
..................................................................


WIND (MPH)
  HIGHEST WIND SPEED     9   HIGHEST WIND DIRECTION    SW (240)
  HIGHEST GUST SPEED    12   HIGHEST GUST DIRECTION    SW (240)
  AVERAGE WIND SPEED     3.1


SKY COVER
  AVERAGE SKY COVER 0.0


WEATHER CONDITIONS
 THE FOLLOWING WEATHER WAS RECORDED YESTERDAY.
  NO SIGNIFICANT WEATHER WAS OBSERVED.


RELATIVE HUMIDITY (PERCENT)
 HIGHEST    83          1200 AM
 LOWEST     33          1200 PM
 AVERAGE    58

..........................................................


THE SOUTH BEND CLIMATE NORMALS FOR TODAY
                         NORMAL    RECORD    YEAR
 MAXIMUM TEMPERATURE (F)   83       100      1930
 MINIMUM TEMPERATURE (F)   63        49      1937
                                             1925


SUNRISE AND SUNSET
JULY 18 2014..........SUNRISE   626 AM EDT   SUNSET   916 PM EDT
JULY 19 2014..........SUNRISE   627 AM EDT   SUNSET   915 PM EDT


-  INDICATES NEGATIVE NUMBERS.
R  INDICATES RECORD WAS SET OR TIED.
MM INDICATES DATA IS MISSING.
T  INDICATES TRACE AMOUNT.




$$
