000
CDUS43 KIWX 130020
CLISBN


CLIMATE REPORT
NATIONAL WEATHER SERVICE NORTHERN INDIANA
820 PM EDT TUE AUG 12 2014


...................................

...THE SOUTH BEND CLIMATE SUMMARY FOR AUGUST 12 2014...
VALID AS OF 0800 PM LOCAL TIME.

CLIMATE NORMAL PERIOD 1981 TO 2010
CLIMATE RECORD PERIOD 1893 TO 2014


WEATHER ITEM   OBSERVED TIME   RECORD YEAR NORMAL DEPARTURE LAST
                VALUE   (LST)  VALUE       VALUE  FROM      YEAR
                                                  NORMAL
..................................................................
TEMPERATURE (F)
 TODAY
  MAXIMUM         69   1235 AM 101    1918  81    -12       83
  MINIMUM         61    600 PM  42    1930  62     -1       64
  AVERAGE         65                        72     -7       74

PRECIPITATION (IN)
  TODAY            0.25          2.05 1956   0.13   0.12     0.06
  MONTH TO DATE    0.87                      1.49  -0.62     2.64
  SINCE JUN 1     11.80                      9.28   2.52     9.23
  SINCE JAN 1     26.88                     23.00   3.88    26.53

DEGREE DAYS
 HEATING
  TODAY            0                         0      0        0
  MONTH TO DATE    0                         0      0        1
  SINCE JUN 1     35                        49    -14       52
  SINCE JUL 1     18                         5     13       15

 COOLING
  TODAY            0                         7     -7        9
  MONTH TO DATE   83                        86     -3       57
  SINCE JUN 1    439                       504    -65      451
  SINCE JAN 1    524                       560    -36      547
..................................................................


WIND (MPH)
  RESULTANT WIND SPEED   8   RESULTANT WIND DIRECTION  NW (320)
  HIGHEST WIND SPEED    23   HIGHEST WIND DIRECTION    NW (310)
  HIGHEST GUST SPEED    28   HIGHEST GUST DIRECTION    NW (310)
  AVERAGE WIND SPEED     9.5


SKY COVER
  POSSIBLE SUNSHINE  MM
  AVERAGE SKY COVER 0.9


WEATHER CONDITIONS
 THE FOLLOWING WEATHER WAS RECORDED TODAY.
  THUNDERSTORM
  HEAVY RAIN
  LIGHT RAIN
  FOG


RELATIVE HUMIDITY (PERCENT)
 HIGHEST    93           200 AM
 LOWEST     84          1200 AM
 AVERAGE    89

..........................................................


THE SOUTH BEND CLIMATE NORMALS FOR TOMORROW
                         NORMAL    RECORD    YEAR
 MAXIMUM TEMPERATURE (F)   81       100      1936
 MINIMUM TEMPERATURE (F)   62        47      1941


SUNRISE AND SUNSET
AUGUST 12 2014........SUNRISE   651 AM EDT   SUNSET   849 PM EDT
AUGUST 13 2014........SUNRISE   652 AM EDT   SUNSET   848 PM EDT


-  INDICATES NEGATIVE NUMBERS.
R  INDICATES RECORD WAS SET OR TIED.
MM INDICATES DATA IS MISSING.
T  INDICATES TRACE AMOUNT.




$$
