450
CDUS43 KIWX 120022
CLISBN


CLIMATE REPORT
NATIONAL WEATHER SERVICE NORTHERN INDIANA
722 PM EST SUN FEB 11 2018


...................................

...THE SOUTH BEND CLIMATE SUMMARY FOR FEBRUARY 11 2018...
VALID AS OF 0700 PM LOCAL TIME.

CLIMATE NORMAL PERIOD 1981 TO 2010
CLIMATE RECORD PERIOD 1893 TO 2018


WEATHER ITEM   OBSERVED TIME   RECORD YEAR NORMAL DEPARTURE LAST
                VALUE   (LST)  VALUE       VALUE  FROM      YEAR
                                                  NORMAL
..................................................................
TEMPERATURE (F)
 TODAY
  MAXIMUM         26    325 PM  72    1999  34     -8       50
  MINIMUM         19   1004 AM -12    1899  20     -1       33
  AVERAGE         23                        27     -4       42

PRECIPITATION (IN)
  TODAY            0.41          1.01 2009   0.07   0.34     0.00
  MONTH TO DATE    1.87                      0.70   1.17     1.43
  SINCE DEC 1      5.16                      5.60  -0.44     6.76
  SINCE JAN 1      3.80                      2.99   0.81     4.77

SNOWFALL (IN)
  TODAY            2.4           7.6  1985   0.6    1.8      0.0
  MONTH TO DATE   27.8                       6.7   21.1      0.3
  SINCE DEC 1     82.2                      44.6   37.6     33.1
  SINCE JUL 1     82.2                      49.8   32.4     33.6
  SNOW DEPTH      15

DEGREE DAYS
 HEATING
  TODAY           42                        38      4       23
  MONTH TO DATE  518                       433     85      389
  SINCE DEC 1   3010                      2812    198     2696
  SINCE JUL 1   4193                      4081    112     3597

 COOLING
  TODAY            0                         0      0        0
  MONTH TO DATE    0                         0      0        0
  SINCE DEC 1      0                         0      0        0
  SINCE JAN 1      0                         0      0        0
..................................................................


WIND (MPH)
  RESULTANT WIND SPEED   7   RESULTANT WIND DIRECTION   N (340)
  HIGHEST WIND SPEED    20   HIGHEST WIND DIRECTION    NW (310)
  HIGHEST GUST SPEED    23   HIGHEST GUST DIRECTION    NW (310)
  AVERAGE WIND SPEED     8.8


SKY COVER
  POSSIBLE SUNSHINE  MM
  AVERAGE SKY COVER 1.0


WEATHER CONDITIONS
 THE FOLLOWING WEATHER WAS RECORDED TODAY.
  LT FREEZING RAIN
  SNOW
  LIGHT SNOW
  FOG


RELATIVE HUMIDITY (PERCENT)
 HIGHEST   100          1100 AM
 LOWEST     74           600 PM
 AVERAGE    87

..........................................................


THE SOUTH BEND CLIMATE NORMALS FOR TOMORROW
                         NORMAL    RECORD    YEAR
 MAXIMUM TEMPERATURE (F)   34        59      1984
 MINIMUM TEMPERATURE (F)   20       -14      1899


SUNRISE AND SUNSET
FEBRUARY 11 2018......SUNRISE   746 AM EST   SUNSET   614 PM EST
FEBRUARY 12 2018......SUNRISE   745 AM EST   SUNSET   615 PM EST


-  INDICATES NEGATIVE NUMBERS.
R  INDICATES RECORD WAS SET OR TIED.
MM INDICATES DATA IS MISSING.
T  INDICATES TRACE AMOUNT.




$$
