483
CDUS43 KIWX 040536
CLISBN


CLIMATE REPORT
NATIONAL WEATHER SERVICE NORTHERN INDIANA
1235 AM EST THU FEB 4 2016


...................................

...THE SOUTH BEND CLIMATE SUMMARY FOR FEBRUARY 3 2016...

CLIMATE NORMAL PERIOD 1981 TO 2010
CLIMATE RECORD PERIOD 1893 TO 2016


WEATHER ITEM   OBSERVED TIME   RECORD YEAR NORMAL DEPARTURE LAST
                VALUE   (LST)  VALUE       VALUE  FROM      YEAR
                                                  NORMAL
..................................................................
TEMPERATURE (F)
 YESTERDAY
  MAXIMUM         48    256 AM  52    1991  32     16       29
                                      1931
  MINIMUM         30   1159 PM -13    1996  18     12        3
  AVERAGE         39                        25     14       16

PRECIPITATION (IN)
  YESTERDAY        0.01          0.50 1901   0.07  -0.06     0.08
  MONTH TO DATE    0.45                      0.19   0.26     1.19
  SINCE DEC 1      6.17                      5.09   1.08     4.58
  SINCE JAN 1      2.05                      2.48  -0.43     3.11

SNOWFALL (IN)
  YESTERDAY        T             5.1  1949   0.7   -0.7      1.6
  MONTH TO DATE    T                         2.0   -2.0     17.3
  SINCE DEC 1     20.1                      39.9  -19.8     39.6
  SINCE JUL 1     29.2                      45.1  -15.9     58.9
  SNOW DEPTH       0

DEGREE DAYS
 HEATING
  YESTERDAY       26                        40    -14       49
  MONTH TO DATE   86                       120    -34      139
  SINCE DEC 1   2112                      2499   -387     2425
  SINCE JUL 1   3179                      3768   -589     3867

 COOLING
  YESTERDAY        0                         0      0        0
  MONTH TO DATE    0                         0      0        0
  SINCE DEC 1      0                         0      0        0
  SINCE JAN 1      0                         0      0        0
..................................................................


WIND (MPH)
  HIGHEST WIND SPEED    25   HIGHEST WIND DIRECTION    SW (230)
  HIGHEST GUST SPEED    35   HIGHEST GUST DIRECTION     W (250)
  AVERAGE WIND SPEED    13.3


SKY COVER
  AVERAGE SKY COVER 0.9


WEATHER CONDITIONS
 THE FOLLOWING WEATHER WAS RECORDED YESTERDAY.
  LIGHT RAIN
  LT FREEZING RAIN
  LIGHT SNOW
  FOG
  FOG W/VISIBILITY <= 1/4 MILE


RELATIVE HUMIDITY (PERCENT)
 HIGHEST   100           100 AM
 LOWEST     75           800 PM
 AVERAGE    88

..........................................................


THE SOUTH BEND CLIMATE NORMALS FOR TODAY
                         NORMAL    RECORD    YEAR
 MAXIMUM TEMPERATURE (F)   32        56      1928
 MINIMUM TEMPERATURE (F)   18       -14      1912


SUNRISE AND SUNSET
FEBRUARY  4 2016......SUNRISE   755 AM EST   SUNSET   604 PM EST
FEBRUARY  5 2016......SUNRISE   754 AM EST   SUNSET   605 PM EST


-  INDICATES NEGATIVE NUMBERS.
R  INDICATES RECORD WAS SET OR TIED.
MM INDICATES DATA IS MISSING.
T  INDICATES TRACE AMOUNT.




$$
