083
CDUS43 KIWX 190020
CLISBN


CLIMATE REPORT
NATIONAL WEATHER SERVICE NORTHERN INDIANA
720 PM EST SAT FEB 18 2017


...................................

...THE SOUTH BEND CLIMATE SUMMARY FOR FEBRUARY 18 2017...
VALID AS OF 0700 PM LOCAL TIME.

CLIMATE NORMAL PERIOD 1981 TO 2010
CLIMATE RECORD PERIOD 1893 TO 2017


WEATHER ITEM   OBSERVED TIME   RECORD YEAR NORMAL DEPARTURE LAST
                VALUE   (LST)  VALUE       VALUE  FROM      YEAR
                                                  NORMAL
..................................................................
TEMPERATURE (F)
 TODAY
  MAXIMUM         66R   406 PM  63    1961  36     30       37
  MINIMUM         44    810 AM -15    1936  21     23       10
  AVERAGE         55                        28     27       24

PRECIPITATION (IN)
  TODAY            0.00          0.58 2000   0.07  -0.07     0.00
  MONTH TO DATE    1.46                      1.18   0.28     1.13
  SINCE DEC 1      6.79                      6.08   0.71     6.85
  SINCE JAN 1      4.80                      3.47   1.33     2.73

SNOWFALL (IN)
  TODAY            0.0           5.8  2000   0.5   -0.5      0.0
  MONTH TO DATE    0.3                      10.4  -10.1     19.2
  SINCE DEC 1     33.1                      48.3  -15.2     39.3
  SINCE JUL 1     33.6                      53.5  -19.9     48.4
  SNOW DEPTH       0

DEGREE DAYS
 HEATING
  TODAY           10                        37    -27       41
  MONTH TO DATE  569                       695   -126      737
  SINCE DEC 1   2876                      3074   -198     2763
  SINCE JUL 1   3777                      4343   -566     3830

 COOLING
  TODAY            0                         0      0        0
  MONTH TO DATE    0                         0      0        0
  SINCE DEC 1      0                         0      0        0
  SINCE JAN 1      0                         0      0        0
..................................................................


WIND (MPH)
  RESULTANT WIND SPEED  10   RESULTANT WIND DIRECTION  SW (240)
  HIGHEST WIND SPEED    18   HIGHEST WIND DIRECTION    SW (230)
  HIGHEST GUST SPEED    24   HIGHEST GUST DIRECTION    SW (230)
  AVERAGE WIND SPEED    11.3


SKY COVER
  POSSIBLE SUNSHINE  MM
  AVERAGE SKY COVER 0.0


WEATHER CONDITIONS
 THE FOLLOWING WEATHER WAS RECORDED TODAY.
  NO SIGNIFICANT WEATHER WAS OBSERVED.


RELATIVE HUMIDITY (PERCENT)
 HIGHEST    76           900 AM
 LOWEST     37           500 PM
 AVERAGE    57

..........................................................


THE SOUTH BEND CLIMATE NORMALS FOR TOMORROW
                         NORMAL    RECORD    YEAR
 MAXIMUM TEMPERATURE (F)   36        65      1930
 MINIMUM TEMPERATURE (F)   21       -11      1936


SUNRISE AND SUNSET
FEBRUARY 18 2017......SUNRISE   736 AM EST   SUNSET   623 PM EST
FEBRUARY 19 2017......SUNRISE   735 AM EST   SUNSET   624 PM EST


-  INDICATES NEGATIVE NUMBERS.
R  INDICATES RECORD WAS SET OR TIED.
MM INDICATES DATA IS MISSING.
T  INDICATES TRACE AMOUNT.




$$
