908
CDUS43 KIWX 272121
CLISBN


CLIMATE REPORT
NATIONAL WEATHER SERVICE NORTHERN INDIANA
421 PM EST SUN NOV 27 2016


...................................

...THE SOUTH BEND CLIMATE SUMMARY FOR NOVEMBER 27 2016...
VALID TODAY AS OF 0400 PM LOCAL TIME.

CLIMATE NORMAL PERIOD 1981 TO 2010
CLIMATE RECORD PERIOD 1893 TO 2016


WEATHER ITEM   OBSERVED TIME   RECORD YEAR NORMAL DEPARTURE LAST
                VALUE   (LST)  VALUE       VALUE  FROM      YEAR
                                                  NORMAL
..................................................................
TEMPERATURE (F)
 TODAY
  MAXIMUM         MM        MM  68    1990  42     MM       60
  MINIMUM         MM        MM   0    1930  29     MM       36
  AVERAGE         MM                        36     MM       48

PRECIPITATION (IN)
  TODAY            0.00          3.92 1990   0.11  -0.11     0.77
  MONTH TO DATE    2.07                      2.95  -0.88     2.38
  SINCE SEP 1      9.29                      9.80  -0.51     7.91
  SINCE JAN 1     43.70                     35.07   8.63    32.18

SNOWFALL (IN)
  TODAY            0.0           6.1  2013   0.3   -0.3      0.0
  MONTH TO DATE    0.5                       4.0   -3.5      9.1
  SINCE SEP 1      0.5                       4.4   -3.9      9.1
  SINCE JUL 1      0.5                       4.4   -3.9      9.1

DEGREE DAYS
 HEATING
  TODAY           MM                        29     MM       17
  MONTH TO DATE  225                       637   -412      518
  SINCE SEP 1    549                      1160   -611      952
  SINCE JUL 1    557                      1178   -621      977

 COOLING
  TODAY           MM                         0     MM        0
  MONTH TO DATE    1                         0      1        0
  SINCE SEP 1    141                        91     50      139
  SINCE JAN 1    950                       773    177      784
..................................................................


WIND (MPH)
  HIGHEST WIND SPEED    MM   HIGHEST WIND DIRECTION    MM
  HIGHEST GUST SPEED    MM   HIGHEST GUST DIRECTION    MM
  AVERAGE WIND SPEED    MM


SKY COVER
  POSSIBLE SUNSHINE  MM
  AVERAGE SKY COVER  MM


WEATHER CONDITIONS
 THE FOLLOWING WEATHER WAS RECORDED TODAY.
  FOG


RELATIVE HUMIDITY (PERCENT)
 HIGHEST    MM           300 PM
 LOWEST     MM           300 PM
 AVERAGE    MM

..........................................................


THE SOUTH BEND CLIMATE NORMALS FOR TOMORROW
                         NORMAL    RECORD    YEAR
 MAXIMUM TEMPERATURE (F)   42        67      1909
 MINIMUM TEMPERATURE (F)   29         1      1930


SUNRISE AND SUNSET
NOVEMBER 27 2016......SUNRISE   749 AM EST   SUNSET   517 PM EST
NOVEMBER 28 2016......SUNRISE   750 AM EST   SUNSET   516 PM EST


-  INDICATES NEGATIVE NUMBERS.
R  INDICATES RECORD WAS SET OR TIED.
MM INDICATES DATA IS MISSING.
T  INDICATES TRACE AMOUNT.




$$
