710
CDUS43 KIWX 180540
CLISBN


CLIMATE REPORT
NATIONAL WEATHER SERVICE NORTHERN INDIANA
139 AM EDT THU MAY 18 2017


...................................

...THE SOUTH BEND CLIMATE SUMMARY FOR MAY 17 2017...

CLIMATE NORMAL PERIOD 1981 TO 2010
CLIMATE RECORD PERIOD 1893 TO 2017


WEATHER ITEM   OBSERVED TIME   RECORD YEAR NORMAL DEPARTURE LAST
                VALUE   (LST)  VALUE       VALUE  FROM      YEAR
                                                  NORMAL
..................................................................
TEMPERATURE (F)
 YESTERDAY
  MAXIMUM         84    339 PM  92    1962  70     14       61
  MINIMUM         67    607 AM  30    1973  49     18       46
  AVERAGE         76                        60     16       54

PRECIPITATION (IN)
  YESTERDAY        0.00          1.32 1947   0.13  -0.13     0.02
  MONTH TO DATE    2.78                      2.02   0.76     2.39
  SINCE MAR 1     10.10                      7.67   2.43    11.23
  SINCE JAN 1     17.09                     11.91   5.18    15.01

SNOWFALL (IN)
  YESTERDAY        0.0           T    1999   0.0    0.0      0.0
  MONTH TO DATE    0.0                       0.0    0.0      0.0
  SINCE MAR 1      8.5                       8.5    0.0     10.9
  SINCE JUL 1     42.2                      66.6  -24.4     70.2
  SNOW DEPTH       0

DEGREE DAYS
 HEATING
  YESTERDAY        0                         7     -7       11
  MONTH TO DATE  207                       151     56      215
  SINCE MAR 1   1459                      1493    -34     1429
  SINCE JUL 1   5436                      6182   -746     5559

 COOLING
  YESTERDAY       11                         2      9        0
  MONTH TO DATE   20                        16      4        0
  SINCE MAR 1     31                        26      5        4
  SINCE JAN 1     31                        26      5        4
..................................................................


WIND (MPH)
  HIGHEST WIND SPEED    31   HIGHEST WIND DIRECTION     S (190)
  HIGHEST GUST SPEED    40   HIGHEST GUST DIRECTION     S (190)
  AVERAGE WIND SPEED    16.5


SKY COVER
  AVERAGE SKY COVER 0.1


WEATHER CONDITIONS
 THE FOLLOWING WEATHER WAS RECORDED YESTERDAY.
  NO SIGNIFICANT WEATHER WAS OBSERVED.


RELATIVE HUMIDITY (PERCENT)
 HIGHEST    81           600 AM
 LOWEST     37           400 PM
 AVERAGE    59

..........................................................


THE SOUTH BEND CLIMATE NORMALS FOR TODAY
                         NORMAL    RECORD    YEAR
 MAXIMUM TEMPERATURE (F)   71        91      1962
                                             1934
                                             1911
 MINIMUM TEMPERATURE (F)   49        30      1925


SUNRISE AND SUNSET
MAY 18 2017...........SUNRISE   623 AM EDT   SUNSET   901 PM EDT
MAY 19 2017...........SUNRISE   622 AM EDT   SUNSET   902 PM EDT


-  INDICATES NEGATIVE NUMBERS.
R  INDICATES RECORD WAS SET OR TIED.
MM INDICATES DATA IS MISSING.
T  INDICATES TRACE AMOUNT.




$$
