000
CDUS43 KIWX 020023
CLISBN


CLIMATE REPORT
NATIONAL WEATHER SERVICE NORTHERN INDIANA
722 PM EST SUN JAN 1 2017


...................................

...THE SOUTH BEND CLIMATE SUMMARY FOR JANUARY 1 2017...
VALID AS OF 0700 PM LOCAL TIME.

CLIMATE NORMAL PERIOD 1981 TO 2010
CLIMATE RECORD PERIOD 1893 TO 2016


WEATHER ITEM   OBSERVED TIME   RECORD YEAR NORMAL DEPARTURE LAST
                VALUE   (LST)  VALUE       VALUE  FROM      YEAR
                                                  NORMAL
..................................................................
TEMPERATURE (F)
 TODAY
  MAXIMUM         38        MM  55    2011  32      6       26
                                      1897
  MINIMUM         20        MM -10    1968  19      1       19
  AVERAGE         29                        25      4       23

PRECIPITATION (IN)
  TODAY            0.00          1.14 1916   0.09  -0.09      T
  MONTH TO DATE    0.00                      0.09  -0.09      T
  SINCE DEC 1      1.99                      2.70  -0.71     4.12
  SINCE JAN 1      0.00                      0.09  -0.09      T

SNOWFALL (IN)
  TODAY            0.0           8.5  2008   0.6   -0.6       T
  MONTH TO DATE    0.0                       0.6   -0.6       T
  SINCE DEC 1     23.7                      17.9    5.8      1.4
  SINCE JUL 1     24.2                      23.1    1.1     10.5
  SNOW DEPTH       T

DEGREE DAYS
 HEATING
  TODAY           36                        40     -4       42
  MONTH TO DATE   36                        40     -4       42
  SINCE DEC 1   1257                      1162     95      828
  SINCE JUL 1   2158                      2431   -273     1895

 COOLING
  TODAY            0                         0      0        0
  MONTH TO DATE    0                         0      0        0
  SINCE DEC 1      0                         0      0        0
  SINCE JAN 1      0                         0      0        0
..................................................................


WIND (MPH)
  RESULTANT WIND SPEED   5   RESULTANT WIND DIRECTION  SW (210)
  HIGHEST WIND SPEED    12   HIGHEST WIND DIRECTION     S (190)
  HIGHEST GUST SPEED    MM   HIGHEST GUST DIRECTION    MM
  AVERAGE WIND SPEED     5.8


SKY COVER
  POSSIBLE SUNSHINE  MM
  AVERAGE SKY COVER 0.2


WEATHER CONDITIONS
 THE FOLLOWING WEATHER WAS RECORDED TODAY.
  NO SIGNIFICANT WEATHER WAS OBSERVED.


RELATIVE HUMIDITY (PERCENT)
 HIGHEST    92           600 AM
 LOWEST     52           400 PM
 AVERAGE    72

..........................................................


THE SOUTH BEND CLIMATE NORMALS FOR TOMORROW
                         NORMAL    RECORD    YEAR
 MAXIMUM TEMPERATURE (F)   32        61      2004
                                             2000
 MINIMUM TEMPERATURE (F)   19       -11      1928


SUNRISE AND SUNSET
JANUARY  1 2017.......SUNRISE   812 AM EST   SUNSET   526 PM EST
JANUARY  2 2017.......SUNRISE   812 AM EST   SUNSET   527 PM EST


-  INDICATES NEGATIVE NUMBERS.
R  INDICATES RECORD WAS SET OR TIED.
MM INDICATES DATA IS MISSING.
T  INDICATES TRACE AMOUNT.




$$
