000
CDUS43 KIWX 202128
CLISBN


CLIMATE REPORT
NATIONAL WEATHER SERVICE NORTHERN INDIANA
428 PM EST TUE JAN 20 2015


...................................

...THE SOUTH BEND CLIMATE SUMMARY FOR JANUARY 20 2015...
VALID TODAY AS OF 0400 PM LOCAL TIME.

CLIMATE NORMAL PERIOD 1981 TO 2010
CLIMATE RECORD PERIOD 1893 TO 2015


WEATHER ITEM   OBSERVED TIME   RECORD YEAR NORMAL DEPARTURE LAST
                VALUE   (LST)  VALUE       VALUE  FROM      YEAR
                                                  NORMAL
..................................................................
TEMPERATURE (F)
 TODAY
  MAXIMUM         38    243 PM  65    1907  31      7       38
  MINIMUM         33    509 AM -22    1943  17     16       17
  AVERAGE         36                        24     12       28

PRECIPITATION (IN)
  TODAY            T             1.24 1959   0.06  -0.06     0.00
  MONTH TO DATE    1.71                      1.57   0.14     2.35
  SINCE DEC 1      3.18                      4.18  -1.00     4.68
  SINCE JAN 1      1.71                      1.57   0.14     2.35

SNOWFALL (IN)
  TODAY            T             6.6  2000   0.7   -0.7      0.0
  MONTH TO DATE   20.4                      13.1    7.3     23.7
  SINCE DEC 1     20.6                      30.4   -9.8     42.2
  SINCE JUL 1     39.9                      35.6    4.3     51.4

DEGREE DAYS
 HEATING
  TODAY           29                        41    -12       37
  MONTH TO DATE  896                       812     84      825
  SINCE DEC 1   1874                      1934    -60     2022
  SINCE JUL 1   3316                      3203    113     3311

 COOLING
  TODAY            0                         0      0        0
  MONTH TO DATE    0                         0      0        0
  SINCE DEC 1      0                         0      0        0
  SINCE JAN 1      0                         0      0        0
..................................................................


WIND (MPH)
  HIGHEST WIND SPEED    13   HIGHEST WIND DIRECTION    SE (120)
  HIGHEST GUST SPEED    15   HIGHEST GUST DIRECTION     E (110)
  AVERAGE WIND SPEED     5.2


SKY COVER
  POSSIBLE SUNSHINE  MM
  AVERAGE SKY COVER 1.0


WEATHER CONDITIONS
 THE FOLLOWING WEATHER WAS RECORDED TODAY.
  LIGHT SNOW
  FOG
  HAZE


RELATIVE HUMIDITY (PERCENT)
 HIGHEST    89           600 AM
 LOWEST     75          1200 AM
 AVERAGE    82

..........................................................


THE SOUTH BEND CLIMATE NORMALS FOR TOMORROW
                         NORMAL    RECORD    YEAR
 MAXIMUM TEMPERATURE (F)   31        66      1906
 MINIMUM TEMPERATURE (F)   17       -21      1984


SUNRISE AND SUNSET
JANUARY 20 2015.......SUNRISE   807 AM EST   SUNSET   545 PM EST
JANUARY 21 2015.......SUNRISE   807 AM EST   SUNSET   547 PM EST


-  INDICATES NEGATIVE NUMBERS.
R  INDICATES RECORD WAS SET OR TIED.
MM INDICATES DATA IS MISSING.
T  INDICATES TRACE AMOUNT.




$$
