000
CDUS43 KIWX 060532
CLISBN


CLIMATE REPORT
NATIONAL WEATHER SERVICE NORTHERN INDIANA
1231 AM EST MON FEB 6 2017


...................................

...THE SOUTH BEND CLIMATE SUMMARY FOR FEBRUARY 5 2017...

CLIMATE NORMAL PERIOD 1981 TO 2010
CLIMATE RECORD PERIOD 1893 TO 2017


WEATHER ITEM   OBSERVED TIME   RECORD YEAR NORMAL DEPARTURE LAST
                VALUE   (LST)  VALUE       VALUE  FROM      YEAR
                                                  NORMAL
..................................................................
TEMPERATURE (F)
 YESTERDAY
  MAXIMUM         38   1218 PM  59    1946  33      5       33
  MINIMUM         21   1134 PM -16    1936  19      2       21
  AVERAGE         30                        26      4       27

PRECIPITATION (IN)
  YESTERDAY        0.00          0.77 2008   0.06  -0.06     0.01
  MONTH TO DATE    0.01                      0.31  -0.30     0.46
  SINCE DEC 1      5.34                      5.21   0.13     6.18
  SINCE JAN 1      3.35                      2.60   0.75     2.06

SNOWFALL (IN)
  YESTERDAY        0.0           8.1  1982   0.6   -0.6       T
  MONTH TO DATE    0.2                       3.2   -3.0       T
  SINCE DEC 1     33.0                      41.1   -8.1     20.1
  SINCE JUL 1     33.5                      46.3  -12.8     29.2
  SNOW DEPTH       0

DEGREE DAYS
 HEATING
  YESTERDAY       35                        40     -5       38
  MONTH TO DATE  201                       200      1      165
  SINCE DEC 1   2508                      2579    -71     2191
  SINCE JUL 1   3409                      3848   -439     3258

 COOLING
  YESTERDAY        0                         0      0        0
  MONTH TO DATE    0                         0      0        0
  SINCE DEC 1      0                         0      0        0
  SINCE JAN 1      0                         0      0        0
..................................................................


WIND (MPH)
  HIGHEST WIND SPEED    22   HIGHEST WIND DIRECTION    NW (310)
  HIGHEST GUST SPEED    27   HIGHEST GUST DIRECTION    NW (310)
  AVERAGE WIND SPEED    10.0


SKY COVER
  AVERAGE SKY COVER 0.4


WEATHER CONDITIONS
 THE FOLLOWING WEATHER WAS RECORDED YESTERDAY.
  NO SIGNIFICANT WEATHER WAS OBSERVED.


RELATIVE HUMIDITY (PERCENT)
 HIGHEST    92          1100 PM
 LOWEST     43          1200 AM
 AVERAGE    68

..........................................................


THE SOUTH BEND CLIMATE NORMALS FOR TODAY
                         NORMAL    RECORD    YEAR
 MAXIMUM TEMPERATURE (F)   33        56      1938
 MINIMUM TEMPERATURE (F)   19       -11      1978


SUNRISE AND SUNSET
FEBRUARY  6 2017......SUNRISE   752 AM EST   SUNSET   608 PM EST
FEBRUARY  7 2017......SUNRISE   750 AM EST   SUNSET   609 PM EST


-  INDICATES NEGATIVE NUMBERS.
R  INDICATES RECORD WAS SET OR TIED.
MM INDICATES DATA IS MISSING.
T  INDICATES TRACE AMOUNT.




$$
