000
CDUS43 KIWX 212028
CLISBN


CLIMATE REPORT
NATIONAL WEATHER SERVICE NORTHERN INDIANA
428 PM EDT TUE JUL 21 2015


...................................

...THE SOUTH BEND CLIMATE SUMMARY FOR JULY 21 2015...
VALID TODAY AS OF 0400 PM LOCAL TIME.

CLIMATE NORMAL PERIOD 1981 TO 2010
CLIMATE RECORD PERIOD 1893 TO 2015


WEATHER ITEM   OBSERVED TIME   RECORD YEAR NORMAL DEPARTURE LAST
                VALUE   (LST)  VALUE       VALUE  FROM      YEAR
                                                  NORMAL
..................................................................
TEMPERATURE (F)
 TODAY
  MAXIMUM         77    242 PM 107    1934  83     -6       85
  MINIMUM         66    610 AM  47    1944  63      3       61
  AVERAGE         72                        73     -1       73

PRECIPITATION (IN)
  TODAY            0.00          2.42 1976   0.14  -0.14     0.00
  MONTH TO DATE    4.79                      2.67   2.12     1.52
  SINCE JUN 1      8.86                      6.46   2.40    10.66
  SINCE JAN 1     21.95                     20.18   1.77    25.74

DEGREE DAYS
 HEATING
  TODAY            0                         0      0        0
  MONTH TO DATE   10                         0     10        9
  SINCE JUN 1     29                        44    -15       26
  SINCE JUL 1     10                         0     10        9

 COOLING
  TODAY            7                         8     -1        8
  MONTH TO DATE  113                       168    -55       99
  SINCE JUN 1    270                       333    -63      315
  SINCE JAN 1    356                       389    -33      400
..................................................................


WIND (MPH)
  HIGHEST WIND SPEED    17   HIGHEST WIND DIRECTION    NW (300)
  HIGHEST GUST SPEED    22   HIGHEST GUST DIRECTION    NW (320)
  AVERAGE WIND SPEED    10.1


SKY COVER
  POSSIBLE SUNSHINE  MM
  AVERAGE SKY COVER 0.1


WEATHER CONDITIONS
 THE FOLLOWING WEATHER WAS RECORDED TODAY.
  NO SIGNIFICANT WEATHER WAS OBSERVED.


RELATIVE HUMIDITY (PERCENT)
 HIGHEST    90          1200 AM
 LOWEST     40           200 PM
 AVERAGE    65

..........................................................


THE SOUTH BEND CLIMATE NORMALS FOR TOMORROW
                         NORMAL    RECORD    YEAR
 MAXIMUM TEMPERATURE (F)   83       104      1934
 MINIMUM TEMPERATURE (F)   63        46      1947


SUNRISE AND SUNSET
JULY 21 2015..........SUNRISE   629 AM EDT   SUNSET   914 PM EDT
JULY 22 2015..........SUNRISE   630 AM EDT   SUNSET   913 PM EDT


-  INDICATES NEGATIVE NUMBERS.
R  INDICATES RECORD WAS SET OR TIED.
MM INDICATES DATA IS MISSING.
T  INDICATES TRACE AMOUNT.




$$
