000
CDUS43 KIWX 210524
CLISBN


CLIMATE REPORT
NATIONAL WEATHER SERVICE NORTHERN INDIANA
123 AM EDT THU MAY 21 2015


...................................

...THE SOUTH BEND CLIMATE SUMMARY FOR MAY 20 2015...

CLIMATE NORMAL PERIOD 1981 TO 2010
CLIMATE RECORD PERIOD 1893 TO 2015


WEATHER ITEM   OBSERVED TIME   RECORD YEAR NORMAL DEPARTURE LAST
                VALUE   (LST)  VALUE       VALUE  FROM      YEAR
                                                  NORMAL
..................................................................
TEMPERATURE (F)
 YESTERDAY
  MAXIMUM         58    142 PM  93    1934  71    -13       84
  MINIMUM         37    524 AM  30    1895  50    -13       61
  AVERAGE         48                        60    -12       73

PRECIPITATION (IN)
  YESTERDAY        0.03          1.51 1933   0.13  -0.10     0.06
  MONTH TO DATE    3.05                      2.40   0.65     2.93
  SINCE MAR 1      6.23                      8.05  -1.82     6.97
  SINCE JAN 1     10.13                     12.29  -2.16    12.91

SNOWFALL (IN)
  YESTERDAY        0.0           0.0  2002   0.0    0.0      0.0
                                      2001
  MONTH TO DATE    0.0                       0.0    0.0      0.0
  SINCE MAR 1      6.1                       8.5   -2.4     12.9
  SINCE JUL 1     83.9                      66.6   17.3    106.9
  SNOW DEPTH       0

DEGREE DAYS
 HEATING
  YESTERDAY       17                         6     11        0
  MONTH TO DATE  102                       170    -68      190
  SINCE MAR 1   1477                      1512    -35     1735
  SINCE JUL 1   6574                      6201    373     6918

 COOLING
  YESTERDAY        0                         2     -2        8
  MONTH TO DATE   47                        22     25       31
  SINCE MAR 1     49                        32     17       33
  SINCE JAN 1     49                        32     17       33
..................................................................


WIND (MPH)
  HIGHEST WIND SPEED    20   HIGHEST WIND DIRECTION     N (360)
  HIGHEST GUST SPEED    23   HIGHEST GUST DIRECTION     N (350)
  AVERAGE WIND SPEED     7.1


SKY COVER
  AVERAGE SKY COVER 0.5


WEATHER CONDITIONS
 THE FOLLOWING WEATHER WAS RECORDED YESTERDAY.
  LIGHT RAIN


RELATIVE HUMIDITY (PERCENT)
 HIGHEST    82           800 PM
 LOWEST     36           200 PM
 AVERAGE    59

..........................................................


THE SOUTH BEND CLIMATE NORMALS FOR TODAY
                         NORMAL    RECORD    YEAR
 MAXIMUM TEMPERATURE (F)   72        93      1934
 MINIMUM TEMPERATURE (F)   50        30      2002
                                             1895


SUNRISE AND SUNSET
MAY 21 2015...........SUNRISE   620 AM EDT   SUNSET   904 PM EDT
MAY 22 2015...........SUNRISE   620 AM EDT   SUNSET   905 PM EDT


-  INDICATES NEGATIVE NUMBERS.
R  INDICATES RECORD WAS SET OR TIED.
MM INDICATES DATA IS MISSING.
T  INDICATES TRACE AMOUNT.




$$
