000
CDUS43 KIWX 260523
CLISBN


CLIMATE REPORT
NATIONAL WEATHER SERVICE NORTHERN INDIANA
122 AM EDT WED AUG 26 2015


...................................

...THE SOUTH BEND CLIMATE SUMMARY FOR AUGUST 25 2015...

CLIMATE NORMAL PERIOD 1981 TO 2010
CLIMATE RECORD PERIOD 1893 TO 2015


WEATHER ITEM   OBSERVED TIME   RECORD YEAR NORMAL DEPARTURE LAST
                VALUE   (LST)  VALUE       VALUE  FROM      YEAR
                                                  NORMAL
..................................................................
TEMPERATURE (F)
 YESTERDAY
  MAXIMUM         64    413 PM  97    1948  80    -16       91
  MINIMUM         59   1102 PM  42    1956  61     -2       71
  AVERAGE         62                        70     -8       81

PRECIPITATION (IN)
  YESTERDAY        0.00          3.40 1905   0.12  -0.12     0.22
  MONTH TO DATE    2.09                      3.04  -0.95     1.62
  SINCE JUN 1     10.95                     10.83   0.12    12.55
  SINCE JAN 1     24.04                     24.55  -0.51    27.63

SNOWFALL (IN)
  YESTERDAY        0.0           0.0  2002   0.0    0.0      0.0
                                      2001
  MONTH TO DATE    0.0                       0.0    0.0      0.0
  SINCE JUN 1      0.0                       0.0    0.0      0.0
  SINCE JUL 1      0.0                       0.0    0.0      0.0
  SNOW DEPTH       0

DEGREE DAYS
 HEATING
  YESTERDAY        3                         1      2        0
  MONTH TO DATE    3                         2      1       10
  SINCE JUN 1     32                        51    -19       45
  SINCE JUL 1     13                         7      6       28

 COOLING
  YESTERDAY        0                         6     -6       16
  MONTH TO DATE  180                       172      8      199
  SINCE JUN 1    545                       590    -45      555
  SINCE JAN 1    631                       646    -15      640
..................................................................


WIND (MPH)
  HIGHEST WIND SPEED    16   HIGHEST WIND DIRECTION    NW (330)
  HIGHEST GUST SPEED    22   HIGHEST GUST DIRECTION    NW (320)
  AVERAGE WIND SPEED     6.6


SKY COVER
  AVERAGE SKY COVER 1.0


WEATHER CONDITIONS
 THE FOLLOWING WEATHER WAS RECORDED YESTERDAY.
  NO SIGNIFICANT WEATHER WAS OBSERVED.


RELATIVE HUMIDITY (PERCENT)
 HIGHEST    87          1100 PM
 LOWEST     56          1200 AM
 AVERAGE    72

..........................................................


THE SOUTH BEND CLIMATE NORMALS FOR TODAY
                         NORMAL    RECORD    YEAR
 MAXIMUM TEMPERATURE (F)   80        97      1948
 MINIMUM TEMPERATURE (F)   61        43      1945


SUNRISE AND SUNSET
AUGUST 26 2015........SUNRISE   705 AM EDT   SUNSET   829 PM EDT
AUGUST 27 2015........SUNRISE   706 AM EDT   SUNSET   827 PM EDT


-  INDICATES NEGATIVE NUMBERS.
R  INDICATES RECORD WAS SET OR TIED.
MM INDICATES DATA IS MISSING.
T  INDICATES TRACE AMOUNT.




$$
