000
CDUS43 KIWX 080528
CLISBN


CLIMATE REPORT
NATIONAL WEATHER SERVICE NORTHERN INDIANA
128 AM EDT SAT JUL 8 2017


...................................

...THE SOUTH BEND CLIMATE SUMMARY FOR JULY 7 2017...

CLIMATE NORMAL PERIOD 1981 TO 2010
CLIMATE RECORD PERIOD 1893 TO 2017


WEATHER ITEM   OBSERVED TIME   RECORD YEAR NORMAL DEPARTURE LAST
                VALUE   (LST)  VALUE       VALUE  FROM      YEAR
                                                  NORMAL
..................................................................
TEMPERATURE (F)
 YESTERDAY
  MAXIMUM         79    452 PM 102    1936  83     -4       84
  MINIMUM         64   1113 PM  49    1942  63      1       69
                                      1896
  AVERAGE         72                        73     -1       77

PRECIPITATION (IN)
  YESTERDAY        0.18          2.37 1925   0.12   0.06      T
  MONTH TO DATE    1.32                      0.84   0.48     0.47
  SINCE JUN 1      3.74                      4.63  -0.89     3.72
  SINCE JAN 1     22.97                     18.35   4.62    18.83

DEGREE DAYS
 HEATING
  YESTERDAY        0                         0      0        0
  MONTH TO DATE    0                         0      0        8
  SINCE JUN 1     25                        44    -19       43
  SINCE JUL 1      0                         0      0        8

 COOLING
  YESTERDAY        7                         8     -1       12
  MONTH TO DATE   55                        56     -1       37
  SINCE JUN 1    228                       221      7      213
  SINCE JAN 1    268                       277     -9      282
..................................................................


WIND (MPH)
  HIGHEST WIND SPEED    21   HIGHEST WIND DIRECTION     N (340)
  HIGHEST GUST SPEED    26   HIGHEST GUST DIRECTION    NW (330)
  AVERAGE WIND SPEED     7.7


SKY COVER
  AVERAGE SKY COVER 0.3


WEATHER CONDITIONS
 THE FOLLOWING WEATHER WAS RECORDED YESTERDAY.
  THUNDERSTORM
  RAIN
  LIGHT RAIN
  FOG


RELATIVE HUMIDITY (PERCENT)
 HIGHEST   100          1100 AM
 LOWEST     62           500 PM
 AVERAGE    81

..........................................................


THE SOUTH BEND CLIMATE NORMALS FOR TODAY
                         NORMAL    RECORD    YEAR
 MAXIMUM TEMPERATURE (F)   83       106      1936
 MINIMUM TEMPERATURE (F)   63        47      1984


SUNRISE AND SUNSET
JULY  8 2017..........SUNRISE   619 AM EDT   SUNSET   922 PM EDT
JULY  9 2017..........SUNRISE   620 AM EDT   SUNSET   921 PM EDT


-  INDICATES NEGATIVE NUMBERS.
R  INDICATES RECORD WAS SET OR TIED.
MM INDICATES DATA IS MISSING.
T  INDICATES TRACE AMOUNT.




$$
