000
CDUS43 KIWX 252240
CLISBN


CLIMATE REPORT
NATIONAL WEATHER SERVICE NORTHERN INDIANA
539 PM EST FRI NOV 25 2016


...................................

...THE SOUTH BEND CLIMATE SUMMARY FOR NOVEMBER 25 2016...
VALID TODAY AS OF 0539 PM LOCAL TIME.UPDATED FOR MISSING DATA.

CLIMATE NORMAL PERIOD 1981 TO 2010
CLIMATE RECORD PERIOD 1893 TO 2016


WEATHER ITEM   OBSERVED TIME   RECORD YEAR NORMAL DEPARTURE LAST
                VALUE   (LST)  VALUE       VALUE  FROM      YEAR
                                                  NORMAL
..................................................................
TEMPERATURE (F)
 TODAY
  MAXIMUM         MM        MM  63    1915  43     MM       51
  MINIMUM         MM        MM  -7    1950  30     MM       32
  AVERAGE         MM                        36     MM       42

PRECIPITATION (IN)
  TODAY            T             1.21 1979   0.11  -0.11     0.02
  MONTH TO DATE    2.07                      2.74  -0.67     1.53
  SINCE SEP 1      9.29                      9.59  -0.30     7.06
  SINCE JAN 1     43.70                     34.86   8.84    31.33

SNOWFALL (IN)
  TODAY            0.0          14.6  1977   0.2   -0.2      0.0
  MONTH TO DATE    0.5                       3.4   -2.9      9.1
  SINCE SEP 1      0.5                       3.8   -3.3      9.1
  SINCE JUL 1      0.5                       3.8   -3.3      9.1

DEGREE DAYS
 HEATING
  TODAY           MM                        29     MM       23
  MONTH TO DATE  225                       579   -354      491
  SINCE SEP 1    549                      1102   -553      925
  SINCE JUL 1    557                      1120   -563      950

 COOLING
  TODAY           MM                         0     MM        0
  MONTH TO DATE    1                         0      1        0
  SINCE SEP 1    141                        91     50      139
  SINCE JAN 1    950                       773    177      784
..................................................................


WIND (MPH)
  HIGHEST WIND SPEED    MM   HIGHEST WIND DIRECTION    MM
  HIGHEST GUST SPEED    MM   HIGHEST GUST DIRECTION    MM
  AVERAGE WIND SPEED    MM


SKY COVER
  POSSIBLE SUNSHINE  MM
  AVERAGE SKY COVER 0.0


WEATHER CONDITIONS
 THE FOLLOWING WEATHER WAS RECORDED TODAY.
  LIGHT RAIN
  FOG


RELATIVE HUMIDITY (PERCENT)
 HIGHEST    MM          1100 AM
 LOWEST     MM           500 AM
 AVERAGE    MM

..........................................................


THE SOUTH BEND CLIMATE NORMALS FOR TOMORROW
                         NORMAL    RECORD    YEAR
 MAXIMUM TEMPERATURE (F)   43        67      1908
 MINIMUM TEMPERATURE (F)   29         5      1977


SUNRISE AND SUNSET
NOVEMBER 25 2016......SUNRISE   747 AM EST   SUNSET   518 PM EST
NOVEMBER 26 2016......SUNRISE   748 AM EST   SUNSET   517 PM EST


-  INDICATES NEGATIVE NUMBERS.
R  INDICATES RECORD WAS SET OR TIED.
MM INDICATES DATA IS MISSING.
T  INDICATES TRACE AMOUNT.




$$
