000
CDUS43 KIWX 170021
CLISBN


CLIMATE REPORT
NATIONAL WEATHER SERVICE NORTHERN INDIANA
821 PM EDT WED JUL 16 2014


...................................

...THE SOUTH BEND CLIMATE SUMMARY FOR JULY 16 2014...
VALID AS OF 0800 PM LOCAL TIME.

CLIMATE NORMAL PERIOD 1981 TO 2010
CLIMATE RECORD PERIOD 1893 TO 2014


WEATHER ITEM   OBSERVED TIME   RECORD YEAR NORMAL DEPARTURE LAST
                VALUE   (LST)  VALUE       VALUE  FROM      YEAR
                                                  NORMAL
..................................................................
TEMPERATURE (F)
 TODAY
  MAXIMUM         70    404 PM  99    1936  83    -13       91
  MINIMUM         53    559 AM  48    1945  63    -10       73
                                      1896
  AVERAGE         62                        73    -11       82

PRECIPITATION (IN)
  TODAY            T             2.86 1995   0.14  -0.14     0.00
  MONTH TO DATE    1.52                      2.01  -0.49     1.44
  SINCE JUN 1     10.66                      5.80   4.86     4.87
  SINCE JAN 1     25.74                     19.52   6.22    22.17

DEGREE DAYS
 HEATING
  TODAY            3                         0      3        0
  MONTH TO DATE    7                         0      7        3
  SINCE JUN 1     24                        44    -20       40
  SINCE JUL 1      7                         0      7        3

 COOLING
  TODAY            0                         8     -8       17
  MONTH TO DATE   80                       128    -48      127
  SINCE JUN 1    296                       293      3      292
  SINCE JAN 1    381                       349     32      388
..................................................................


WIND (MPH)
  RESULTANT WIND SPEED   7   RESULTANT WIND DIRECTION  NW (320)
  HIGHEST WIND SPEED    17   HIGHEST WIND DIRECTION    NW (320)
  HIGHEST GUST SPEED    20   HIGHEST GUST DIRECTION    NW (310)
  AVERAGE WIND SPEED     8.0


SKY COVER
  POSSIBLE SUNSHINE  MM
  AVERAGE SKY COVER 0.5


WEATHER CONDITIONS
 THE FOLLOWING WEATHER WAS RECORDED TODAY.
  LIGHT RAIN


RELATIVE HUMIDITY (PERCENT)
 HIGHEST    89           400 AM
 LOWEST     52           700 PM
 AVERAGE    71

..........................................................


THE SOUTH BEND CLIMATE NORMALS FOR TOMORROW
                         NORMAL    RECORD    YEAR
 MAXIMUM TEMPERATURE (F)   83       100      1901
 MINIMUM TEMPERATURE (F)   63        46      1896


SUNRISE AND SUNSET
JULY 16 2014..........SUNRISE   625 AM EDT   SUNSET   918 PM EDT
JULY 17 2014..........SUNRISE   626 AM EDT   SUNSET   917 PM EDT


-  INDICATES NEGATIVE NUMBERS.
R  INDICATES RECORD WAS SET OR TIED.
MM INDICATES DATA IS MISSING.
T  INDICATES TRACE AMOUNT.




$$
