000
CDUS43 KIWX 040022
CLISBN


CLIMATE REPORT
NATIONAL WEATHER SERVICE NORTHERN INDIANA
721 PM EST SAT FEB 3 2018


...................................

...THE SOUTH BEND CLIMATE SUMMARY FOR FEBRUARY 3 2018...
VALID AS OF 0700 PM LOCAL TIME.

CLIMATE NORMAL PERIOD 1981 TO 2010
CLIMATE RECORD PERIOD 1893 TO 2018


WEATHER ITEM   OBSERVED TIME   RECORD YEAR NORMAL DEPARTURE LAST
                VALUE   (LST)  VALUE       VALUE  FROM      YEAR
                                                  NORMAL
..................................................................
TEMPERATURE (F)
 TODAY
  MAXIMUM         35    649 PM  52    1991  32      3       25
                                      1931
  MINIMUM         16   1222 AM -13    1996  18     -2       15
  AVERAGE         26                        25      1       20

PRECIPITATION (IN)
  TODAY            0.00          0.50 1901   0.07  -0.07      T
  MONTH TO DATE    0.09                      0.19  -0.10     0.01
  SINCE DEC 1      3.38                      5.09  -1.71     5.34
  SINCE JAN 1      2.02                      2.48  -0.46     3.35

SNOWFALL (IN)
  TODAY            0.0           5.1  1949   0.7   -0.7       T
  MONTH TO DATE    3.3                       2.0    1.3      0.2
  SINCE DEC 1     57.7                      39.9   17.8     33.0
  SINCE JUL 1     57.7                      45.1   12.6     33.5
  SNOW DEPTH       1

DEGREE DAYS
 HEATING
  TODAY           39                        40     -1       45
  MONTH TO DATE  136                       120     16      122
  SINCE DEC 1   2628                      2499    129     2429
  SINCE JUL 1   3811                      3768     43     3330

 COOLING
  TODAY            0                         0      0        0
  MONTH TO DATE    0                         0      0        0
  SINCE DEC 1      0                         0      0        0
  SINCE JAN 1      0                         0      0        0
..................................................................


WIND (MPH)
  RESULTANT WIND SPEED  12   RESULTANT WIND DIRECTION   S (200)
  HIGHEST WIND SPEED    22   HIGHEST WIND DIRECTION     S (190)
  HIGHEST GUST SPEED    29   HIGHEST GUST DIRECTION     S (190)
  AVERAGE WIND SPEED    12.1


SKY COVER
  POSSIBLE SUNSHINE  MM
  AVERAGE SKY COVER 1.0


WEATHER CONDITIONS
 THE FOLLOWING WEATHER WAS RECORDED TODAY.
  NO SIGNIFICANT WEATHER WAS OBSERVED.


RELATIVE HUMIDITY (PERCENT)
 HIGHEST    68          1000 AM
 LOWEST     40           600 PM
 AVERAGE    54

..........................................................


THE SOUTH BEND CLIMATE NORMALS FOR TOMORROW
                         NORMAL    RECORD    YEAR
 MAXIMUM TEMPERATURE (F)   32        56      1928
 MINIMUM TEMPERATURE (F)   18       -14      1912


SUNRISE AND SUNSET
FEBRUARY  3 2018......SUNRISE   755 AM EST   SUNSET   603 PM EST
FEBRUARY  4 2018......SUNRISE   754 AM EST   SUNSET   605 PM EST


-  INDICATES NEGATIVE NUMBERS.
R  INDICATES RECORD WAS SET OR TIED.
MM INDICATES DATA IS MISSING.
T  INDICATES TRACE AMOUNT.




$$
