000
CDUS43 KIWX 080021
CLISBN


CLIMATE REPORT
NATIONAL WEATHER SERVICE NORTHERN INDIANA
821 PM EDT WED JUN 7 2017


...................................

...THE SOUTH BEND CLIMATE SUMMARY FOR JUNE 7 2017...
VALID AS OF 0800 PM LOCAL TIME.

CLIMATE NORMAL PERIOD 1981 TO 2010
CLIMATE RECORD PERIOD 1893 TO 2017


WEATHER ITEM   OBSERVED TIME   RECORD YEAR NORMAL DEPARTURE LAST
                VALUE   (LST)  VALUE       VALUE  FROM      YEAR
                                                  NORMAL
..................................................................
TEMPERATURE (F)
 TODAY
  MAXIMUM         76    455 PM 100    1933  77     -1       62
  MINIMUM         49    439 AM  38    1958  56     -7       49
  AVERAGE         63                        66     -3       56

PRECIPITATION (IN)
  TODAY            0.00          3.50 1903   0.14  -0.14     0.00
  MONTH TO DATE    T                         0.93  -0.93     0.15
  SINCE JUN 1      T                         0.93  -0.93     0.15
  SINCE JAN 1     19.23                     14.65   4.58    15.26

SNOWFALL (IN)
  TODAY            0.0           0.0  2002   0.0    0.0      0.0
                                      2001
                                      2000
  MONTH TO DATE    0.0                       0.0    0.0      0.0
  SINCE JUN 1      0.0                       0.0    0.0      0.0
  SINCE JUL 1     42.2                      66.6  -24.4     70.2
  SNOW DEPTH       0

DEGREE DAYS
 HEATING
  TODAY            2                         2      0        9
  MONTH TO DATE   12                        19     -7        9
  SINCE JUN 1     12                        19     -7        9
  SINCE JUL 1   5514                      6273   -759     5614

 COOLING
  TODAY            0                         4     -4        0
  MONTH TO DATE   16                        23     -7       23
  SINCE JUN 1     16                        23     -7       23
  SINCE JAN 1     56                        79    -23       92
..................................................................


WIND (MPH)
  RESULTANT WIND SPEED  10   RESULTANT WIND DIRECTION  NE (30)
  HIGHEST WIND SPEED    22   HIGHEST WIND DIRECTION    NE (30)
  HIGHEST GUST SPEED    28   HIGHEST GUST DIRECTION     N (20)
  AVERAGE WIND SPEED    11.1


SKY COVER
  POSSIBLE SUNSHINE  MM
  AVERAGE SKY COVER 0.1


WEATHER CONDITIONS
 THE FOLLOWING WEATHER WAS RECORDED TODAY.
  NO SIGNIFICANT WEATHER WAS OBSERVED.


RELATIVE HUMIDITY (PERCENT)
 HIGHEST    89           600 AM
 LOWEST     33           500 PM
 AVERAGE    61

..........................................................


THE SOUTH BEND CLIMATE NORMALS FOR TOMORROW
                         NORMAL    RECORD    YEAR
 MAXIMUM TEMPERATURE (F)   77        99      1933
 MINIMUM TEMPERATURE (F)   57        37      1897


SUNRISE AND SUNSET
JUNE  7 2017..........SUNRISE   611 AM EDT   SUNSET   918 PM EDT
JUNE  8 2017..........SUNRISE   611 AM EDT   SUNSET   918 PM EDT


-  INDICATES NEGATIVE NUMBERS.
R  INDICATES RECORD WAS SET OR TIED.
MM INDICATES DATA IS MISSING.
T  INDICATES TRACE AMOUNT.




$$
