000
CDUS43 KIWX 112024
CLISBN


CLIMATE REPORT
NATIONAL WEATHER SERVICE NORTHERN INDIANA
424 PM EDT WED MAY 11 2016


...................................

...THE SOUTH BEND CLIMATE SUMMARY FOR MAY 11 2016...
VALID TODAY AS OF 0400 PM LOCAL TIME.

CLIMATE NORMAL PERIOD 1981 TO 2010
CLIMATE RECORD PERIOD 1893 TO 2016


WEATHER ITEM   OBSERVED TIME   RECORD YEAR NORMAL DEPARTURE LAST
                VALUE   (LST)  VALUE       VALUE  FROM      YEAR
                                                  NORMAL
..................................................................
TEMPERATURE (F)
 TODAY
  MAXIMUM         66    210 PM  88    1896  69     -3       70
  MINIMUM         53    728 AM  26    1907  47      6       54
  AVERAGE         60                        58      2       62

PRECIPITATION (IN)
  TODAY            0.00          1.50 1966   0.12  -0.12     0.19
  MONTH TO DATE    1.76                      1.29   0.47     2.80
  SINCE MAR 1     10.60                      6.94   3.66     5.98
  SINCE JAN 1     14.38                     11.18   3.20     9.88

DEGREE DAYS
 HEATING
  TODAY            5                         8     -3        3
  MONTH TO DATE  142                       106     36       27
  SINCE MAR 1   1356                      1448    -92     1402
  SINCE JUL 1   5486                      6137   -651     6499

 COOLING
  TODAY            0                         1     -1        0
  MONTH TO DATE    0                         9     -9       26
  SINCE MAR 1      4                        19    -15       28
  SINCE JAN 1      4                        19    -15       28
..................................................................


WIND (MPH)
  HIGHEST WIND SPEED    13   HIGHEST WIND DIRECTION     S (160)
  HIGHEST GUST SPEED    15   HIGHEST GUST DIRECTION    SE (140)
  AVERAGE WIND SPEED     6.7


SKY COVER
  POSSIBLE SUNSHINE  MM
  AVERAGE SKY COVER 1.0


WEATHER CONDITIONS
 THE FOLLOWING WEATHER WAS RECORDED TODAY.
  FOG
  FOG W/VISIBILITY <= 1/4 MILE


RELATIVE HUMIDITY (PERCENT)
 HIGHEST   100          1200 AM
 LOWEST     78           200 PM
 AVERAGE    89

..........................................................


THE SOUTH BEND CLIMATE NORMALS FOR TOMORROW
                         NORMAL    RECORD    YEAR
 MAXIMUM TEMPERATURE (F)   69        88      1985
 MINIMUM TEMPERATURE (F)   47        29      1928
                                             1907


SUNRISE AND SUNSET
MAY 11 2016...........SUNRISE   629 AM EDT   SUNSET   855 PM EDT
MAY 12 2016...........SUNRISE   628 AM EDT   SUNSET   856 PM EDT


-  INDICATES NEGATIVE NUMBERS.
R  INDICATES RECORD WAS SET OR TIED.
MM INDICATES DATA IS MISSING.
T  INDICATES TRACE AMOUNT.




$$
