000
CDUS43 KIWX 202029
CLISBN


CLIMATE REPORT
NATIONAL WEATHER SERVICE NORTHERN INDIANA
429 PM EDT WED APR 20 2016


...................................

...THE SOUTH BEND CLIMATE SUMMARY FOR APRIL 20 2016...
VALID TODAY AS OF 0400 PM LOCAL TIME.

CLIMATE NORMAL PERIOD 1981 TO 2010
CLIMATE RECORD PERIOD 1893 TO 2016


WEATHER ITEM   OBSERVED TIME   RECORD YEAR NORMAL DEPARTURE LAST
                VALUE   (LST)  VALUE       VALUE  FROM      YEAR
                                                  NORMAL
..................................................................
TEMPERATURE (F)
 TODAY
  MAXIMUM         73    208 PM  83    1987  61     12       57
  MINIMUM         51    642 AM  15    1897  40     11       44
  AVERAGE         62                        51     11       51

PRECIPITATION (IN)
  TODAY            0.00          1.58 1966   0.11  -0.11      T
  MONTH TO DATE    2.23                      2.12   0.11     2.03
  SINCE MAR 1      6.40                      4.54   1.86     2.81
  SINCE JAN 1     10.18                      8.78   1.40     6.71

SNOWFALL (IN)
  TODAY            0.0           0.9  1953   0.1   -0.1      0.0
  MONTH TO DATE    4.1                       1.3    2.8      0.0
  SINCE MAR 1     10.9                       8.4    2.5      6.1
  SINCE JUL 1     70.2                      66.5    3.7     83.9

DEGREE DAYS
 HEATING
  TODAY            3                        15    -12       14
  MONTH TO DATE  402                       361     41      230
  SINCE MAR 1   1092                      1216   -124     1172
  SINCE JUL 1   5222                      5905   -683     6269

 COOLING
  TODAY            0                         0      0        0
  MONTH TO DATE    0                         0      0        2
  SINCE MAR 1      0                         1     -1        2
  SINCE JAN 1      0                         1     -1        2
..................................................................


WIND (MPH)
  HIGHEST WIND SPEED    24   HIGHEST WIND DIRECTION    SE (120)
  HIGHEST GUST SPEED    31   HIGHEST GUST DIRECTION     E (110)
  AVERAGE WIND SPEED    16.6


SKY COVER
  POSSIBLE SUNSHINE  MM
  AVERAGE SKY COVER 0.1


WEATHER CONDITIONS
 THE FOLLOWING WEATHER WAS RECORDED TODAY.
  NO SIGNIFICANT WEATHER WAS OBSERVED.


RELATIVE HUMIDITY (PERCENT)
 HIGHEST    68           400 AM
 LOWEST     29           200 PM
 AVERAGE    49

..........................................................


THE SOUTH BEND CLIMATE NORMALS FOR TOMORROW
                         NORMAL    RECORD    YEAR
 MAXIMUM TEMPERATURE (F)   62        84      1985
 MINIMUM TEMPERATURE (F)   41        22      1904


SUNRISE AND SUNSET
APRIL 20 2016.........SUNRISE   657 AM EDT   SUNSET   832 PM EDT
APRIL 21 2016.........SUNRISE   655 AM EDT   SUNSET   833 PM EDT


-  INDICATES NEGATIVE NUMBERS.
R  INDICATES RECORD WAS SET OR TIED.
MM INDICATES DATA IS MISSING.
T  INDICATES TRACE AMOUNT.




$$
