000
CDUS43 KIWX 310526
CLISBN


CLIMATE REPORT
NATIONAL WEATHER SERVICE NORTHERN INDIANA
125 AM EDT MON MAR 31 2014


...................................

...THE SOUTH BEND CLIMATE SUMMARY FOR MARCH 30 2014...

CLIMATE NORMAL PERIOD 1981 TO 2010
CLIMATE RECORD PERIOD 1893 TO 2014


WEATHER ITEM   OBSERVED TIME   RECORD YEAR NORMAL DEPARTURE LAST
                VALUE   (LST)  VALUE       VALUE  FROM      YEAR
                                                  NORMAL
..................................................................
TEMPERATURE (F)
 YESTERDAY
  MAXIMUM         55    603 PM  77    1998  53      2       57
                                      1967
                                      1943
  MINIMUM         20    620 AM  11    1954  33    -13       23
  AVERAGE         38                        43     -5       40

PRECIPITATION (IN)
  YESTERDAY        0.00          0.83 1949   0.08  -0.08      T
  MONTH TO DATE    1.69                      2.33  -0.64     1.26
  SINCE MAR 1      1.69                      2.33  -0.64     1.26
  SINCE JAN 1      7.63                      6.57   1.06     8.75

DEGREE DAYS
 HEATING
  YESTERDAY       27                        22      5       25
  MONTH TO DATE 1063                       833    230      997
  SINCE MAR 1   1063                       833    230      997
  SINCE JUL 1   6246                      5522    724     5394

 COOLING
  YESTERDAY        0                         0      0        0
  MONTH TO DATE    0                         0      0        0
  SINCE MAR 1      0                         0      0        0
  SINCE JAN 1      0                         0      0        0
..................................................................


WIND (MPH)
  HIGHEST WIND SPEED    13   HIGHEST WIND DIRECTION    SW (230)
  HIGHEST GUST SPEED    16   HIGHEST GUST DIRECTION     S (190)
  AVERAGE WIND SPEED     3.7


SKY COVER
  AVERAGE SKY COVER 0.1


WEATHER CONDITIONS
 THE FOLLOWING WEATHER WAS RECORDED YESTERDAY.
  FOG
  FOG W/VISIBILITY <= 1/4 MILE
  HAZE


RELATIVE HUMIDITY (PERCENT)
 HIGHEST    92           500 AM
 LOWEST     32           500 PM
 AVERAGE    62

..........................................................


THE SOUTH BEND CLIMATE NORMALS FOR TODAY
                         NORMAL    RECORD    YEAR
 MAXIMUM TEMPERATURE (F)   53        85      1981
 MINIMUM TEMPERATURE (F)   33         5      1923


SUNRISE AND SUNSET
MARCH 31 2014.........SUNRISE   730 AM EDT   SUNSET   810 PM EDT
APRIL  1 2014.........SUNRISE   728 AM EDT   SUNSET   811 PM EDT


-  INDICATES NEGATIVE NUMBERS.
R  INDICATES RECORD WAS SET OR TIED.
MM INDICATES DATA IS MISSING.
T  INDICATES TRACE AMOUNT.




$$
