000
CDUS43 KIWX 260523
CLISBN


CLIMATE REPORT
NATIONAL WEATHER SERVICE NORTHERN INDIANA
123 AM EDT SUN JUL 26 2015


...................................

...THE SOUTH BEND CLIMATE SUMMARY FOR JULY 25 2015...

CLIMATE NORMAL PERIOD 1981 TO 2010
CLIMATE RECORD PERIOD 1893 TO 2015


WEATHER ITEM   OBSERVED TIME   RECORD YEAR NORMAL DEPARTURE LAST
                VALUE   (LST)  VALUE       VALUE  FROM      YEAR
                                                  NORMAL
..................................................................
TEMPERATURE (F)
 YESTERDAY
  MAXIMUM         88    402 PM 105    1934  83      5       76
  MINIMUM         68    335 AM  48    1911  63      5       52
  AVERAGE         78                        73      5       64

PRECIPITATION (IN)
  YESTERDAY        0.00          2.15 2007   0.13  -0.13      T
  MONTH TO DATE    4.79                      3.21   1.58     1.75
  SINCE JUN 1      8.86                      7.00   1.86    10.89
  SINCE JAN 1     21.95                     20.72   1.23    25.97

SNOWFALL (IN)
  YESTERDAY        0.0           0.0  2002   0.0    0.0      0.0
                                      2001
  MONTH TO DATE    0.0                       0.0    0.0      0.0
  SINCE JUN 1      0.0                       0.0    0.0      0.0
  SINCE JUL 1      0.0                       0.0    0.0      0.0
  SNOW DEPTH       0

DEGREE DAYS
 HEATING
  YESTERDAY        0                         0      0        1
  MONTH TO DATE   10                         0     10       10
  SINCE JUN 1     29                        44    -15       27
  SINCE JUL 1     10                         0     10       10

 COOLING
  YESTERDAY       13                         8      5        0
  MONTH TO DATE  143                       200    -57      115
  SINCE JUN 1    300                       365    -65      331
  SINCE JAN 1    386                       421    -35      416
..................................................................


WIND (MPH)
  HIGHEST WIND SPEED    15   HIGHEST WIND DIRECTION    SW (230)
  HIGHEST GUST SPEED    19   HIGHEST GUST DIRECTION    SW (230)
  AVERAGE WIND SPEED     6.2


SKY COVER
  AVERAGE SKY COVER 0.5


WEATHER CONDITIONS
 THE FOLLOWING WEATHER WAS RECORDED YESTERDAY.
  NO SIGNIFICANT WEATHER WAS OBSERVED.


RELATIVE HUMIDITY (PERCENT)
 HIGHEST    84           200 AM
 LOWEST     59           400 PM
 AVERAGE    72

..........................................................


THE SOUTH BEND CLIMATE NORMALS FOR TODAY
                         NORMAL    RECORD    YEAR
 MAXIMUM TEMPERATURE (F)   82       102      1936
 MINIMUM TEMPERATURE (F)   63        49      1911


SUNRISE AND SUNSET
JULY 26 2015..........SUNRISE   633 AM EDT   SUNSET   910 PM EDT
JULY 27 2015..........SUNRISE   634 AM EDT   SUNSET   909 PM EDT


-  INDICATES NEGATIVE NUMBERS.
R  INDICATES RECORD WAS SET OR TIED.
MM INDICATES DATA IS MISSING.
T  INDICATES TRACE AMOUNT.




$$
