000
CDUS43 KIWX 130526
CLISBN


CLIMATE REPORT
NATIONAL WEATHER SERVICE NORTHERN INDIANA
124 AM EDT MON OCT 13 2014


...................................

...THE SOUTH BEND CLIMATE SUMMARY FOR OCTOBER 12 2014...

CLIMATE NORMAL PERIOD 1981 TO 2010
CLIMATE RECORD PERIOD 1893 TO 2014


WEATHER ITEM   OBSERVED TIME   RECORD YEAR NORMAL DEPARTURE LAST
                VALUE   (LST)  VALUE       VALUE  FROM      YEAR
                                                  NORMAL
..................................................................
TEMPERATURE (F)
 YESTERDAY
  MAXIMUM         64    257 PM  84    2008  63      1       78
  MINIMUM         37   1258 AM  16    1906  44     -7       52
  AVERAGE         51                        53     -2       65

PRECIPITATION (IN)
  YESTERDAY        0.07          3.00 1901   0.11  -0.04      T
  MONTH TO DATE    4.12                      1.33   2.79     1.15
  SINCE SEP 1      6.83                      4.86   1.97     5.27
  SINCE JAN 1     35.04                     30.13   4.91    32.19

SNOWFALL (IN)
  YESTERDAY        0.0           T    1988   0.0    0.0      0.0
  MONTH TO DATE    0.0                       0.1   -0.1      0.0
  SINCE SEP 1      0.0                       0.1   -0.1      0.0
  SINCE JUL 1      0.0                       0.1   -0.1      0.0
  SNOW DEPTH       0

DEGREE DAYS
 HEATING
  YESTERDAY       14                        12      2        0
  MONTH TO DATE  147                       122     25       42
  SINCE SEP 1    267                       238     29      133
  SINCE JUL 1    295                       256     39      162

 COOLING
  YESTERDAY        0                         0      0        0
  MONTH TO DATE    4                         8     -4       30
  SINCE SEP 1     78                        90    -12      148
  SINCE JAN 1    771                       772     -1      828
..................................................................


WIND (MPH)
  HIGHEST WIND SPEED    20   HIGHEST WIND DIRECTION    SE (120)
  HIGHEST GUST SPEED    24   HIGHEST GUST DIRECTION    SE (130)
  AVERAGE WIND SPEED     9.7


SKY COVER
  AVERAGE SKY COVER 0.1


WEATHER CONDITIONS
 THE FOLLOWING WEATHER WAS RECORDED YESTERDAY.
  HEAVY RAIN
  HAZE


RELATIVE HUMIDITY (PERCENT)
 HIGHEST    85           600 AM
 LOWEST     44          1200 PM
 AVERAGE    65

..........................................................


THE SOUTH BEND CLIMATE NORMALS FOR TODAY
                         NORMAL    RECORD    YEAR
 MAXIMUM TEMPERATURE (F)   63        86      1975
 MINIMUM TEMPERATURE (F)   43        26      1909


SUNRISE AND SUNSET
OCTOBER 13 2014.......SUNRISE   755 AM EDT   SUNSET   707 PM EDT
OCTOBER 14 2014.......SUNRISE   756 AM EDT   SUNSET   706 PM EDT


-  INDICATES NEGATIVE NUMBERS.
R  INDICATES RECORD WAS SET OR TIED.
MM INDICATES DATA IS MISSING.
T  INDICATES TRACE AMOUNT.




$$
