000
CDUS43 KIWX 192123
CLISBN


CLIMATE REPORT
NATIONAL WEATHER SERVICE NORTHERN INDIANA
422 PM EST THU FEB 19 2015


...................................

...THE SOUTH BEND CLIMATE SUMMARY FOR FEBRUARY 19 2015...
VALID TODAY AS OF 0400 PM LOCAL TIME.PRECIP AND SNOWFALL AS OF 0100 PM LOCAL TIME

CLIMATE NORMAL PERIOD 1981 TO 2010
CLIMATE RECORD PERIOD 1893 TO 2015


WEATHER ITEM   OBSERVED TIME   RECORD YEAR NORMAL DEPARTURE LAST
                VALUE   (LST)  VALUE       VALUE  FROM      YEAR
                                                  NORMAL
..................................................................
TEMPERATURE (F)
 TODAY
  MAXIMUM          6    316 PM  65    1930  36    -30       43
  MINIMUM          2    403 AM -11    1936  21    -19       30
  AVERAGE          4                        29    -25       37

PRECIPITATION (IN)
  TODAY            0.15          1.00 1908   0.08   0.07     0.01
  MONTH TO DATE    1.76                      1.26   0.50     1.17
  SINCE DEC 1      5.15                      6.16  -1.01     6.62
  SINCE JAN 1      3.68                      3.55   0.13     4.29

SNOWFALL (IN)
  TODAY            5.0          12.0  1908   0.5    4.5       T
  MONTH TO DATE   32.0                      10.9   21.1     17.8
  SINCE DEC 1     54.3                      48.8    5.5     82.9
  SINCE JUL 1     73.6                      54.0   19.6     92.1

DEGREE DAYS
 HEATING
  TODAY           61                        36     25       28
  MONTH TO DATE  897                       731    166      912
  SINCE DEC 1   3183                      3110     73     3513
  SINCE JUL 1   4625                      4379    246     4802

 COOLING
  TODAY            0                         0      0        0
  MONTH TO DATE    0                         0      0        0
  SINCE DEC 1      0                         0      0        0
  SINCE JAN 1      0                         0      0        0
..................................................................


WIND (MPH)
  HIGHEST WIND SPEED    24   HIGHEST WIND DIRECTION    NW (300)
  HIGHEST GUST SPEED    28   HIGHEST GUST DIRECTION     W (290)
  AVERAGE WIND SPEED    15.7


SKY COVER
  POSSIBLE SUNSHINE  MM
  AVERAGE SKY COVER 1.0


WEATHER CONDITIONS
 THE FOLLOWING WEATHER WAS RECORDED TODAY.
  HEAVY SNOW
  SNOW
  LIGHT SNOW
  FOG
  BLOWING SNOW


RELATIVE HUMIDITY (PERCENT)
 HIGHEST    87           400 AM
 LOWEST     76           200 PM
 AVERAGE    82

..........................................................


THE SOUTH BEND CLIMATE NORMALS FOR TOMORROW
                         NORMAL    RECORD    YEAR
 MAXIMUM TEMPERATURE (F)   37        65      1983
                                             1930
 MINIMUM TEMPERATURE (F)   22        -6      1929
                                             1903


SUNRISE AND SUNSET
FEBRUARY 19 2015......SUNRISE   735 AM EST   SUNSET   623 PM EST
FEBRUARY 20 2015......SUNRISE   734 AM EST   SUNSET   625 PM EST


-  INDICATES NEGATIVE NUMBERS.
R  INDICATES RECORD WAS SET OR TIED.
MM INDICATES DATA IS MISSING.
T  INDICATES TRACE AMOUNT.




$$
