000
CDUS43 KIWX 110529
CLISBN


CLIMATE REPORT
NATIONAL WEATHER SERVICE NORTHERN INDIANA
1229 AM EST SAT MAR 11 2017


...................................

...THE SOUTH BEND CLIMATE SUMMARY FOR MARCH 10 2017...

CLIMATE NORMAL PERIOD 1981 TO 2010
CLIMATE RECORD PERIOD 1893 TO 2017


WEATHER ITEM   OBSERVED TIME   RECORD YEAR NORMAL DEPARTURE LAST
                VALUE   (LST)  VALUE       VALUE  FROM      YEAR
                                                  NORMAL
..................................................................
TEMPERATURE (F)
 YESTERDAY
  MAXIMUM         33    303 AM  67    1902  44    -11       57
  MINIMUM         16   1159 PM   5    1944  27    -11       34
  AVERAGE         25                        35    -10       46

PRECIPITATION (IN)
  YESTERDAY        T             1.41 2009   0.07  -0.07      T
  MONTH TO DATE    0.87                      0.77   0.10     0.95
  SINCE MAR 1      0.87                      0.77   0.10     0.95
  SINCE JAN 1      7.86                      5.01   2.85     4.73

SNOWFALL (IN)
  YESTERDAY        T             5.7  1993   0.3   -0.3      0.0
  MONTH TO DATE    2.0                       3.3   -1.3      6.8
  SINCE MAR 1      2.0                       3.3   -1.3      6.8
  SINCE JUL 1     35.7                      61.4  -25.7     66.1
  SNOW DEPTH       0

DEGREE DAYS
 HEATING
  YESTERDAY       40                        30     10       19
  MONTH TO DATE  278                       315    -37      260
  SINCE MAR 1    278                       315    -37      260
  SINCE JUL 1   4255                      5004   -749     4390

 COOLING
  YESTERDAY        0                         0      0        0
  MONTH TO DATE    0                         0      0        0
  SINCE MAR 1      0                         0      0        0
  SINCE JAN 1      0                         0      0        0
..................................................................


WIND (MPH)
  HIGHEST WIND SPEED    29   HIGHEST WIND DIRECTION    NW (330)
  HIGHEST GUST SPEED    35   HIGHEST GUST DIRECTION    NW (330)
  AVERAGE WIND SPEED    14.9


SKY COVER
  AVERAGE SKY COVER 0.6


WEATHER CONDITIONS
 THE FOLLOWING WEATHER WAS RECORDED YESTERDAY.
  LIGHT SNOW
  HAZE


RELATIVE HUMIDITY (PERCENT)
 HIGHEST    74          1100 PM
 LOWEST     42          1200 PM
 AVERAGE    58

..........................................................


THE SOUTH BEND CLIMATE NORMALS FOR TODAY
                         NORMAL    RECORD    YEAR
 MAXIMUM TEMPERATURE (F)   44        78      1990
 MINIMUM TEMPERATURE (F)   27         5      1969
                                             1932


SUNRISE AND SUNSET
MARCH 11 2017.........SUNRISE   703 AM EST   SUNSET   648 PM EST
MARCH 12 2017.........SUNRISE   802 AM EDT   SUNSET   749 PM EDT


-  INDICATES NEGATIVE NUMBERS.
R  INDICATES RECORD WAS SET OR TIED.
MM INDICATES DATA IS MISSING.
T  INDICATES TRACE AMOUNT.




$$
