000
CDUS43 KIWX 232021
CLISBN


CLIMATE REPORT
NATIONAL WEATHER SERVICE NORTHERN INDIANA
420 PM EDT THU JUL 23 2015


...................................

...THE SOUTH BEND CLIMATE SUMMARY FOR JULY 23 2015...
VALID TODAY AS OF 0400 PM LOCAL TIME.

CLIMATE NORMAL PERIOD 1981 TO 2010
CLIMATE RECORD PERIOD 1893 TO 2015


WEATHER ITEM   OBSERVED TIME   RECORD YEAR NORMAL DEPARTURE LAST
                VALUE   (LST)  VALUE       VALUE  FROM      YEAR
                                                  NORMAL
..................................................................
TEMPERATURE (F)
 TODAY
  MAXIMUM         84    251 PM 106    1934  83      1       78
  MINIMUM         58    549 AM  45    1947  63     -5       58
  AVERAGE         71                        73     -2       68

PRECIPITATION (IN)
  TODAY            0.00          0.67 1959   0.14  -0.14     0.23
  MONTH TO DATE    4.79                      2.95   1.84     1.75
  SINCE JUN 1      8.86                      6.74   2.12    10.89
  SINCE JAN 1     21.95                     20.46   1.49    25.97

DEGREE DAYS
 HEATING
  TODAY            0                         0      0        0
  MONTH TO DATE   10                         0     10        9
  SINCE JUN 1     29                        44    -15       26
  SINCE JUL 1     10                         0     10        9

 COOLING
  TODAY            6                         8     -2        3
  MONTH TO DATE  121                       184    -63      114
  SINCE JUN 1    278                       349    -71      330
  SINCE JAN 1    364                       405    -41      415
..................................................................


WIND (MPH)
  HIGHEST WIND SPEED     9   HIGHEST WIND DIRECTION     W (280)
  HIGHEST GUST SPEED    13   HIGHEST GUST DIRECTION    NW (320)
  AVERAGE WIND SPEED     1.9


SKY COVER
  POSSIBLE SUNSHINE  MM
  AVERAGE SKY COVER 0.1


WEATHER CONDITIONS
 THE FOLLOWING WEATHER WAS RECORDED TODAY.
  NO SIGNIFICANT WEATHER WAS OBSERVED.


RELATIVE HUMIDITY (PERCENT)
 HIGHEST    90           300 AM
 LOWEST     42          1100 AM
 AVERAGE    66

..........................................................


THE SOUTH BEND CLIMATE NORMALS FOR TOMORROW
                         NORMAL    RECORD    YEAR
 MAXIMUM TEMPERATURE (F)   83       109      1934
 MINIMUM TEMPERATURE (F)   63        50      2013
                                             1953
                                             1932


SUNRISE AND SUNSET
JULY 23 2015..........SUNRISE   631 AM EDT   SUNSET   912 PM EDT
JULY 24 2015..........SUNRISE   632 AM EDT   SUNSET   911 PM EDT


-  INDICATES NEGATIVE NUMBERS.
R  INDICATES RECORD WAS SET OR TIED.
MM INDICATES DATA IS MISSING.
T  INDICATES TRACE AMOUNT.




$$
