000
CDUS43 KIWX 180022
CLISBN


CLIMATE REPORT
NATIONAL WEATHER SERVICE NORTHERN INDIANA
822 PM EDT TUE MAR 17 2015


...................................

...THE SOUTH BEND CLIMATE SUMMARY FOR MARCH 17 2015...
VALID AS OF 0800 PM LOCAL TIME.

CLIMATE NORMAL PERIOD 1981 TO 2010
CLIMATE RECORD PERIOD 1893 TO 2015


WEATHER ITEM   OBSERVED TIME   RECORD YEAR NORMAL DEPARTURE LAST
                VALUE   (LST)  VALUE       VALUE  FROM      YEAR
                                                  NORMAL
..................................................................
TEMPERATURE (F)
 TODAY
  MAXIMUM         48   1203 AM  78    2012  47      1       36
  MINIMUM         33    658 PM  -3    1900  29      4       12
  AVERAGE         41                        38      3       24

PRECIPITATION (IN)
  TODAY            0.00          0.91 1965   0.07  -0.07     0.00
  MONTH TO DATE    0.13                      1.28  -1.15     0.92
  SINCE MAR 1      0.13                      1.28  -1.15     0.92
  SINCE JAN 1      4.03                      5.52  -1.49     6.86

SNOWFALL (IN)
  TODAY            0.0           5.5  1959   0.2   -0.2      0.0
  MONTH TO DATE    1.4                       5.0   -3.6      9.7
  SINCE MAR 1      1.4                       5.0   -3.6      9.7
  SINCE JUL 1     79.2                      63.1   16.1    103.7
  SNOW DEPTH       0

DEGREE DAYS
 HEATING
  TODAY           24                        27     -3       41
  MONTH TO DATE  524                       513     11      666
  SINCE MAR 1    524                       513     11      666
  SINCE JUL 1   5621                      5202    419     5849

 COOLING
  TODAY            0                         0      0        0
  MONTH TO DATE    0                         0      0        0
  SINCE MAR 1      0                         0      0        0
  SINCE JAN 1      0                         0      0        0
..................................................................


WIND (MPH)
  RESULTANT WIND SPEED  19   RESULTANT WIND DIRECTION   N (350)
  HIGHEST WIND SPEED    35   HIGHEST WIND DIRECTION     N (350)
  HIGHEST GUST SPEED    41   HIGHEST GUST DIRECTION     N (350)
  AVERAGE WIND SPEED    19.6


SKY COVER
  POSSIBLE SUNSHINE  MM
  AVERAGE SKY COVER 0.0


WEATHER CONDITIONS
 THE FOLLOWING WEATHER WAS RECORDED TODAY.
  NO SIGNIFICANT WEATHER WAS OBSERVED.


RELATIVE HUMIDITY (PERCENT)
 HIGHEST    82           500 AM
 LOWEST     29           600 PM
 AVERAGE    56

..........................................................


THE SOUTH BEND CLIMATE NORMALS FOR TOMORROW
                         NORMAL    RECORD    YEAR
 MAXIMUM TEMPERATURE (F)   47        77      2012
 MINIMUM TEMPERATURE (F)   29         7      1906


SUNRISE AND SUNSET
MARCH 17 2015.........SUNRISE   754 AM EDT   SUNSET   754 PM EDT
MARCH 18 2015.........SUNRISE   752 AM EDT   SUNSET   755 PM EDT


-  INDICATES NEGATIVE NUMBERS.
R  INDICATES RECORD WAS SET OR TIED.
MM INDICATES DATA IS MISSING.
T  INDICATES TRACE AMOUNT.




$$
