187
CDUS43 KIWX 130521
CLISBN


CLIMATE REPORT
NATIONAL WEATHER SERVICE NORTHERN INDIANA
121 AM EDT FRI OCT 13 2017


...................................

...THE SOUTH BEND CLIMATE SUMMARY FOR OCTOBER 12 2017...

CLIMATE NORMAL PERIOD 1981 TO 2010
CLIMATE RECORD PERIOD 1893 TO 2017


WEATHER ITEM   OBSERVED TIME   RECORD YEAR NORMAL DEPARTURE LAST
                VALUE   (LST)  VALUE       VALUE  FROM      YEAR
                                                  NORMAL
..................................................................
TEMPERATURE (F)
 YESTERDAY
  MAXIMUM         58    452 PM  84    2008  63     -5       72
  MINIMUM         51    826 AM  16    1906  44      7       50
  AVERAGE         55                        53      2       61

PRECIPITATION (IN)
  YESTERDAY        0.00          3.00 1901   0.11  -0.11     0.68
  MONTH TO DATE    2.66                      1.33   1.33     1.69
  SINCE SEP 1      4.70                      4.86  -0.16     5.43
  SINCE JAN 1     32.29                     30.13   2.16    39.84

SNOWFALL (IN)
  YESTERDAY        0.0           T    1988   0.0    0.0      0.0
  MONTH TO DATE    0.0                       0.1   -0.1      0.0
  SINCE SEP 1      0.0                       0.1   -0.1      0.0
  SINCE JUL 1      0.0                       0.1   -0.1      0.0
  SNOW DEPTH       0

DEGREE DAYS
 HEATING
  YESTERDAY       10                        12     -2        4
  MONTH TO DATE   30                       122    -92       61
  SINCE SEP 1    121                       238   -117       91
  SINCE JUL 1    142                       256   -114       99

 COOLING
  YESTERDAY        0                         0      0        0
  MONTH TO DATE   21                         8     13       10
  SINCE SEP 1    139                        90     49      133
  SINCE JAN 1    691                       772    -81      942
..................................................................


WIND (MPH)
  HIGHEST WIND SPEED    10   HIGHEST WIND DIRECTION    SE (150)
  HIGHEST GUST SPEED    15   HIGHEST GUST DIRECTION     E (100)
  AVERAGE WIND SPEED     6.0


SKY COVER
  AVERAGE SKY COVER 1.0


WEATHER CONDITIONS
 THE FOLLOWING WEATHER WAS RECORDED YESTERDAY.
  FOG


RELATIVE HUMIDITY (PERCENT)
 HIGHEST   100           300 AM
 LOWEST     86          1200 PM
 AVERAGE    93

..........................................................


THE SOUTH BEND CLIMATE NORMALS FOR TODAY
                         NORMAL    RECORD    YEAR
 MAXIMUM TEMPERATURE (F)   63        86      1975
 MINIMUM TEMPERATURE (F)   43        26      1909


SUNRISE AND SUNSET
OCTOBER 13 2017.......SUNRISE   755 AM EDT   SUNSET   707 PM EDT
OCTOBER 14 2017.......SUNRISE   757 AM EDT   SUNSET   705 PM EDT


-  INDICATES NEGATIVE NUMBERS.
R  INDICATES RECORD WAS SET OR TIED.
MM INDICATES DATA IS MISSING.
T  INDICATES TRACE AMOUNT.




$$
