000
CDUS43 KIWX 120533
CLISBN


CLIMATE REPORT
NATIONAL WEATHER SERVICE NORTHERN INDIANA
132 AM EDT TUE AUG 12 2014


...................................

...THE SOUTH BEND CLIMATE SUMMARY FOR AUGUST 11 2014...

CLIMATE NORMAL PERIOD 1981 TO 2010
CLIMATE RECORD PERIOD 1893 TO 2014


WEATHER ITEM   OBSERVED TIME   RECORD YEAR NORMAL DEPARTURE LAST
                VALUE   (LST)  VALUE       VALUE  FROM      YEAR
                                                  NORMAL
..................................................................
TEMPERATURE (F)
 YESTERDAY
  MAXIMUM         81    430 PM  99    1941  81      0       79
  MINIMUM         68   1046 AM  47    1968  62      6       57
                                      1967
                                      1946
  AVERAGE         75                        72      3       68

PRECIPITATION (IN)
  YESTERDAY        0.11          1.13 1980   0.12  -0.01      T
  MONTH TO DATE    0.62                      1.36  -0.74     2.58
  SINCE JUN 1     11.55                      9.15   2.40     9.17
  SINCE JAN 1     26.63                     22.87   3.76    26.47

DEGREE DAYS
 HEATING
  YESTERDAY        0                         0      0        0
  MONTH TO DATE    0                         0      0        1
  SINCE JUN 1     35                        49    -14       52
  SINCE JUL 1     18                         5     13       15

 COOLING
  YESTERDAY       10                         7      3        3
  MONTH TO DATE   83                        79      4       48
  SINCE JUN 1    439                       497    -58      442
  SINCE JAN 1    524                       553    -29      538
..................................................................


WIND (MPH)
  HIGHEST WIND SPEED    13   HIGHEST WIND DIRECTION     W (280)
  HIGHEST GUST SPEED    17   HIGHEST GUST DIRECTION     N (360)
  AVERAGE WIND SPEED     6.0


SKY COVER
  AVERAGE SKY COVER 0.8


WEATHER CONDITIONS
 THE FOLLOWING WEATHER WAS RECORDED YESTERDAY.
  THUNDERSTORM
  RAIN
  LIGHT RAIN
  FOG


RELATIVE HUMIDITY (PERCENT)
 HIGHEST    87          1000 AM
 LOWEST     58          1200 AM
 AVERAGE    73

..........................................................


THE SOUTH BEND CLIMATE NORMALS FOR TODAY
                         NORMAL    RECORD    YEAR
 MAXIMUM TEMPERATURE (F)   81       101      1918
 MINIMUM TEMPERATURE (F)   62        42      1930


SUNRISE AND SUNSET
AUGUST 12 2014........SUNRISE   651 AM EDT   SUNSET   849 PM EDT
AUGUST 13 2014........SUNRISE   652 AM EDT   SUNSET   848 PM EDT


-  INDICATES NEGATIVE NUMBERS.
R  INDICATES RECORD WAS SET OR TIED.
MM INDICATES DATA IS MISSING.
T  INDICATES TRACE AMOUNT.




$$
