000
CDUS43 KIWX 122022
CLISBN


CLIMATE REPORT
NATIONAL WEATHER SERVICE NORTHERN INDIANA
422 PM EDT FRI AUG 12 2016


...................................

...THE SOUTH BEND CLIMATE SUMMARY FOR AUGUST 12 2016...
VALID TODAY AS OF 0400 PM LOCAL TIME.

CLIMATE NORMAL PERIOD 1981 TO 2010
CLIMATE RECORD PERIOD 1893 TO 2016


WEATHER ITEM   OBSERVED TIME   RECORD YEAR NORMAL DEPARTURE LAST
                VALUE   (LST)  VALUE       VALUE  FROM      YEAR
                                                  NORMAL
..................................................................
TEMPERATURE (F)
 TODAY
  MAXIMUM         90    128 PM 101    1918  81      9       78
  MINIMUM         76    650 AM  42    1930  62     14       58
  AVERAGE         83                        72     11       68

PRECIPITATION (IN)
  TODAY            T             2.05 1956   0.13  -0.13     0.00
  MONTH TO DATE    T                         1.49  -1.49     0.54
  SINCE JUN 1      6.49                      9.28  -2.79     9.40
  SINCE JAN 1     21.60                     23.00  -1.40    22.49

DEGREE DAYS
 HEATING
  TODAY            0                         0      0        0
  MONTH TO DATE    0                         0      0        0
  SINCE JUN 1     43                        49     -6       29
  SINCE JUL 1      8                         5      3       10

 COOLING
  TODAY           18                         7     11        3
  MONTH TO DATE  142                        86     56       92
  SINCE JUN 1    588                       504     84      457
  SINCE JAN 1    657                       560     97      543
..................................................................


WIND (MPH)
  HIGHEST WIND SPEED    20   HIGHEST WIND DIRECTION    SW (240)
  HIGHEST GUST SPEED    24   HIGHEST GUST DIRECTION     S (190)
  AVERAGE WIND SPEED    11.7


SKY COVER
  POSSIBLE SUNSHINE  MM
  AVERAGE SKY COVER 0.5


WEATHER CONDITIONS
 THE FOLLOWING WEATHER WAS RECORDED TODAY.
  LIGHT RAIN


RELATIVE HUMIDITY (PERCENT)
 HIGHEST    88           400 AM
 LOWEST     59           100 PM
 AVERAGE    74

..........................................................


THE SOUTH BEND CLIMATE NORMALS FOR TOMORROW
                         NORMAL    RECORD    YEAR
 MAXIMUM TEMPERATURE (F)   81       100      1936
 MINIMUM TEMPERATURE (F)   62        47      1941


SUNRISE AND SUNSET
AUGUST 12 2016........SUNRISE   651 AM EDT   SUNSET   849 PM EDT
AUGUST 13 2016........SUNRISE   652 AM EDT   SUNSET   847 PM EDT


-  INDICATES NEGATIVE NUMBERS.
R  INDICATES RECORD WAS SET OR TIED.
MM INDICATES DATA IS MISSING.
T  INDICATES TRACE AMOUNT.




$$
