000
CDUS43 KIWX 180025
CLISBN


CLIMATE REPORT
NATIONAL WEATHER SERVICE NORTHERN INDIANA
725 PM EST WED JAN 17 2018


...................................

...THE SOUTH BEND CLIMATE SUMMARY FOR JANUARY 17 2018...
VALID AS OF 0700 PM LOCAL TIME.

CLIMATE NORMAL PERIOD 1981 TO 2010
CLIMATE RECORD PERIOD 1893 TO 2018


WEATHER ITEM   OBSERVED TIME   RECORD YEAR NORMAL DEPARTURE LAST
                VALUE   (LST)  VALUE       VALUE  FROM      YEAR
                                                  NORMAL
..................................................................
TEMPERATURE (F)
 TODAY
  MAXIMUM         18    330 PM  64    1952  31    -13       50
  MINIMUM          5    920 AM -16    1977  17    -12       34
  AVERAGE         12                        24    -12       42

PRECIPITATION (IN)
  TODAY            0.01          0.67 1988   0.07  -0.06     0.29
  MONTH TO DATE    1.27                      1.36  -0.09     2.34
  SINCE DEC 1      2.63                      3.97  -1.34     4.33
  SINCE JAN 1      1.27                      1.36  -0.09     2.34

SNOWFALL (IN)
  TODAY            0.3           5.5  2012   0.6   -0.3      0.0
  MONTH TO DATE   19.5                      11.0    8.5      3.8
  SINCE DEC 1     51.9                      28.3   23.6     27.5
  SINCE JUL 1     51.9                      33.5   18.4     28.0
  SNOW DEPTH       4

DEGREE DAYS
 HEATING
  TODAY           53                        41     12       23
  MONTH TO DATE  828                       689    139      662
  SINCE DEC 1   2049                      1811    238     1883
  SINCE JUL 1   3232                      3080    152     2784

 COOLING
  TODAY            0                         0      0        0
  MONTH TO DATE    0                         0      0        0
  SINCE DEC 1      0                         0      0        0
  SINCE JAN 1      0                         0      0        0
..................................................................


WIND (MPH)
  RESULTANT WIND SPEED   8   RESULTANT WIND DIRECTION  SW (230)
  HIGHEST WIND SPEED    17   HIGHEST WIND DIRECTION    SW (230)
  HIGHEST GUST SPEED    21   HIGHEST GUST DIRECTION    SW (220)
  AVERAGE WIND SPEED     8.1


SKY COVER
  POSSIBLE SUNSHINE  MM
  AVERAGE SKY COVER 0.4


WEATHER CONDITIONS
 THE FOLLOWING WEATHER WAS RECORDED TODAY.
  LIGHT SNOW
  FOG


RELATIVE HUMIDITY (PERCENT)
 HIGHEST    96           900 AM
 LOWEST     67           100 PM
 AVERAGE    82

..........................................................


THE SOUTH BEND CLIMATE NORMALS FOR TOMORROW
                         NORMAL    RECORD    YEAR
 MAXIMUM TEMPERATURE (F)   31        62      1996
 MINIMUM TEMPERATURE (F)   17       -20      1930


SUNRISE AND SUNSET
JANUARY 17 2018.......SUNRISE   809 AM EST   SUNSET   542 PM EST
JANUARY 18 2018.......SUNRISE   808 AM EST   SUNSET   543 PM EST


-  INDICATES NEGATIVE NUMBERS.
R  INDICATES RECORD WAS SET OR TIED.
MM INDICATES DATA IS MISSING.
T  INDICATES TRACE AMOUNT.




$$
