000
CDUS43 KIWX 160526
CLISBN


CLIMATE REPORT
NATIONAL WEATHER SERVICE NORTHERN INDIANA
125 AM EDT WED AUG 16 2017


...................................

...THE SOUTH BEND CLIMATE SUMMARY FOR AUGUST 15 2017...

CLIMATE NORMAL PERIOD 1981 TO 2010
CLIMATE RECORD PERIOD 1893 TO 2017


WEATHER ITEM   OBSERVED TIME   RECORD YEAR NORMAL DEPARTURE LAST
                VALUE   (LST)  VALUE       VALUE  FROM      YEAR
                                                  NORMAL
..................................................................
TEMPERATURE (F)
 YESTERDAY
  MAXIMUM         85    205 PM  94    1944  81      4       75
  MINIMUM         64    637 AM  44    1964  62      2       65
  AVERAGE         75                        72      3       70

PRECIPITATION (IN)
  YESTERDAY        0.00          7.69 2016   0.13  -0.13     7.69
  MONTH TO DATE    1.27                      1.86  -0.59     9.87
  SINCE JUN 1      7.44                      9.65  -2.21    16.36
  SINCE JAN 1     26.67                     23.37   3.30    31.47

DEGREE DAYS
 HEATING
  YESTERDAY        0                         0      0        0
  MONTH TO DATE    6                         0      6        0
  SINCE JUN 1     32                        49    -17       43
  SINCE JUL 1      7                         5      2        8

 COOLING
  YESTERDAY       10                         7      3        5
  MONTH TO DATE   53                       107    -54      166
  SINCE JUN 1    446                       525    -79      612
  SINCE JAN 1    486                       581    -95      681
..................................................................


WIND (MPH)
  HIGHEST WIND SPEED    15   HIGHEST WIND DIRECTION    NW (330)
  HIGHEST GUST SPEED    18   HIGHEST GUST DIRECTION    NW (310)
  AVERAGE WIND SPEED     5.7


SKY COVER
  AVERAGE SKY COVER 0.2


WEATHER CONDITIONS
 THE FOLLOWING WEATHER WAS RECORDED YESTERDAY.
  NO SIGNIFICANT WEATHER WAS OBSERVED.


RELATIVE HUMIDITY (PERCENT)
 HIGHEST   100           600 AM
 LOWEST     55           300 PM
 AVERAGE    78

..........................................................


THE SOUTH BEND CLIMATE NORMALS FOR TODAY
                         NORMAL    RECORD    YEAR
 MAXIMUM TEMPERATURE (F)   81        98      1988
 MINIMUM TEMPERATURE (F)   62        44      1929


SUNRISE AND SUNSET
AUGUST 16 2017........SUNRISE   655 AM EDT   SUNSET   843 PM EDT
AUGUST 17 2017........SUNRISE   656 AM EDT   SUNSET   842 PM EDT


-  INDICATES NEGATIVE NUMBERS.
R  INDICATES RECORD WAS SET OR TIED.
MM INDICATES DATA IS MISSING.
T  INDICATES TRACE AMOUNT.




$$
