000
CDUS43 KIWX 270952
CLISBN


CLIMATE REPORT
NATIONAL WEATHER SERVICE NORTHERN INDIANA
551 AM EDT THU APR 27 2017


...................................

...THE SOUTH BEND CLIMATE SUMMARY FOR APRIL 26 2017...

CLIMATE NORMAL PERIOD 1981 TO 2010
CLIMATE RECORD PERIOD 1893 TO 2017


WEATHER ITEM   OBSERVED TIME   RECORD YEAR NORMAL DEPARTURE LAST
                VALUE   (LST)  VALUE       VALUE  FROM      YEAR
                                                  NORMAL
..................................................................
TEMPERATURE (F)
 YESTERDAY
  MAXIMUM         82    228 PM  88    1915  64     18       66
  MINIMUM         61   1159 PM  25    1997  42     19       42
                                      1930
                                      1928
  AVERAGE         72                        53     19       54

PRECIPITATION (IN)
  YESTERDAY        0.21          1.25 2011   0.11   0.10     0.25
  MONTH TO DATE    2.23                      2.77  -0.54     3.96
  SINCE MAR 1      6.46                      5.19   1.27     8.13
  SINCE JAN 1     13.45                      9.43   4.02    11.91

SNOWFALL (IN)
  YESTERDAY        0.0           0.1  1996   0.0    0.0      0.0
  MONTH TO DATE    0.6                       1.4   -0.8      4.1
  SINCE MAR 1      8.5                       8.5    0.0     10.9
  SINCE JUL 1     42.2                      66.6  -24.4     70.2
  SNOW DEPTH       0

DEGREE DAYS
 HEATING
  YESTERDAY        0                        13    -13       11
  MONTH TO DATE  340                       442   -102      456
  SINCE MAR 1   1202                      1297    -95     1146
  SINCE JUL 1   5179                      5986   -807     5276

 COOLING
  YESTERDAY        7                         0      7        0
  MONTH TO DATE   11                         0     11        4
  SINCE MAR 1     11                         1     10        4
  SINCE JAN 1     11                         1     10        4
..................................................................


WIND (MPH)
  HIGHEST WIND SPEED    29   HIGHEST WIND DIRECTION    SW (240)
  HIGHEST GUST SPEED    37   HIGHEST GUST DIRECTION    SW (240)
  AVERAGE WIND SPEED    12.6


SKY COVER
  AVERAGE SKY COVER 0.2


WEATHER CONDITIONS
 THE FOLLOWING WEATHER WAS RECORDED YESTERDAY.
  THUNDERSTORM
  HEAVY RAIN
  LIGHT RAIN
  FOG


RELATIVE HUMIDITY (PERCENT)
 HIGHEST    78           400 AM
 LOWEST     37           200 PM
 AVERAGE    58

..........................................................


THE SOUTH BEND CLIMATE NORMALS FOR TODAY
                         NORMAL    RECORD    YEAR
 MAXIMUM TEMPERATURE (F)   64        84      1990
                                             1986
 MINIMUM TEMPERATURE (F)   43        26      1932
                                             1928


SUNRISE AND SUNSET
APRIL 27 2017.........SUNRISE   647 AM EDT   SUNSET   839 PM EDT
APRIL 28 2017.........SUNRISE   646 AM EDT   SUNSET   840 PM EDT


-  INDICATES NEGATIVE NUMBERS.
R  INDICATES RECORD WAS SET OR TIED.
MM INDICATES DATA IS MISSING.
T  INDICATES TRACE AMOUNT.




$$
