000
CDUS43 KIWX 260530
CLISBN


CLIMATE REPORT
NATIONAL WEATHER SERVICE NORTHERN INDIANA
129 AM EDT SUN MAR 26 2017


...................................

...THE SOUTH BEND CLIMATE SUMMARY FOR MARCH 25 2017...

CLIMATE NORMAL PERIOD 1981 TO 2010
CLIMATE RECORD PERIOD 1893 TO 2017


WEATHER ITEM   OBSERVED TIME   RECORD YEAR NORMAL DEPARTURE LAST
                VALUE   (LST)  VALUE       VALUE  FROM      YEAR
                                                  NORMAL
..................................................................
TEMPERATURE (F)
 YESTERDAY
  MAXIMUM         59    519 PM  84    1910  50      9       48
  MINIMUM         42    416 AM   6    1974  31     11       30
                                      1940
  AVERAGE         51                        41     10       39

PRECIPITATION (IN)
  YESTERDAY        0.51          1.25 1904   0.08   0.43      T
  MONTH TO DATE    2.05                      1.92   0.13     2.70
  SINCE MAR 1      2.05                      1.92   0.13     2.70
  SINCE JAN 1      9.04                      6.16   2.88     6.48

SNOWFALL (IN)
  YESTERDAY        0.0           4.8  1970   0.1   -0.1       T
  MONTH TO DATE    7.9                       6.4    1.5      6.8
  SINCE MAR 1      7.9                       6.4    1.5      6.8
  SINCE JUL 1     41.6                      64.5  -22.9     66.1
  SNOW DEPTH       0

DEGREE DAYS
 HEATING
  YESTERDAY       14                        24    -10       26
  MONTH TO DATE  740                       718     22      577
  SINCE MAR 1    740                       718     22      577
  SINCE JUL 1   4717                      5407   -690     4707

 COOLING
  YESTERDAY        0                         0      0        0
  MONTH TO DATE    0                         0      0        0
  SINCE MAR 1      0                         0      0        0
  SINCE JAN 1      0                         0      0        0
..................................................................


WIND (MPH)
  HIGHEST WIND SPEED    23   HIGHEST WIND DIRECTION     E (110)
  HIGHEST GUST SPEED    29   HIGHEST GUST DIRECTION     E (110)
  AVERAGE WIND SPEED    10.3


SKY COVER
  AVERAGE SKY COVER 0.7


WEATHER CONDITIONS
 THE FOLLOWING WEATHER WAS RECORDED YESTERDAY.
  THUNDERSTORM
  HEAVY RAIN
  RAIN
  LIGHT RAIN
  FOG


RELATIVE HUMIDITY (PERCENT)
 HIGHEST   100           500 AM
 LOWEST     72           400 PM
 AVERAGE    86

..........................................................


THE SOUTH BEND CLIMATE NORMALS FOR TODAY
                         NORMAL    RECORD    YEAR
 MAXIMUM TEMPERATURE (F)   51        79      2007
 MINIMUM TEMPERATURE (F)   32        10      1996
                                             1965


SUNRISE AND SUNSET
MARCH 26 2017.........SUNRISE   738 AM EDT   SUNSET   804 PM EDT
MARCH 27 2017.........SUNRISE   736 AM EDT   SUNSET   805 PM EDT


-  INDICATES NEGATIVE NUMBERS.
R  INDICATES RECORD WAS SET OR TIED.
MM INDICATES DATA IS MISSING.
T  INDICATES TRACE AMOUNT.




$$
