000
CDUS43 KIWX 220531
CLISBN


CLIMATE REPORT
NATIONAL WEATHER SERVICE NORTHERN INDIANA
130 AM EDT MON AUG 22 2016


...................................

...THE SOUTH BEND CLIMATE SUMMARY FOR AUGUST 21 2016...

CLIMATE NORMAL PERIOD 1981 TO 2010
CLIMATE RECORD PERIOD 1893 TO 2016


WEATHER ITEM   OBSERVED TIME   RECORD YEAR NORMAL DEPARTURE LAST
                VALUE   (LST)  VALUE       VALUE  FROM      YEAR
                                                  NORMAL
..................................................................
TEMPERATURE (F)
 YESTERDAY
  MAXIMUM         72    507 PM 100    1916  81     -9       80
  MINIMUM         58   1105 PM  43    1950  62     -4       54
                                      1940
  AVERAGE         65                        71     -6       67

PRECIPITATION (IN)
  YESTERDAY        0.00          3.46 1966   0.11  -0.11     0.00
  MONTH TO DATE   11.09                      2.58   8.51     1.54
  SINCE JUN 1     17.58                     10.37   7.21    10.40
  SINCE JAN 1     32.69                     24.09   8.60    23.49

SNOWFALL (IN)
  YESTERDAY        0.0           0.0  2002   0.0    0.0      0.0
                                      2001
  MONTH TO DATE    0.0                       0.0    0.0      0.0
  SINCE JUN 1      0.0                       0.0    0.0      0.0
  SINCE JUL 1      0.0                       0.0    0.0      0.0
  SNOW DEPTH       0

DEGREE DAYS
 HEATING
  YESTERDAY        0                         0      0        0
  MONTH TO DATE    0                         0      0        0
  SINCE JUN 1     43                        49     -6       29
  SINCE JUL 1      8                         5      3       10

 COOLING
  YESTERDAY        0                         6     -6        2
  MONTH TO DATE  212                       148     64      171
  SINCE JUN 1    658                       566     92      536
  SINCE JAN 1    727                       622    105      622
..................................................................


WIND (MPH)
  HIGHEST WIND SPEED    20   HIGHEST WIND DIRECTION     W (290)
  HIGHEST GUST SPEED    25   HIGHEST GUST DIRECTION     W (290)
  AVERAGE WIND SPEED     9.0


SKY COVER
  AVERAGE SKY COVER 0.3


WEATHER CONDITIONS
 THE FOLLOWING WEATHER WAS RECORDED YESTERDAY.
  NO SIGNIFICANT WEATHER WAS OBSERVED.


RELATIVE HUMIDITY (PERCENT)
 HIGHEST    97           200 AM
 LOWEST     57           500 PM
 AVERAGE    77

..........................................................


THE SOUTH BEND CLIMATE NORMALS FOR TODAY
                         NORMAL    RECORD    YEAR
 MAXIMUM TEMPERATURE (F)   81       100      1936
 MINIMUM TEMPERATURE (F)   61        45      1923
                                             1907


SUNRISE AND SUNSET
AUGUST 22 2016........SUNRISE   701 AM EDT   SUNSET   834 PM EDT
AUGUST 23 2016........SUNRISE   702 AM EDT   SUNSET   832 PM EDT


-  INDICATES NEGATIVE NUMBERS.
R  INDICATES RECORD WAS SET OR TIED.
MM INDICATES DATA IS MISSING.
T  INDICATES TRACE AMOUNT.




$$
