000
CDUS43 KIWX 210536
CLISBN


CLIMATE REPORT
NATIONAL WEATHER SERVICE NORTHERN INDIANA
1234 AM EST SUN DEC 21 2014


...................................

...THE SOUTH BEND CLIMATE SUMMARY FOR DECEMBER 20 2014...

CLIMATE NORMAL PERIOD 1981 TO 2010
CLIMATE RECORD PERIOD 1893 TO 2014


WEATHER ITEM   OBSERVED TIME   RECORD YEAR NORMAL DEPARTURE LAST
                VALUE   (LST)  VALUE       VALUE  FROM      YEAR
                                                  NORMAL
..................................................................
TEMPERATURE (F)
 YESTERDAY
  MAXIMUM         33    702 PM  60    1949  34     -1       43
  MINIMUM         30    422 AM  -9    1901  21      9       35
  AVERAGE         32                        27      5       39

PRECIPITATION (IN)
  YESTERDAY        T             1.31 1895   0.08  -0.08     0.35
  MONTH TO DATE    0.56                      1.72  -1.16     1.28
  SINCE DEC 1      0.56                      1.72  -1.16     1.28
  SINCE JAN 1     40.53                     37.11   3.42    39.30

SNOWFALL (IN)
  YESTERDAY        T             5.5  1951   0.6   -0.6     MM
  MONTH TO DATE    T                        10.3  -10.3      6.7
  SINCE DEC 1      T                        10.3  -10.3      6.7
  SINCE JUL 1     19.3                      15.5    3.8     15.9
  SNOW DEPTH       0

DEGREE DAYS
 HEATING
  YESTERDAY       33                        38     -5       26
  MONTH TO DATE  629                       695    -66      768
  SINCE DEC 1    629                       695    -66      768
  SINCE JUL 1   2071                      1964    107     2057

 COOLING
  YESTERDAY        0                         0      0        0
  MONTH TO DATE    0                         0      0        0
  SINCE DEC 1      0                         0      0        0
  SINCE JAN 1    771                       773     -2      828
..................................................................


WIND (MPH)
  HIGHEST WIND SPEED     9   HIGHEST WIND DIRECTION     W (250)
  HIGHEST GUST SPEED    14   HIGHEST GUST DIRECTION    SW (230)
  AVERAGE WIND SPEED     3.3


SKY COVER
  AVERAGE SKY COVER 1.0


WEATHER CONDITIONS
 THE FOLLOWING WEATHER WAS RECORDED YESTERDAY.
  HAZE


RELATIVE HUMIDITY (PERCENT)
 HIGHEST    85           800 AM
 LOWEST     69          1200 AM
 AVERAGE    77

..........................................................


THE SOUTH BEND CLIMATE NORMALS FOR TODAY
                         NORMAL    RECORD    YEAR
 MAXIMUM TEMPERATURE (F)   34        60      1967
 MINIMUM TEMPERATURE (F)   21       -15      1901


SUNRISE AND SUNSET
DECEMBER 21 2014......SUNRISE   809 AM EST   SUNSET   518 PM EST
DECEMBER 22 2014......SUNRISE   809 AM EST   SUNSET   518 PM EST


-  INDICATES NEGATIVE NUMBERS.
R  INDICATES RECORD WAS SET OR TIED.
MM INDICATES DATA IS MISSING.
T  INDICATES TRACE AMOUNT.




$$
