000
CDUS43 KIWX 170551 CCA
CLISBN

CLIMATE REPORT...CORRECTED SNOWFALL
NATIONAL WEATHER SERVICE NORTHERN INDIANA
1223 AM EST TUE JAN 17 2017


...................................

...THE SOUTH BEND CLIMATE SUMMARY FOR JANUARY 16 2017...

CLIMATE NORMAL PERIOD 1981 TO 2010
CLIMATE RECORD PERIOD 1893 TO 2017


WEATHER ITEM   OBSERVED TIME   RECORD YEAR NORMAL DEPARTURE LAST
                VALUE   (LST)  VALUE       VALUE  FROM      YEAR
                                                  NORMAL
..................................................................
TEMPERATURE (F)
 YESTERDAY
  MAXIMUM         37   1159 PM  57    1949  31      6       32
  MINIMUM         28    128 AM -19    2009  17     11       23
                                      1972
  AVERAGE         33                        24      9       28

PRECIPITATION (IN)
  YESTERDAY        0.23          1.23 1959   0.08   0.15      T
  MONTH TO DATE    2.05                      1.29   0.76     1.23
  SINCE DEC 1      4.04                      3.90   0.14     5.35
  SINCE JAN 1      2.05                      1.29   0.76     1.23

SNOWFALL (IN)
  YESTERDAY        T            15.0  1959   0.7   -0.7       T
  MONTH TO DATE    3.8                      10.4   -6.6     14.4
  SINCE DEC 1     27.5                      27.7   -0.2     15.8
  SINCE JUL 1     28.0                      32.9   -4.9     24.9
  SNOW DEPTH       T

DEGREE DAYS
 HEATING
  YESTERDAY       32                        41     -9       37
  MONTH TO DATE  639                       648     -9      631
  SINCE DEC 1   1860                      1770     90     1417
  SINCE JUL 1   2761                      3039   -278     2484

 COOLING
  YESTERDAY        0                         0      0        0
  MONTH TO DATE    0                         0      0        0
  SINCE DEC 1      0                         0      0        0
  SINCE JAN 1      0                         0      0        0
..................................................................


WIND (MPH)
  HIGHEST WIND SPEED    15   HIGHEST WIND DIRECTION    SE (120)
  HIGHEST GUST SPEED    18   HIGHEST GUST DIRECTION     E (110)
  AVERAGE WIND SPEED     7.1


SKY COVER
  AVERAGE SKY COVER 0.9


WEATHER CONDITIONS
 THE FOLLOWING WEATHER WAS RECORDED YESTERDAY.
  LIGHT RAIN
  FOG
  HAZE


RELATIVE HUMIDITY (PERCENT)
 HIGHEST   100           100 PM
 LOWEST     78           200 AM
 AVERAGE    89

..........................................................


THE SOUTH BEND CLIMATE NORMALS FOR TODAY
                         NORMAL    RECORD    YEAR
 MAXIMUM TEMPERATURE (F)   31        64      1952
 MINIMUM TEMPERATURE (F)   17       -16      1977


SUNRISE AND SUNSET
JANUARY 17 2017.......SUNRISE   809 AM EST   SUNSET   543 PM EST
JANUARY 18 2017.......SUNRISE   808 AM EST   SUNSET   544 PM EST


-  INDICATES NEGATIVE NUMBERS.
R  INDICATES RECORD WAS SET OR TIED.
MM INDICATES DATA IS MISSING.
T  INDICATES TRACE AMOUNT.




$$
