345
CDUS43 KIWX 190541
CLISBN


CLIMATE REPORT
NATIONAL WEATHER SERVICE NORTHERN INDIANA
1240 AM EST MON FEB 19 2018


...................................

...THE SOUTH BEND CLIMATE SUMMARY FOR FEBRUARY 18 2018...

CLIMATE NORMAL PERIOD 1981 TO 2010
CLIMATE RECORD PERIOD 1893 TO 2018


WEATHER ITEM   OBSERVED TIME   RECORD YEAR NORMAL DEPARTURE LAST
                VALUE   (LST)  VALUE       VALUE  FROM      YEAR
                                                  NORMAL
..................................................................
TEMPERATURE (F)
 YESTERDAY
  MAXIMUM         38   1109 PM  66    2017  36      2       66
  MINIMUM         17    718 AM -15    1936  21     -4       36
  AVERAGE         28                        28      0       51

PRECIPITATION (IN)
  YESTERDAY        0.00          0.58 2000   0.07  -0.07     0.00
  MONTH TO DATE    2.34                      1.18   1.16     1.46
  SINCE DEC 1      5.63                      6.08  -0.45     6.79
  SINCE JAN 1      4.27                      3.47   0.80     4.80

SNOWFALL (IN)
  YESTERDAY        0.0           5.8  2000   0.5   -0.5      0.0
  MONTH TO DATE   29.6                      10.4   19.2      0.3
  SINCE DEC 1     84.0                      48.3   35.7     33.1
  SINCE JUL 1     84.0                      53.5   30.5     33.6
  SNOW DEPTH       7

DEGREE DAYS
 HEATING
  YESTERDAY       37                        37      0       14
  MONTH TO DATE  791                       695     96      573
  SINCE DEC 1   3283                      3074    209     2880
  SINCE JUL 1   4466                      4343    123     3781

 COOLING
  YESTERDAY        0                         0      0        0
  MONTH TO DATE    0                         0      0        0
  SINCE DEC 1      0                         0      0        0
  SINCE JAN 1      0                         0      0        0
..................................................................


WIND (MPH)
  HIGHEST WIND SPEED    21   HIGHEST WIND DIRECTION     S (160)
  HIGHEST GUST SPEED    26   HIGHEST GUST DIRECTION    SE (150)
  AVERAGE WIND SPEED    12.2


SKY COVER
  AVERAGE SKY COVER 0.5


WEATHER CONDITIONS
 THE FOLLOWING WEATHER WAS RECORDED YESTERDAY.
  FOG


RELATIVE HUMIDITY (PERCENT)
 HIGHEST    92           700 AM
 LOWEST     69           400 PM
 AVERAGE    81

..........................................................


THE SOUTH BEND CLIMATE NORMALS FOR TODAY
                         NORMAL    RECORD    YEAR
 MAXIMUM TEMPERATURE (F)   36        65      2017
                                             1930
 MINIMUM TEMPERATURE (F)   21       -11      1936


SUNRISE AND SUNSET
FEBRUARY 19 2018......SUNRISE   735 AM EST   SUNSET   624 PM EST
FEBRUARY 20 2018......SUNRISE   734 AM EST   SUNSET   625 PM EST


-  INDICATES NEGATIVE NUMBERS.
R  INDICATES RECORD WAS SET OR TIED.
MM INDICATES DATA IS MISSING.
T  INDICATES TRACE AMOUNT.




$$
