000
CDUS43 KIWX 140521
CLISBN


CLIMATE REPORT
NATIONAL WEATHER SERVICE NORTHERN INDIANA
121 AM EDT SAT OCT 14 2017


...................................

...THE SOUTH BEND CLIMATE SUMMARY FOR OCTOBER 13 2017...

CLIMATE NORMAL PERIOD 1981 TO 2010
CLIMATE RECORD PERIOD 1893 TO 2017


WEATHER ITEM   OBSERVED TIME   RECORD YEAR NORMAL DEPARTURE LAST
                VALUE   (LST)  VALUE       VALUE  FROM      YEAR
                                                  NORMAL
..................................................................
TEMPERATURE (F)
 YESTERDAY
  MAXIMUM         70    504 PM  86    1975  63      7       57
  MINIMUM         56    756 AM  26    1909  43     13       38
  AVERAGE         63                        53     10       48

PRECIPITATION (IN)
  YESTERDAY        0.02          1.08 1973   0.11  -0.09     0.01
  MONTH TO DATE    2.68                      1.44   1.24     1.70
  SINCE SEP 1      4.72                      4.97  -0.25     5.44
  SINCE JAN 1     32.31                     30.24   2.07    39.85

SNOWFALL (IN)
  YESTERDAY        0.0           0.0  2002   0.0    0.0      0.0
                                      2001
  MONTH TO DATE    0.0                       0.1   -0.1      0.0
  SINCE SEP 1      0.0                       0.1   -0.1      0.0
  SINCE JUL 1      0.0                       0.1   -0.1      0.0
  SNOW DEPTH       0

DEGREE DAYS
 HEATING
  YESTERDAY        2                        12    -10       17
  MONTH TO DATE   32                       134   -102       78
  SINCE SEP 1    123                       250   -127      108
  SINCE JUL 1    144                       268   -124      116

 COOLING
  YESTERDAY        0                         0      0        0
  MONTH TO DATE   21                         8     13       10
  SINCE SEP 1    139                        90     49      133
  SINCE JAN 1    691                       772    -81      942
..................................................................


WIND (MPH)
  HIGHEST WIND SPEED    15   HIGHEST WIND DIRECTION    SW (220)
  HIGHEST GUST SPEED    19   HIGHEST GUST DIRECTION     S (200)
  AVERAGE WIND SPEED     6.0


SKY COVER
  AVERAGE SKY COVER 0.7


WEATHER CONDITIONS
 THE FOLLOWING WEATHER WAS RECORDED YESTERDAY.
  LIGHT RAIN
  FOG


RELATIVE HUMIDITY (PERCENT)
 HIGHEST   100           200 AM
 LOWEST     61           300 PM
 AVERAGE    81

..........................................................


THE SOUTH BEND CLIMATE NORMALS FOR TODAY
                         NORMAL    RECORD    YEAR
 MAXIMUM TEMPERATURE (F)   62        88      1897
 MINIMUM TEMPERATURE (F)   43        25      1909


SUNRISE AND SUNSET
OCTOBER 14 2017.......SUNRISE   757 AM EDT   SUNSET   705 PM EDT
OCTOBER 15 2017.......SUNRISE   758 AM EDT   SUNSET   704 PM EDT


-  INDICATES NEGATIVE NUMBERS.
R  INDICATES RECORD WAS SET OR TIED.
MM INDICATES DATA IS MISSING.
T  INDICATES TRACE AMOUNT.




$$
