000
CDUS43 KIWX 160525
CLISBN


CLIMATE REPORT
NATIONAL WEATHER SERVICE NORTHERN INDIANA
1225 AM EST THU NOV 16 2017


...................................

...THE SOUTH BEND CLIMATE SUMMARY FOR NOVEMBER 15 2017...

CLIMATE NORMAL PERIOD 1981 TO 2010
CLIMATE RECORD PERIOD 1893 TO 2017


WEATHER ITEM   OBSERVED TIME   RECORD YEAR NORMAL DEPARTURE LAST
                VALUE   (LST)  VALUE       VALUE  FROM      YEAR
                                                  NORMAL
..................................................................
TEMPERATURE (F)
 YESTERDAY
  MAXIMUM         48    638 PM  70    1990  49     -1       60
                                      1953
  MINIMUM         38   1159 PM   8    1940  34      4       35
  AVERAGE         43                        41      2       48

PRECIPITATION (IN)
  YESTERDAY        0.47          1.31 1958   0.11   0.36     0.00
  MONTH TO DATE    1.70                      1.62   0.08     0.67
  SINCE SEP 1     12.87                      8.47   4.40     7.89
  SINCE JAN 1     40.46                     33.74   6.72    42.30

SNOWFALL (IN)
  YESTERDAY        0.0           3.3  1997   0.1   -0.1      0.0
  MONTH TO DATE    T                         1.5   -1.5      0.0
  SINCE SEP 1      T                         1.9   -1.9      0.0
  SINCE JUL 1      T                         1.9   -1.9      0.0
  SNOW DEPTH       0

DEGREE DAYS
 HEATING
  YESTERDAY       22                        24     -2       17
  MONTH TO DATE  382                       314     68      225
  SINCE SEP 1    769                       837    -68      549
  SINCE JUL 1    790                       855    -65      557

 COOLING
  YESTERDAY        0                         0      0        0
  MONTH TO DATE    0                         0      0        1
  SINCE SEP 1    140                        91     49      141
  SINCE JAN 1    692                       773    -81      950
..................................................................


WIND (MPH)
  HIGHEST WIND SPEED    25   HIGHEST WIND DIRECTION    NW (300)
  HIGHEST GUST SPEED    32   HIGHEST GUST DIRECTION    NW (300)
  AVERAGE WIND SPEED    13.8


SKY COVER
  AVERAGE SKY COVER 1.0


WEATHER CONDITIONS
 THE FOLLOWING WEATHER WAS RECORDED YESTERDAY.
  RAIN
  LIGHT RAIN
  FOG


RELATIVE HUMIDITY (PERCENT)
 HIGHEST   100          1000 AM
 LOWEST     70          1200 AM
 AVERAGE    85

..........................................................


THE SOUTH BEND CLIMATE NORMALS FOR TODAY
                         NORMAL    RECORD    YEAR
 MAXIMUM TEMPERATURE (F)   48        71      1953
 MINIMUM TEMPERATURE (F)   33         9      1900


SUNRISE AND SUNSET
NOVEMBER 16 2017......SUNRISE   736 AM EST   SUNSET   524 PM EST
NOVEMBER 17 2017......SUNRISE   737 AM EST   SUNSET   523 PM EST


-  INDICATES NEGATIVE NUMBERS.
R  INDICATES RECORD WAS SET OR TIED.
MM INDICATES DATA IS MISSING.
T  INDICATES TRACE AMOUNT.




$$
