000
CDUS43 KIWX 030532
CLISBN


CLIMATE REPORT
NATIONAL WEATHER SERVICE NORTHERN INDIANA
1231 AM EST TUE MAR 3 2015


...................................

...THE SOUTH BEND CLIMATE SUMMARY FOR MARCH 2 2015...

CLIMATE NORMAL PERIOD 1981 TO 2010
CLIMATE RECORD PERIOD 1893 TO 2015


WEATHER ITEM   OBSERVED TIME   RECORD YEAR NORMAL DEPARTURE LAST
                VALUE   (LST)  VALUE       VALUE  FROM      YEAR
                                                  NORMAL
..................................................................
TEMPERATURE (F)
 YESTERDAY
  MAXIMUM         32    426 PM  68    1992  40     -8       20
                                      1974
  MINIMUM          8    807 AM  -4    1913  24    -16        6
  AVERAGE         20                        32    -12       13

PRECIPITATION (IN)
  YESTERDAY        0.00          0.73 2002   0.08  -0.08     0.07
  MONTH TO DATE    0.07                      0.16  -0.09     0.16
  SINCE MAR 1      0.07                      0.16  -0.09     0.16
  SINCE JAN 1      3.97                      4.40  -0.43     6.10

SNOWFALL (IN)
  YESTERDAY        0.0           7.1  1975   0.3   -0.3      0.8
  MONTH TO DATE    1.2                       0.7    0.5      2.3
  SINCE MAR 1      1.2                       0.7    0.5      2.3
  SINCE JUL 1     79.2                      58.8   20.4     96.3
  SNOW DEPTH      12

DEGREE DAYS
 HEATING
  YESTERDAY       45                        33     12       52
  MONTH TO DATE   89                        66     23       95
  SINCE MAR 1     89                        66     23       95
  SINCE JUL 1   5186                      4755    431     5278

 COOLING
  YESTERDAY        0                         0      0        0
  MONTH TO DATE    0                         0      0        0
  SINCE MAR 1      0                         0      0        0
  SINCE JAN 1      0                         0      0        0
..................................................................


WIND (MPH)
  HIGHEST WIND SPEED    14   HIGHEST WIND DIRECTION    NW (300)
  HIGHEST GUST SPEED    17   HIGHEST GUST DIRECTION    NW (300)
  AVERAGE WIND SPEED     6.9


SKY COVER
  AVERAGE SKY COVER 0.2


WEATHER CONDITIONS
 THE FOLLOWING WEATHER WAS RECORDED YESTERDAY.
  FOG
  HAZE


RELATIVE HUMIDITY (PERCENT)
 HIGHEST    88           100 AM
 LOWEST     49           400 PM
 AVERAGE    69

..........................................................


THE SOUTH BEND CLIMATE NORMALS FOR TODAY
                         NORMAL    RECORD    YEAR
 MAXIMUM TEMPERATURE (F)   41        75      1983
 MINIMUM TEMPERATURE (F)   25        -4      2014


SUNRISE AND SUNSET
MARCH  3 2015.........SUNRISE   717 AM EST   SUNSET   638 PM EST
MARCH  4 2015.........SUNRISE   716 AM EST   SUNSET   639 PM EST


-  INDICATES NEGATIVE NUMBERS.
R  INDICATES RECORD WAS SET OR TIED.
MM INDICATES DATA IS MISSING.
T  INDICATES TRACE AMOUNT.




$$
