000
CDUS43 KIWX 242021
CLISBN


CLIMATE REPORT
NATIONAL WEATHER SERVICE NORTHERN INDIANA
421 PM EDT SUN SEP 24 2017


...................................

...THE SOUTH BEND CLIMATE SUMMARY FOR SEPTEMBER 24 2017...
VALID TODAY AS OF 0400 PM LOCAL TIME.

CLIMATE NORMAL PERIOD 1981 TO 2010
CLIMATE RECORD PERIOD 1893 TO 2017


WEATHER ITEM   OBSERVED TIME   RECORD YEAR NORMAL DEPARTURE LAST
                VALUE   (LST)  VALUE       VALUE  FROM      YEAR
                                                  NORMAL
..................................................................
TEMPERATURE (F)
 TODAY
  MAXIMUM         90    259 PM  94    1922  71     19       75
  MINIMUM         65    645 AM  30    1928  50     15       59
  AVERAGE         78                        60     18       67

PRECIPITATION (IN)
  TODAY            0.00          1.77 1945   0.13  -0.13     0.00
  MONTH TO DATE    1.99                      2.85  -0.86     3.06
  SINCE SEP 1      1.99                      2.85  -0.86     3.06
  SINCE JAN 1     29.58                     28.12   1.46    37.47

DEGREE DAYS
 HEATING
  TODAY            0                         6     -6        0
  MONTH TO DATE   67                        72     -5        4
  SINCE SEP 1     67                        72     -5        4
  SINCE JUL 1     88                        90     -2       12

 COOLING
  TODAY           13                         1     12        2
  MONTH TO DATE   97                        74     23      117
  SINCE SEP 1     97                        74     23      117
  SINCE JAN 1    649                       756   -107      926
..................................................................


WIND (MPH)
  HIGHEST WIND SPEED    16   HIGHEST WIND DIRECTION     S (160)
  HIGHEST GUST SPEED    20   HIGHEST GUST DIRECTION    SE (150)
  AVERAGE WIND SPEED     5.6


SKY COVER
  POSSIBLE SUNSHINE  MM
  AVERAGE SKY COVER 0.0


WEATHER CONDITIONS
 THE FOLLOWING WEATHER WAS RECORDED TODAY.
  NO SIGNIFICANT WEATHER WAS OBSERVED.


RELATIVE HUMIDITY (PERCENT)
 HIGHEST   100           400 AM
 LOWEST     32           300 PM
 AVERAGE    66

..........................................................


THE SOUTH BEND CLIMATE NORMALS FOR TOMORROW
                         NORMAL    RECORD    YEAR
 MAXIMUM TEMPERATURE (F)   70        95      1908
 MINIMUM TEMPERATURE (F)   50        30      1942


SUNRISE AND SUNSET
SEPTEMBER 24 2017.....SUNRISE   735 AM EDT   SUNSET   739 PM EDT
SEPTEMBER 25 2017.....SUNRISE   736 AM EDT   SUNSET   737 PM EDT


-  INDICATES NEGATIVE NUMBERS.
R  INDICATES RECORD WAS SET OR TIED.
MM INDICATES DATA IS MISSING.
T  INDICATES TRACE AMOUNT.




$$
