196
CDUS43 KIWX 242021
CLISBN


CLIMATE REPORT
NATIONAL WEATHER SERVICE NORTHERN INDIANA
421 PM EDT SAT SEP 24 2016


...................................

...THE SOUTH BEND CLIMATE SUMMARY FOR SEPTEMBER 24 2016...
VALID TODAY AS OF 0400 PM LOCAL TIME.

CLIMATE NORMAL PERIOD 1981 TO 2010
CLIMATE RECORD PERIOD 1893 TO 2016


WEATHER ITEM   OBSERVED TIME   RECORD YEAR NORMAL DEPARTURE LAST
                VALUE   (LST)  VALUE       VALUE  FROM      YEAR
                                                  NORMAL
..................................................................
TEMPERATURE (F)
 TODAY
  MAXIMUM         74    259 PM  94    1922  71      3       77
  MINIMUM         59    636 AM  30    1928  50      9       52
  AVERAGE         67                        60      7       65

PRECIPITATION (IN)
  TODAY            0.00          1.77 1945   0.13  -0.13     0.00
  MONTH TO DATE    3.06                      2.85   0.21     4.05
  SINCE SEP 1      3.06                      2.85   0.21     4.05
  SINCE JAN 1     37.47                     28.12   9.35    28.32

DEGREE DAYS
 HEATING
  TODAY            0                         6     -6        0
  MONTH TO DATE    4                        72    -68       51
  SINCE SEP 1      4                        72    -68       51
  SINCE JUL 1     12                        90    -78       76

 COOLING
  TODAY            2                         1      1        0
  MONTH TO DATE  117                        74     43      124
  SINCE SEP 1    117                        74     43      124
  SINCE JAN 1    926                       756    170      769
..................................................................


WIND (MPH)
  HIGHEST WIND SPEED    14   HIGHEST WIND DIRECTION     E (110)
  HIGHEST GUST SPEED    16   HIGHEST GUST DIRECTION     E (110)
  AVERAGE WIND SPEED     7.2


SKY COVER
  POSSIBLE SUNSHINE  MM
  AVERAGE SKY COVER 0.7


WEATHER CONDITIONS
 THE FOLLOWING WEATHER WAS RECORDED TODAY.
  NO SIGNIFICANT WEATHER WAS OBSERVED.


RELATIVE HUMIDITY (PERCENT)
 HIGHEST    90           200 AM
 LOWEST     68           300 PM
 AVERAGE    79

..........................................................


THE SOUTH BEND CLIMATE NORMALS FOR TOMORROW
                         NORMAL    RECORD    YEAR
 MAXIMUM TEMPERATURE (F)   70        95      1908
 MINIMUM TEMPERATURE (F)   50        30      1942


SUNRISE AND SUNSET
SEPTEMBER 24 2016.....SUNRISE   735 AM EDT   SUNSET   738 PM EDT
SEPTEMBER 25 2016.....SUNRISE   736 AM EDT   SUNSET   736 PM EDT


-  INDICATES NEGATIVE NUMBERS.
R  INDICATES RECORD WAS SET OR TIED.
MM INDICATES DATA IS MISSING.
T  INDICATES TRACE AMOUNT.




$$
