803
CDUS43 KIWX 050532
CLISBN


CLIMATE REPORT
NATIONAL WEATHER SERVICE NORTHERN INDIANA
1232 AM EST FRI FEB 5 2016


...................................

...THE SOUTH BEND CLIMATE SUMMARY FOR FEBRUARY 4 2016...

CLIMATE NORMAL PERIOD 1981 TO 2010
CLIMATE RECORD PERIOD 1893 TO 2016


WEATHER ITEM   OBSERVED TIME   RECORD YEAR NORMAL DEPARTURE LAST
                VALUE   (LST)  VALUE       VALUE  FROM      YEAR
                                                  NORMAL
..................................................................
TEMPERATURE (F)
 YESTERDAY
  MAXIMUM         30   1259 AM  56    1928  32     -2       32
  MINIMUM         18   1019 PM -14    1912  18      0       17
  AVERAGE         24                        25     -1       25

PRECIPITATION (IN)
  YESTERDAY        T             1.25 1971   0.06  -0.06     0.09
  MONTH TO DATE    0.45                      0.25   0.20     1.28
  SINCE DEC 1      6.17                      5.15   1.02     4.67
  SINCE JAN 1      2.05                      2.54  -0.49     3.20

SNOWFALL (IN)
  YESTERDAY        T             5.6  1995   0.6   -0.6      1.3
  MONTH TO DATE    T                         2.6   -2.6     18.6
  SINCE DEC 1     20.1                      40.5  -20.4     40.9
  SINCE JUL 1     29.2                      45.7  -16.5     60.2
  SNOW DEPTH       T

DEGREE DAYS
 HEATING
  YESTERDAY       41                        40      1       40
  MONTH TO DATE  127                       160    -33      179
  SINCE DEC 1   2153                      2539   -386     2465
  SINCE JUL 1   3220                      3808   -588     3907

 COOLING
  YESTERDAY        0                         0      0        0
  MONTH TO DATE    0                         0      0        0
  SINCE DEC 1      0                         0      0        0
  SINCE JAN 1      0                         0      0        0
..................................................................


WIND (MPH)
  HIGHEST WIND SPEED    17   HIGHEST WIND DIRECTION     W (270)
  HIGHEST GUST SPEED    22   HIGHEST GUST DIRECTION     W (260)
  AVERAGE WIND SPEED     8.3


SKY COVER
  AVERAGE SKY COVER 0.8


WEATHER CONDITIONS
 THE FOLLOWING WEATHER WAS RECORDED YESTERDAY.
  LIGHT SNOW
  FOG


RELATIVE HUMIDITY (PERCENT)
 HIGHEST    92          1200 AM
 LOWEST     57           500 PM
 AVERAGE    75

..........................................................


THE SOUTH BEND CLIMATE NORMALS FOR TODAY
                         NORMAL    RECORD    YEAR
 MAXIMUM TEMPERATURE (F)   33        59      1946
 MINIMUM TEMPERATURE (F)   19       -16      1936


SUNRISE AND SUNSET
FEBRUARY  5 2016......SUNRISE   754 AM EST   SUNSET   605 PM EST
FEBRUARY  6 2016......SUNRISE   752 AM EST   SUNSET   607 PM EST


-  INDICATES NEGATIVE NUMBERS.
R  INDICATES RECORD WAS SET OR TIED.
MM INDICATES DATA IS MISSING.
T  INDICATES TRACE AMOUNT.




$$
