000
CDUS43 KIWX 200022
CLISBN


CLIMATE REPORT
NATIONAL WEATHER SERVICE NORTHERN INDIANA
822 PM EDT TUE AUG 19 2014


...................................

...THE SOUTH BEND CLIMATE SUMMARY FOR AUGUST 19 2014...
VALID AS OF 0800 PM LOCAL TIME.

CLIMATE NORMAL PERIOD 1981 TO 2010
CLIMATE RECORD PERIOD 1893 TO 2014


WEATHER ITEM   OBSERVED TIME   RECORD YEAR NORMAL DEPARTURE LAST
                VALUE   (LST)  VALUE       VALUE  FROM      YEAR
                                                  NORMAL
..................................................................
TEMPERATURE (F)
 TODAY
  MAXIMUM         87    130 PM  98    1983  81      6       82
                                      1916
  MINIMUM         68    559 AM  44    1933  62      6       57
                                      1896
  AVERAGE         78                        71      7       70

PRECIPITATION (IN)
  TODAY            0.31          1.18 1900   0.12   0.19     0.00
  MONTH TO DATE    1.23                      2.35  -1.12     2.64
  SINCE JUN 1     12.16                     10.14   2.02     9.23
  SINCE JAN 1     27.24                     23.86   3.38    26.53

DEGREE DAYS
 HEATING
  TODAY            0                         0      0        0
  MONTH TO DATE   10                         0     10       15
  SINCE JUN 1     45                        49     -4       66
  SINCE JUL 1     28                         5     23       29

 COOLING
  TODAY           13                         7      6        5
  MONTH TO DATE  122                       135    -13       67
  SINCE JUN 1    478                       553    -75      461
  SINCE JAN 1    563                       609    -46      557
..................................................................


WIND (MPH)
  RESULTANT WIND SPEED   9   RESULTANT WIND DIRECTION  SW (220)
  HIGHEST WIND SPEED    31   HIGHEST WIND DIRECTION    SW (230)
  HIGHEST GUST SPEED    45   HIGHEST GUST DIRECTION    SW (230)
  AVERAGE WIND SPEED     9.3


SKY COVER
  POSSIBLE SUNSHINE  MM
  AVERAGE SKY COVER 0.2


WEATHER CONDITIONS
 THE FOLLOWING WEATHER WAS RECORDED TODAY.
  THUNDERSTORM
  HEAVY RAIN
  LIGHT RAIN
  FOG
  HAZE


RELATIVE HUMIDITY (PERCENT)
 HIGHEST    90           100 AM
 LOWEST     55           100 PM
 AVERAGE    73

..........................................................


THE SOUTH BEND CLIMATE NORMALS FOR TOMORROW
                         NORMAL    RECORD    YEAR
 MAXIMUM TEMPERATURE (F)   81        98      1947
                                             1916
 MINIMUM TEMPERATURE (F)   62        44      1908
                                             1897


SUNRISE AND SUNSET
AUGUST 19 2014........SUNRISE   658 AM EDT   SUNSET   839 PM EDT
AUGUST 20 2014........SUNRISE   659 AM EDT   SUNSET   838 PM EDT


-  INDICATES NEGATIVE NUMBERS.
R  INDICATES RECORD WAS SET OR TIED.
MM INDICATES DATA IS MISSING.
T  INDICATES TRACE AMOUNT.




$$
