000
CDUS43 KIWX 030523
CLISBN


CLIMATE REPORT
NATIONAL WEATHER SERVICE NORTHERN INDIANA
123 AM EDT THU SEP 3 2015


...................................

...THE SOUTH BEND CLIMATE SUMMARY FOR SEPTEMBER 2 2015...

CLIMATE NORMAL PERIOD 1981 TO 2010
CLIMATE RECORD PERIOD 1893 TO 2015


WEATHER ITEM   OBSERVED TIME   RECORD YEAR NORMAL DEPARTURE LAST
                VALUE   (LST)  VALUE       VALUE  FROM      YEAR
                                                  NORMAL
..................................................................
TEMPERATURE (F)
 YESTERDAY
  MAXIMUM         90    328 PM  99    1929  79     11       82
                                      1913
  MINIMUM         69    653 AM  41    1909  59     10       65
  AVERAGE         80                        69     11       74

PRECIPITATION (IN)
  YESTERDAY        0.00          2.48 1993   0.12  -0.12      T
  MONTH TO DATE    0.00                      0.24  -0.24     0.03
  SINCE SEP 1      0.00                      0.24  -0.24     0.03
  SINCE JAN 1     24.27                     25.51  -1.24    28.24

SNOWFALL (IN)
  YESTERDAY        0.0           0.0  2002   0.0    0.0      0.0
                                      2001
  MONTH TO DATE    0.0                       0.0    0.0      0.0
  SINCE SEP 1      0.0                       0.0    0.0      0.0
  SINCE JUL 1      0.0                       0.0    0.0      0.0
  SNOW DEPTH       0

DEGREE DAYS
 HEATING
  YESTERDAY        0                         1     -1        0
  MONTH TO DATE    0                         2     -2        0
  SINCE SEP 1      0                         2     -2        0
  SINCE JUL 1     25                        20      5       28

 COOLING
  YESTERDAY       15                         5     10        9
  MONTH TO DATE   26                        10     16       22
  SINCE SEP 1     26                        10     16       22
  SINCE JAN 1    671                       692    -21      715
..................................................................


WIND (MPH)
  HIGHEST WIND SPEED    14   HIGHEST WIND DIRECTION     W (260)
  HIGHEST GUST SPEED    18   HIGHEST GUST DIRECTION     W (270)
  AVERAGE WIND SPEED     5.6


SKY COVER
  AVERAGE SKY COVER 0.1


WEATHER CONDITIONS
 THE FOLLOWING WEATHER WAS RECORDED YESTERDAY.
  FOG


RELATIVE HUMIDITY (PERCENT)
 HIGHEST    97           300 AM
 LOWEST     47           400 PM
 AVERAGE    72

..........................................................


THE SOUTH BEND CLIMATE NORMALS FOR TODAY
                         NORMAL    RECORD    YEAR
 MAXIMUM TEMPERATURE (F)   79        96      1913
 MINIMUM TEMPERATURE (F)   59        39      1908


SUNRISE AND SUNSET
SEPTEMBER  3 2015.....SUNRISE   713 AM EDT   SUNSET   816 PM EDT
SEPTEMBER  4 2015.....SUNRISE   714 AM EDT   SUNSET   814 PM EDT


-  INDICATES NEGATIVE NUMBERS.
R  INDICATES RECORD WAS SET OR TIED.
MM INDICATES DATA IS MISSING.
T  INDICATES TRACE AMOUNT.




$$
