000
CDUS43 KIWX 210530
CLISBN


CLIMATE REPORT
NATIONAL WEATHER SERVICE NORTHERN INDIANA
1230 AM EST TUE NOV 21 2017


...................................

...THE SOUTH BEND CLIMATE SUMMARY FOR NOVEMBER 20 2017...

CLIMATE NORMAL PERIOD 1981 TO 2010
CLIMATE RECORD PERIOD 1893 TO 2017


WEATHER ITEM   OBSERVED TIME   RECORD YEAR NORMAL DEPARTURE LAST
                VALUE   (LST)  VALUE       VALUE  FROM      YEAR
                                                  NORMAL
..................................................................
TEMPERATURE (F)
 YESTERDAY
  MAXIMUM         50    445 PM  71    1930  46      4       37
  MINIMUM         24    222 AM  10    1914  32     -8       32
  AVERAGE         37                        39     -2       35

PRECIPITATION (IN)
  YESTERDAY        0.00          0.81 1975   0.11  -0.11      T
  MONTH TO DATE    3.26                      2.18   1.08     1.15
  SINCE SEP 1     14.43                      9.03   5.40     8.37
  SINCE JAN 1     42.02                     34.30   7.72    42.78

SNOWFALL (IN)
  YESTERDAY        0.0           5.8  2000   0.2   -0.2       T
  MONTH TO DATE    T                         2.3   -2.3      0.5
  SINCE SEP 1      T                         2.7   -2.7      0.5
  SINCE JUL 1      T                         2.7   -2.7      0.5
  SNOW DEPTH       0

DEGREE DAYS
 HEATING
  YESTERDAY       28                        26      2       30
  MONTH TO DATE  519                       440     79      319
  SINCE SEP 1    906                       963    -57      643
  SINCE JUL 1    927                       981    -54      651

 COOLING
  YESTERDAY        0                         0      0        0
  MONTH TO DATE    0                         0      0        1
  SINCE SEP 1    140                        91     49      141
  SINCE JAN 1    692                       773    -81      950
..................................................................


WIND (MPH)
  HIGHEST WIND SPEED    28   HIGHEST WIND DIRECTION     S (200)
  HIGHEST GUST SPEED    34   HIGHEST GUST DIRECTION    SW (210)
  AVERAGE WIND SPEED    16.0


SKY COVER
  AVERAGE SKY COVER 0.0


WEATHER CONDITIONS
 THE FOLLOWING WEATHER WAS RECORDED YESTERDAY.
  NO SIGNIFICANT WEATHER WAS OBSERVED.


RELATIVE HUMIDITY (PERCENT)
 HIGHEST    88           200 AM
 LOWEST     46           300 PM
 AVERAGE    67

..........................................................


THE SOUTH BEND CLIMATE NORMALS FOR TODAY
                         NORMAL    RECORD    YEAR
 MAXIMUM TEMPERATURE (F)   45        70      1913
 MINIMUM TEMPERATURE (F)   31         9      1964


SUNRISE AND SUNSET
NOVEMBER 21 2017......SUNRISE   742 AM EST   SUNSET   520 PM EST
NOVEMBER 22 2017......SUNRISE   743 AM EST   SUNSET   520 PM EST


-  INDICATES NEGATIVE NUMBERS.
R  INDICATES RECORD WAS SET OR TIED.
MM INDICATES DATA IS MISSING.
T  INDICATES TRACE AMOUNT.




$$
