000
CDUS43 KIWX 270020
CLISBN


CLIMATE REPORT
NATIONAL WEATHER SERVICE NORTHERN INDIANA
820 PM EDT SUN OCT 26 2014


...................................

...THE SOUTH BEND CLIMATE SUMMARY FOR OCTOBER 26 2014...
VALID AS OF 0800 PM LOCAL TIME.

CLIMATE NORMAL PERIOD 1981 TO 2010
CLIMATE RECORD PERIOD 1893 TO 2014


WEATHER ITEM   OBSERVED TIME   RECORD YEAR NORMAL DEPARTURE LAST
                VALUE   (LST)  VALUE       VALUE  FROM      YEAR
                                                  NORMAL
..................................................................
TEMPERATURE (F)
 TODAY
  MAXIMUM         62    259 PM  82    1963  58      4       53
  MINIMUM         38    720 AM  23    1942  40     -2       40
  AVERAGE         50                        49      1       47

PRECIPITATION (IN)
  TODAY            0.00          1.35 1991   0.10  -0.10      T
  MONTH TO DATE    5.00                      2.78   2.22     2.15
  SINCE SEP 1      7.71                      6.31   1.40     6.27
  SINCE JAN 1     35.92                     31.58   4.34    33.19

SNOWFALL (IN)
  TODAY            0.0           3.5  1962   0.0    0.0      0.0
  MONTH TO DATE    0.0                       0.2   -0.2      0.3
  SINCE SEP 1      0.0                       0.2   -0.2      0.3
  SINCE JUL 1      0.0                       0.2   -0.2      0.3
  SNOW DEPTH       0

DEGREE DAYS
 HEATING
  TODAY           15                        16     -1       18
  MONTH TO DATE  313                       321     -8      296
  SINCE SEP 1    433                       437     -4      387
  SINCE JUL 1    461                       455      6      416

 COOLING
  TODAY            0                         0      0        0
  MONTH TO DATE    4                         8     -4       30
  SINCE SEP 1     78                        90    -12      148
  SINCE JAN 1    771                       772     -1      828
..................................................................


WIND (MPH)
  RESULTANT WIND SPEED   6   RESULTANT WIND DIRECTION  NW (310)
  HIGHEST WIND SPEED    15   HIGHEST WIND DIRECTION    NW (320)
  HIGHEST GUST SPEED    20   HIGHEST GUST DIRECTION    NW (320)
  AVERAGE WIND SPEED     7.2


SKY COVER
  POSSIBLE SUNSHINE  MM
  AVERAGE SKY COVER 0.0


WEATHER CONDITIONS
 THE FOLLOWING WEATHER WAS RECORDED TODAY.
  NO SIGNIFICANT WEATHER WAS OBSERVED.


RELATIVE HUMIDITY (PERCENT)
 HIGHEST    79           600 AM
 LOWEST     32           100 PM
 AVERAGE    56

..........................................................


THE SOUTH BEND CLIMATE NORMALS FOR TOMORROW
                         NORMAL    RECORD    YEAR
 MAXIMUM TEMPERATURE (F)   58        80      1927
 MINIMUM TEMPERATURE (F)   40        18      1936


SUNRISE AND SUNSET
OCTOBER 26 2014.......SUNRISE   810 AM EDT   SUNSET   648 PM EDT
OCTOBER 27 2014.......SUNRISE   811 AM EDT   SUNSET   646 PM EDT


-  INDICATES NEGATIVE NUMBERS.
R  INDICATES RECORD WAS SET OR TIED.
MM INDICATES DATA IS MISSING.
T  INDICATES TRACE AMOUNT.




$$
