000
CDUS43 KIWX 150526
CLISBN


CLIMATE REPORT
NATIONAL WEATHER SERVICE NORTHERN INDIANA
125 AM EDT TUE APR 15 2014


...................................

...THE SOUTH BEND CLIMATE SUMMARY FOR APRIL 14 2014...

CLIMATE NORMAL PERIOD 1981 TO 2010
CLIMATE RECORD PERIOD 1893 TO 2014


WEATHER ITEM   OBSERVED TIME   RECORD YEAR NORMAL DEPARTURE LAST
                VALUE   (LST)  VALUE       VALUE  FROM      YEAR
                                                  NORMAL
..................................................................
TEMPERATURE (F)
 YESTERDAY
  MAXIMUM         67   1209 AM  81    2003  59      8       62
                                      1941
  MINIMUM         30   1159 PM  19    1940  38     -8       37
                                      1917
  AVERAGE         49                        49      0       50

PRECIPITATION (IN)
  YESTERDAY        0.10          1.04 1987   0.11  -0.01      T
  MONTH TO DATE    1.41                      1.46  -0.05     1.74
  SINCE MAR 1      3.10                      3.88  -0.78     3.00
  SINCE JAN 1      9.04                      8.12   0.92    10.49

DEGREE DAYS
 HEATING
  YESTERDAY       16                        17     -1       15
  MONTH TO DATE  237                       268    -31      297
  SINCE MAR 1   1313                      1123    190     1311
  SINCE JUL 1   6496                      5812    684     5708

 COOLING
  YESTERDAY        0                         0      0        0
  MONTH TO DATE    2                         0      2        0
  SINCE MAR 1      2                         1      1        0
  SINCE JAN 1      2                         1      1        0
..................................................................


WIND (MPH)
  HIGHEST WIND SPEED    31   HIGHEST WIND DIRECTION    SW (210)
  HIGHEST GUST SPEED    42   HIGHEST GUST DIRECTION    SW (220)
  AVERAGE WIND SPEED    19.6


SKY COVER
  AVERAGE SKY COVER 1.0


WEATHER CONDITIONS
 THE FOLLOWING WEATHER WAS RECORDED YESTERDAY.
  LIGHT RAIN
  LIGHT SNOW
  FOG
  HAZE


RELATIVE HUMIDITY (PERCENT)
 HIGHEST    92           800 AM
 LOWEST     68          1200 AM
 AVERAGE    80

..........................................................


THE SOUTH BEND CLIMATE NORMALS FOR TODAY
                         NORMAL    RECORD    YEAR
 MAXIMUM TEMPERATURE (F)   59        87      2002
 MINIMUM TEMPERATURE (F)   39        19      1928
                                             1926


SUNRISE AND SUNSET
APRIL 15 2014.........SUNRISE   705 AM EDT   SUNSET   826 PM EDT
APRIL 16 2014.........SUNRISE   704 AM EDT   SUNSET   827 PM EDT


-  INDICATES NEGATIVE NUMBERS.
R  INDICATES RECORD WAS SET OR TIED.
MM INDICATES DATA IS MISSING.
T  INDICATES TRACE AMOUNT.




$$
