000
CDUS43 KIWX 050524
CLISBN


CLIMATE REPORT
NATIONAL WEATHER SERVICE NORTHERN INDIANA
1224 AM EST MON DEC 5 2016


...................................

...THE SOUTH BEND CLIMATE SUMMARY FOR DECEMBER 4 2016...

CLIMATE NORMAL PERIOD 1981 TO 2010
CLIMATE RECORD PERIOD 1893 TO 2016


WEATHER ITEM   OBSERVED TIME   RECORD YEAR NORMAL DEPARTURE LAST
                VALUE   (LST)  VALUE       VALUE  FROM      YEAR
                                                  NORMAL
..................................................................
TEMPERATURE (F)
 YESTERDAY
  MAXIMUM         35    108 PM  64    2012  39     -4       42
                                      1998
  MINIMUM         30    447 AM   1    1893  26      4       32
  AVERAGE         33                        32      1       37

PRECIPITATION (IN)
  YESTERDAY        0.43          1.20 1899   0.09   0.34     0.00
  MONTH TO DATE    0.45                      0.37   0.08     0.13
  SINCE DEC 1      0.45                      0.37   0.08     0.13
  SINCE JAN 1     45.06                     35.76   9.30    32.31

SNOWFALL (IN)
  YESTERDAY        1.5           5.7  1991   0.4    1.1      0.0
  MONTH TO DATE    1.5                       1.5    0.0      0.1
  SINCE DEC 1      1.5                       1.5    0.0      0.1
  SINCE JUL 1      2.0                       6.7   -4.7      9.2
  SNOW DEPTH       0

DEGREE DAYS
 HEATING
  YESTERDAY       32                        33     -1       28
  MONTH TO DATE  120                       128     -8      118
  SINCE DEC 1    120                       128     -8      118
  SINCE JUL 1   1021                      1397   -376     1185

 COOLING
  YESTERDAY        0                         0      0        0
  MONTH TO DATE    0                         0      0        0
  SINCE DEC 1      0                         0      0        0
  SINCE JAN 1    950                       773    177      784
..................................................................


WIND (MPH)
  HIGHEST WIND SPEED    12   HIGHEST WIND DIRECTION    SE (120)
  HIGHEST GUST SPEED    15   HIGHEST GUST DIRECTION    SE (120)
  AVERAGE WIND SPEED     5.7


SKY COVER
  AVERAGE SKY COVER 1.0


WEATHER CONDITIONS
 THE FOLLOWING WEATHER WAS RECORDED YESTERDAY.
  HEAVY SNOW
  SNOW
  LIGHT SNOW
  FOG
  FOG W/VISIBILITY <= 1/4 MILE


RELATIVE HUMIDITY (PERCENT)
 HIGHEST   100           700 PM
 LOWEST     72           100 AM
 AVERAGE    86

..........................................................


THE SOUTH BEND CLIMATE NORMALS FOR TODAY
                         NORMAL    RECORD    YEAR
 MAXIMUM TEMPERATURE (F)   38        70      2001
 MINIMUM TEMPERATURE (F)   26         4      1899


SUNRISE AND SUNSET
DECEMBER  5 2016......SUNRISE   757 AM EST   SUNSET   515 PM EST
DECEMBER  6 2016......SUNRISE   758 AM EST   SUNSET   515 PM EST


-  INDICATES NEGATIVE NUMBERS.
R  INDICATES RECORD WAS SET OR TIED.
MM INDICATES DATA IS MISSING.
T  INDICATES TRACE AMOUNT.




$$
