000
CDUS43 KIWX 210536
CLISBN


CLIMATE REPORT
NATIONAL WEATHER SERVICE NORTHERN INDIANA
1236 AM EST SUN JAN 21 2018


...................................

...THE SOUTH BEND CLIMATE SUMMARY FOR JANUARY 20 2018...

CLIMATE NORMAL PERIOD 1981 TO 2010
CLIMATE RECORD PERIOD 1893 TO 2018


WEATHER ITEM   OBSERVED TIME   RECORD YEAR NORMAL DEPARTURE LAST
                VALUE   (LST)  VALUE       VALUE  FROM      YEAR
                                                  NORMAL
..................................................................
TEMPERATURE (F)
 YESTERDAY
  MAXIMUM         40    502 PM  65    1907  31      9       46
  MINIMUM         30    903 AM -22    1943  17     13       37
  AVERAGE         35                        24     11       42

PRECIPITATION (IN)
  YESTERDAY        0.00          1.24 1959   0.06  -0.06     0.41
  MONTH TO DATE    1.27                      1.57  -0.30     2.92
  SINCE DEC 1      2.63                      4.18  -1.55     4.91
  SINCE JAN 1      1.27                      1.57  -0.30     2.92

SNOWFALL (IN)
  YESTERDAY        0.0           6.6  2000   0.7   -0.7      0.0
  MONTH TO DATE   19.5                      13.1    6.4      3.8
  SINCE DEC 1     51.9                      30.4   21.5     27.5
  SINCE JUL 1     51.9                      35.6   16.3     28.0
  SNOW DEPTH       1

DEGREE DAYS
 HEATING
  YESTERDAY       30                        41    -11       23
  MONTH TO DATE  939                       812    127      745
  SINCE DEC 1   2160                      1934    226     1966
  SINCE JUL 1   3343                      3203    140     2867

 COOLING
  YESTERDAY        0                         0      0        0
  MONTH TO DATE    0                         0      0        0
  SINCE DEC 1      0                         0      0        0
  SINCE JAN 1      0                         0      0        0
..................................................................


WIND (MPH)
  HIGHEST WIND SPEED    22   HIGHEST WIND DIRECTION    SW (230)
  HIGHEST GUST SPEED    27   HIGHEST GUST DIRECTION    SW (230)
  AVERAGE WIND SPEED    12.2


SKY COVER
  AVERAGE SKY COVER 0.2


WEATHER CONDITIONS
 THE FOLLOWING WEATHER WAS RECORDED YESTERDAY.
  NO SIGNIFICANT WEATHER WAS OBSERVED.


RELATIVE HUMIDITY (PERCENT)
 HIGHEST   100          1000 PM
 LOWEST     69          1200 AM
 AVERAGE    85

..........................................................


THE SOUTH BEND CLIMATE NORMALS FOR TODAY
                         NORMAL    RECORD    YEAR
 MAXIMUM TEMPERATURE (F)   31        66      1906
 MINIMUM TEMPERATURE (F)   17       -21      1984


SUNRISE AND SUNSET
JANUARY 21 2018.......SUNRISE   807 AM EST   SUNSET   547 PM EST
JANUARY 22 2018.......SUNRISE   806 AM EST   SUNSET   548 PM EST


-  INDICATES NEGATIVE NUMBERS.
R  INDICATES RECORD WAS SET OR TIED.
MM INDICATES DATA IS MISSING.
T  INDICATES TRACE AMOUNT.




$$
