000
CDUS43 KIWX 240524
CLISBN


CLIMATE REPORT
NATIONAL WEATHER SERVICE NORTHERN INDIANA
123 AM EDT SUN JUL 24 2016


...................................

...THE SOUTH BEND CLIMATE SUMMARY FOR JULY 23 2016...

CLIMATE NORMAL PERIOD 1981 TO 2010
CLIMATE RECORD PERIOD 1893 TO 2016


WEATHER ITEM   OBSERVED TIME   RECORD YEAR NORMAL DEPARTURE LAST
                VALUE   (LST)  VALUE       VALUE  FROM      YEAR
                                                  NORMAL
..................................................................
TEMPERATURE (F)
 YESTERDAY
  MAXIMUM         91    542 PM 106    1934  83      8       84
  MINIMUM         72    605 AM  45    1947  63      9       58
  AVERAGE         82                        73      9       71

PRECIPITATION (IN)
  YESTERDAY        1.03R         0.67 1959   0.14   0.89     0.00
  MONTH TO DATE    2.27                      2.95  -0.68     4.79
  SINCE JUN 1      5.52                      6.74  -1.22     8.86
  SINCE JAN 1     20.63                     20.46   0.17    21.95

SNOWFALL (IN)
  YESTERDAY        0.0           0.0  2002   0.0    0.0      0.0
                                      2001
  MONTH TO DATE    0.0                       0.0    0.0      0.0
  SINCE JUN 1      0.0                       0.0    0.0      0.0
  SINCE JUL 1      0.0                       0.0    0.0      0.0
  SNOW DEPTH       0

DEGREE DAYS
 HEATING
  YESTERDAY        0                         0      0        0
  MONTH TO DATE    8                         0      8       10
  SINCE JUN 1     43                        44     -1       29
  SINCE JUL 1      8                         0      8       10

 COOLING
  YESTERDAY       17                         8      9        6
  MONTH TO DATE  188                       184      4      121
  SINCE JUN 1    364                       349     15      278
  SINCE JAN 1    433                       405     28      364
..................................................................


WIND (MPH)
  HIGHEST WIND SPEED    26   HIGHEST WIND DIRECTION    SE (130)
  HIGHEST GUST SPEED    35   HIGHEST GUST DIRECTION    SE (130)
  AVERAGE WIND SPEED     3.9


SKY COVER
  AVERAGE SKY COVER 0.4


WEATHER CONDITIONS
 THE FOLLOWING WEATHER WAS RECORDED YESTERDAY.
  THUNDERSTORM
  HEAVY RAIN
  LIGHT RAIN
  FOG


RELATIVE HUMIDITY (PERCENT)
 HIGHEST   100           200 AM
 LOWEST     59           100 PM
 AVERAGE    80

..........................................................


THE SOUTH BEND CLIMATE NORMALS FOR TODAY
                         NORMAL    RECORD    YEAR
 MAXIMUM TEMPERATURE (F)   83       109      1934
 MINIMUM TEMPERATURE (F)   63        50      2013
                                             1953
                                             1932


SUNRISE AND SUNSET
JULY 24 2016..........SUNRISE   632 AM EDT   SUNSET   911 PM EDT
JULY 25 2016..........SUNRISE   633 AM EDT   SUNSET   910 PM EDT


-  INDICATES NEGATIVE NUMBERS.
R  INDICATES RECORD WAS SET OR TIED.
MM INDICATES DATA IS MISSING.
T  INDICATES TRACE AMOUNT.




$$
