000
CDUS43 KIWX 250527
CLISBN


CLIMATE REPORT
NATIONAL WEATHER SERVICE NORTHERN INDIANA
126 AM EDT SAT MAR 25 2017


...................................

...THE SOUTH BEND CLIMATE SUMMARY FOR MARCH 24 2017...

CLIMATE NORMAL PERIOD 1981 TO 2010
CLIMATE RECORD PERIOD 1893 TO 2017


WEATHER ITEM   OBSERVED TIME   RECORD YEAR NORMAL DEPARTURE LAST
                VALUE   (LST)  VALUE       VALUE  FROM      YEAR
                                                  NORMAL
..................................................................
TEMPERATURE (F)
 YESTERDAY
  MAXIMUM         78    340 PM  82    1907  50     28       57
  MINIMUM         45    329 AM   7    1974  31     14       31
  AVERAGE         62                        40     22       44

PRECIPITATION (IN)
  YESTERDAY        T             1.29 1947   0.08  -0.08     0.68
  MONTH TO DATE    1.54                      1.84  -0.30     2.70
  SINCE MAR 1      1.54                      1.84  -0.30     2.70
  SINCE JAN 1      8.53                      6.08   2.45     6.48

SNOWFALL (IN)
  YESTERDAY        0.0           3.6  1966   0.2   -0.2       T
  MONTH TO DATE    7.9                       6.3    1.6      6.8
  SINCE MAR 1      7.9                       6.3    1.6      6.8
  SINCE JUL 1     41.6                      64.4  -22.8     66.1
  SNOW DEPTH       0

DEGREE DAYS
 HEATING
  YESTERDAY        3                        25    -22       21
  MONTH TO DATE  726                       694     32      551
  SINCE MAR 1    726                       694     32      551
  SINCE JUL 1   4703                      5383   -680     4681

 COOLING
  YESTERDAY        0                         0      0        0
  MONTH TO DATE    0                         0      0        0
  SINCE MAR 1      0                         0      0        0
  SINCE JAN 1      0                         0      0        0
..................................................................


WIND (MPH)
  HIGHEST WIND SPEED    30   HIGHEST WIND DIRECTION    SW (220)
  HIGHEST GUST SPEED    41   HIGHEST GUST DIRECTION     W (250)
  AVERAGE WIND SPEED    14.6


SKY COVER
  AVERAGE SKY COVER 0.3


WEATHER CONDITIONS
 THE FOLLOWING WEATHER WAS RECORDED YESTERDAY.
  LIGHT RAIN


RELATIVE HUMIDITY (PERCENT)
 HIGHEST    77           700 AM
 LOWEST     38           200 PM
 AVERAGE    58

..........................................................


THE SOUTH BEND CLIMATE NORMALS FOR TODAY
                         NORMAL    RECORD    YEAR
 MAXIMUM TEMPERATURE (F)   50        84      1910
 MINIMUM TEMPERATURE (F)   31         6      1974
                                             1940


SUNRISE AND SUNSET
MARCH 25 2017.........SUNRISE   740 AM EDT   SUNSET   803 PM EDT
MARCH 26 2017.........SUNRISE   738 AM EDT   SUNSET   804 PM EDT


-  INDICATES NEGATIVE NUMBERS.
R  INDICATES RECORD WAS SET OR TIED.
MM INDICATES DATA IS MISSING.
T  INDICATES TRACE AMOUNT.




$$
