000
CDUS43 KIWX 010522
CLISBN


CLIMATE REPORT
NATIONAL WEATHER SERVICE NORTHERN INDIANA
121 AM EDT TUE SEP 1 2015


...................................

...THE SOUTH BEND CLIMATE SUMMARY FOR AUGUST 31 2015...

CLIMATE NORMAL PERIOD 1981 TO 2010
CLIMATE RECORD PERIOD 1893 TO 2015


WEATHER ITEM   OBSERVED TIME   RECORD YEAR NORMAL DEPARTURE LAST
                VALUE   (LST)  VALUE       VALUE  FROM      YEAR
                                                  NORMAL
..................................................................
TEMPERATURE (F)
 YESTERDAY
  MAXIMUM         84    523 PM  96    1953  79      5       85
  MINIMUM         60    557 AM  40    1911  60      0       68
  AVERAGE         72                        69      3       77

PRECIPITATION (IN)
  YESTERDAY        0.00          1.50 1962   0.13  -0.13     0.00
  MONTH TO DATE    2.32                      3.76  -1.44     2.20
  SINCE JUN 1     11.18                     11.55  -0.37    13.13
  SINCE JAN 1     24.27                     25.27  -1.00    28.21

SNOWFALL (IN)
  YESTERDAY        0.0           0.0  2002   0.0    0.0      0.0
                                      2001
  MONTH TO DATE    0.0                       0.0    0.0      0.0
  SINCE JUN 1      0.0                       0.0    0.0      0.0
  SINCE JUL 1      0.0                       0.0    0.0      0.0
  SNOW DEPTH       0

DEGREE DAYS
 HEATING
  YESTERDAY        0                         1     -1        0
  MONTH TO DATE   15                         8      7       10
  SINCE JUN 1     44                        62    -18       45
  SINCE JUL 1     25                        18      7       28

 COOLING
  YESTERDAY        7                         5      2       12
  MONTH TO DATE  194                       208    -14      252
  SINCE JUN 1    559                       626    -67      608
  SINCE JAN 1    645                       682    -37      693
..................................................................


WIND (MPH)
  HIGHEST WIND SPEED    12   HIGHEST WIND DIRECTION     W (260)
  HIGHEST GUST SPEED    15   HIGHEST GUST DIRECTION     W (250)
  AVERAGE WIND SPEED     3.0


SKY COVER
  AVERAGE SKY COVER 0.3


WEATHER CONDITIONS
 THE FOLLOWING WEATHER WAS RECORDED YESTERDAY.
  FOG
  FOG W/VISIBILITY <= 1/4 MILE
  HAZE


RELATIVE HUMIDITY (PERCENT)
 HIGHEST   100           100 AM
 LOWEST     55           300 PM
 AVERAGE    78

..........................................................


THE SOUTH BEND CLIMATE NORMALS FOR TODAY
                         NORMAL    RECORD    YEAR
 MAXIMUM TEMPERATURE (F)   79        99      1953
 MINIMUM TEMPERATURE (F)   59        41      1909


SUNRISE AND SUNSET
SEPTEMBER  1 2015.....SUNRISE   711 AM EDT   SUNSET   819 PM EDT
SEPTEMBER  2 2015.....SUNRISE   712 AM EDT   SUNSET   817 PM EDT


-  INDICATES NEGATIVE NUMBERS.
R  INDICATES RECORD WAS SET OR TIED.
MM INDICATES DATA IS MISSING.
T  INDICATES TRACE AMOUNT.




$$
