000
CDUS43 KIWX 300522
CLISBN


CLIMATE REPORT
NATIONAL WEATHER SERVICE NORTHERN INDIANA
122 AM EDT SAT MAY 30 2015


...................................

...THE SOUTH BEND CLIMATE SUMMARY FOR MAY 29 2015...

CLIMATE NORMAL PERIOD 1981 TO 2010
CLIMATE RECORD PERIOD 1893 TO 2015


WEATHER ITEM   OBSERVED TIME   RECORD YEAR NORMAL DEPARTURE LAST
                VALUE   (LST)  VALUE       VALUE  FROM      YEAR
                                                  NORMAL
..................................................................
TEMPERATURE (F)
 YESTERDAY
  MAXIMUM         85    513 PM  95    1942  74     11       82
  MINIMUM         64    534 AM  31    1897  53     11       62
  AVERAGE         75                        63     12       72

PRECIPITATION (IN)
  YESTERDAY        0.08          2.17 1981   0.14  -0.06     0.00
  MONTH TO DATE    3.55                      3.56  -0.01     5.10
  SINCE MAR 1      6.73                      9.21  -2.48     9.14
  SINCE JAN 1     10.63                     13.45  -2.82    15.08

SNOWFALL (IN)
  YESTERDAY        0.0           0.0  2002   0.0    0.0      0.0
                                      2001
  MONTH TO DATE    0.0                       0.0    0.0      0.0
  SINCE MAR 1      6.1                       8.5   -2.4     12.9
  SINCE JUL 1     83.9                      66.6   17.3    106.9
  SNOW DEPTH       0

DEGREE DAYS
 HEATING
  YESTERDAY        0                         4     -4        0
  MONTH TO DATE  121                       216    -95      208
  SINCE MAR 1   1496                      1558    -62     1753
  SINCE JUL 1   6593                      6247    346     6936

 COOLING
  YESTERDAY       10                         3      7        7
  MONTH TO DATE   84                        41     43       69
  SINCE MAR 1     86                        51     35       71
  SINCE JAN 1     86                        51     35       71
..................................................................


WIND (MPH)
  HIGHEST WIND SPEED    24   HIGHEST WIND DIRECTION    SW (230)
  HIGHEST GUST SPEED    33   HIGHEST GUST DIRECTION    SW (220)
  AVERAGE WIND SPEED    11.1


SKY COVER
  AVERAGE SKY COVER 0.3


WEATHER CONDITIONS
 THE FOLLOWING WEATHER WAS RECORDED YESTERDAY.
  LIGHT RAIN
  FOG


RELATIVE HUMIDITY (PERCENT)
 HIGHEST    87           500 AM
 LOWEST     47           600 PM
 AVERAGE    67

..........................................................


THE SOUTH BEND CLIMATE NORMALS FOR TODAY
                         NORMAL    RECORD    YEAR
 MAXIMUM TEMPERATURE (F)   74        94      1942
                                             1895
 MINIMUM TEMPERATURE (F)   53        34      1930


SUNRISE AND SUNSET
MAY 30 2015...........SUNRISE   614 AM EDT   SUNSET   912 PM EDT
MAY 31 2015...........SUNRISE   614 AM EDT   SUNSET   912 PM EDT


-  INDICATES NEGATIVE NUMBERS.
R  INDICATES RECORD WAS SET OR TIED.
MM INDICATES DATA IS MISSING.
T  INDICATES TRACE AMOUNT.




$$
