000
CDUS43 KIWX 210525
CLISBN


CLIMATE REPORT
NATIONAL WEATHER SERVICE NORTHERN INDIANA
124 AM EDT THU AUG 21 2014


...................................

...THE SOUTH BEND CLIMATE SUMMARY FOR AUGUST 20 2014...

CLIMATE NORMAL PERIOD 1981 TO 2010
CLIMATE RECORD PERIOD 1893 TO 2014


WEATHER ITEM   OBSERVED TIME   RECORD YEAR NORMAL DEPARTURE LAST
                VALUE   (LST)  VALUE       VALUE  FROM      YEAR
                                                  NORMAL
..................................................................
TEMPERATURE (F)
 YESTERDAY
  MAXIMUM         86    449 PM  98    1947  81      5       85
                                      1916
  MINIMUM         65    641 AM  44    1908  62      3       64
                                      1897
  AVERAGE         76                        71      5       75

PRECIPITATION (IN)
  YESTERDAY        0.00          1.43 2007   0.12  -0.12     0.00
  MONTH TO DATE    1.23                      2.47  -1.24     2.64
  SINCE JUN 1     12.16                     10.26   1.90     9.23
  SINCE JAN 1     27.24                     23.98   3.26    26.53

DEGREE DAYS
 HEATING
  YESTERDAY        0                         0      0        0
  MONTH TO DATE   10                         0     10       15
  SINCE JUN 1     45                        49     -4       66
  SINCE JUL 1     28                         5     23       29

 COOLING
  YESTERDAY       11                         7      4       10
  MONTH TO DATE  133                       142     -9       77
  SINCE JUN 1    489                       560    -71      471
  SINCE JAN 1    574                       616    -42      567
..................................................................


WIND (MPH)
  HIGHEST WIND SPEED    13   HIGHEST WIND DIRECTION     W (270)
  HIGHEST GUST SPEED    17   HIGHEST GUST DIRECTION    NW (300)
  AVERAGE WIND SPEED     5.5


SKY COVER
  AVERAGE SKY COVER 0.3


WEATHER CONDITIONS
 THE FOLLOWING WEATHER WAS RECORDED YESTERDAY.
  THUNDERSTORM
  FOG


RELATIVE HUMIDITY (PERCENT)
 HIGHEST    93           400 AM
 LOWEST     48           500 PM
 AVERAGE    71

..........................................................


THE SOUTH BEND CLIMATE NORMALS FOR TODAY
                         NORMAL    RECORD    YEAR
 MAXIMUM TEMPERATURE (F)   81       100      1916
 MINIMUM TEMPERATURE (F)   62        43      1950
                                             1940


SUNRISE AND SUNSET
AUGUST 21 2014........SUNRISE   700 AM EDT   SUNSET   836 PM EDT
AUGUST 22 2014........SUNRISE   701 AM EDT   SUNSET   835 PM EDT


-  INDICATES NEGATIVE NUMBERS.
R  INDICATES RECORD WAS SET OR TIED.
MM INDICATES DATA IS MISSING.
T  INDICATES TRACE AMOUNT.




$$
