000
CDUS43 KIWX 260526
CLISBN


CLIMATE REPORT
NATIONAL WEATHER SERVICE NORTHERN INDIANA
1226 AM EST FRI DEC 26 2014


...................................

...THE SOUTH BEND CLIMATE SUMMARY FOR DECEMBER 25 2014...

CLIMATE NORMAL PERIOD 1981 TO 2010
CLIMATE RECORD PERIOD 1893 TO 2014


WEATHER ITEM   OBSERVED TIME   RECORD YEAR NORMAL DEPARTURE LAST
                VALUE   (LST)  VALUE       VALUE  FROM      YEAR
                                                  NORMAL
..................................................................
TEMPERATURE (F)
 YESTERDAY
  MAXIMUM         40    421 PM  65    1982  33      7       27
  MINIMUM         35    617 PM -13    1924  20     15       17
  AVERAGE         38                        26     12       22

PRECIPITATION (IN)
  YESTERDAY        0.00          0.69 1982   0.08  -0.08     0.09
  MONTH TO DATE    1.42                      2.13  -0.71     2.10
  SINCE DEC 1      1.42                      2.13  -0.71     2.10
  SINCE JAN 1     41.39                     37.52   3.87    40.12

SNOWFALL (IN)
  YESTERDAY        0.0           5.3  1995   0.6   -0.6     MM
  MONTH TO DATE    T                        13.4  -13.4      6.7
  SINCE DEC 1      T                        13.4  -13.4      6.7
  SINCE JUL 1     19.3                      18.6    0.7     15.9
  SNOW DEPTH       0

DEGREE DAYS
 HEATING
  YESTERDAY       27                        39    -12       43
  MONTH TO DATE  763                       886   -123      972
  SINCE DEC 1    763                       886   -123      972
  SINCE JUL 1   2205                      2155     50     2261

 COOLING
  YESTERDAY        0                         0      0        0
  MONTH TO DATE    0                         0      0        0
  SINCE DEC 1      0                         0      0        0
  SINCE JAN 1    771                       773     -2      828
..................................................................


WIND (MPH)
  HIGHEST WIND SPEED    23   HIGHEST WIND DIRECTION     W (250)
  HIGHEST GUST SPEED    30   HIGHEST GUST DIRECTION    SW (240)
  AVERAGE WIND SPEED    13.1


SKY COVER
  AVERAGE SKY COVER 0.7


WEATHER CONDITIONS
 THE FOLLOWING WEATHER WAS RECORDED YESTERDAY.
  NO SIGNIFICANT WEATHER WAS OBSERVED.


RELATIVE HUMIDITY (PERCENT)
 HIGHEST    85          1200 AM
 LOWEST     64           300 PM
 AVERAGE    75

..........................................................


THE SOUTH BEND CLIMATE NORMALS FOR TODAY
                         NORMAL    RECORD    YEAR
 MAXIMUM TEMPERATURE (F)   33        55      1959
 MINIMUM TEMPERATURE (F)   20       -10      1983


SUNRISE AND SUNSET
DECEMBER 26 2014......SUNRISE   811 AM EST   SUNSET   521 PM EST
DECEMBER 27 2014......SUNRISE   811 AM EST   SUNSET   521 PM EST


-  INDICATES NEGATIVE NUMBERS.
R  INDICATES RECORD WAS SET OR TIED.
MM INDICATES DATA IS MISSING.
T  INDICATES TRACE AMOUNT.




$$
