000
CDUS43 KIWX 160020
CLISBN


CLIMATE REPORT
NATIONAL WEATHER SERVICE NORTHERN INDIANA
720 PM EST SAT NOV 15 2014


...................................

...THE SOUTH BEND CLIMATE SUMMARY FOR NOVEMBER 15 2014...
VALID AS OF 0700 PM LOCAL TIME.

CLIMATE NORMAL PERIOD 1981 TO 2010
CLIMATE RECORD PERIOD 1893 TO 2014


WEATHER ITEM   OBSERVED TIME   RECORD YEAR NORMAL DEPARTURE LAST
                VALUE   (LST)  VALUE       VALUE  FROM      YEAR
                                                  NORMAL
..................................................................
TEMPERATURE (F)
 TODAY
  MAXIMUM         30    337 PM  70    1990  49    -19       50
                                      1953
  MINIMUM         10    421 AM   8    1940  34    -24       39
  AVERAGE         20                        41    -21       45

PRECIPITATION (IN)
  TODAY            0.00          1.31 1958   0.11  -0.11      T
  MONTH TO DATE    1.23                      1.62  -0.39     1.18
  SINCE SEP 1      9.62                      8.47   1.15     9.65
  SINCE JAN 1     37.83                     33.74   4.09    36.57

SNOWFALL (IN)
  TODAY            0.0           3.3  1997   0.1   -0.1      0.0
  MONTH TO DATE   13.4                       1.5   11.9      1.8
  SINCE SEP 1     13.6                       1.9   11.7      2.1
  SINCE JUL 1     13.6                       1.9   11.7      2.1
  SNOW DEPTH       5

DEGREE DAYS
 HEATING
  TODAY           45                        24     21       20
  MONTH TO DATE  391                       314     77      341
  SINCE SEP 1    896                       837     59      811
  SINCE JUL 1    924                       855     69      840

 COOLING
  TODAY            0                         0      0        0
  MONTH TO DATE    0                         0      0        0
  SINCE SEP 1     78                        91    -13      148
  SINCE JAN 1    771                       773     -2      828
..................................................................


WIND (MPH)
  RESULTANT WIND SPEED   6   RESULTANT WIND DIRECTION  SW (220)
  HIGHEST WIND SPEED    13   HIGHEST WIND DIRECTION    SW (240)
  HIGHEST GUST SPEED    15   HIGHEST GUST DIRECTION     S (200)
  AVERAGE WIND SPEED     5.9


SKY COVER
  POSSIBLE SUNSHINE  MM
  AVERAGE SKY COVER 0.1


WEATHER CONDITIONS
 THE FOLLOWING WEATHER WAS RECORDED TODAY.
  NO SIGNIFICANT WEATHER WAS OBSERVED.


RELATIVE HUMIDITY (PERCENT)
 HIGHEST    88           500 AM
 LOWEST     53           100 PM
 AVERAGE    71

..........................................................


THE SOUTH BEND CLIMATE NORMALS FOR TOMORROW
                         NORMAL    RECORD    YEAR
 MAXIMUM TEMPERATURE (F)   48        71      1953
 MINIMUM TEMPERATURE (F)   33         9      1900


SUNRISE AND SUNSET
NOVEMBER 15 2014......SUNRISE   734 AM EST   SUNSET   525 PM EST
NOVEMBER 16 2014......SUNRISE   736 AM EST   SUNSET   524 PM EST


-  INDICATES NEGATIVE NUMBERS.
R  INDICATES RECORD WAS SET OR TIED.
MM INDICATES DATA IS MISSING.
T  INDICATES TRACE AMOUNT.




$$
