811
CDUS43 KIWX 190532
CLISBN


CLIMATE REPORT
NATIONAL WEATHER SERVICE NORTHERN INDIANA
128 AM EDT WED JUL 19 2017


...................................

...THE SOUTH BEND CLIMATE SUMMARY FOR JULY 18 2017...

CLIMATE NORMAL PERIOD 1981 TO 2010
CLIMATE RECORD PERIOD 1893 TO 2017


WEATHER ITEM   OBSERVED TIME   RECORD YEAR NORMAL DEPARTURE LAST
                VALUE   (LST)  VALUE       VALUE  FROM      YEAR
                                                  NORMAL
..................................................................
TEMPERATURE (F)
 YESTERDAY
  MAXIMUM         86    333 PM 100    1930  83      3       83
  MINIMUM         59    554 AM  49    1937  63     -4       64
                                      1925
  AVERAGE         73                        73      0       74

PRECIPITATION (IN)
  YESTERDAY        0.00          3.01 1996   0.13  -0.13     0.07
  MONTH TO DATE    1.91                      2.27  -0.36     0.91
  SINCE JUN 1      4.33                      6.06  -1.73     4.16
  SINCE JAN 1     23.56                     19.78   3.78    19.27

DEGREE DAYS
 HEATING
  YESTERDAY        0                         0      0        0
  MONTH TO DATE    1                         0      1        8
  SINCE JUN 1     26                        44    -18       43
  SINCE JUL 1      1                         0      1        8

 COOLING
  YESTERDAY        8                         8      0        9
  MONTH TO DATE  117                       144    -27      123
  SINCE JUN 1    290                       309    -19      299
  SINCE JAN 1    330                       365    -35      368
..................................................................


WIND (MPH)
  HIGHEST WIND SPEED    13   HIGHEST WIND DIRECTION     W (250)
  HIGHEST GUST SPEED    16   HIGHEST GUST DIRECTION    SW (240)
  AVERAGE WIND SPEED     2.8


SKY COVER
  AVERAGE SKY COVER 0.0


WEATHER CONDITIONS
 THE FOLLOWING WEATHER WAS RECORDED YESTERDAY.
  FOG


RELATIVE HUMIDITY (PERCENT)
 HIGHEST   100           200 AM
 LOWEST     48           600 PM
 AVERAGE    74

..........................................................


THE SOUTH BEND CLIMATE NORMALS FOR TODAY
                         NORMAL    RECORD    YEAR
 MAXIMUM TEMPERATURE (F)   83       104      1930
 MINIMUM TEMPERATURE (F)   63        46      1909


SUNRISE AND SUNSET
JULY 19 2017..........SUNRISE   628 AM EDT   SUNSET   915 PM EDT
JULY 20 2017..........SUNRISE   628 AM EDT   SUNSET   914 PM EDT


-  INDICATES NEGATIVE NUMBERS.
R  INDICATES RECORD WAS SET OR TIED.
MM INDICATES DATA IS MISSING.
T  INDICATES TRACE AMOUNT.




$$
